009
CXUS51 KGYX 220900
CF6CON
PRELIMINARY LOCAL CLIMATOLOGICAL DATA (WS FORM: F-6)

                                          STATION:   CONCORD NH
                                          MONTH:     MARCH
                                          YEAR:      2019
                                          LATITUDE:   43 12 N
                                          LONGITUDE:  71 30 W

  TEMPERATURE IN F:       :PCPN:    SNOW:  WIND      :SUNSHINE: SKY     :PK WND
================================================================================
1   2   3   4   5  6A  6B    7    8   9   10  11  12  13   14  15   16   17  18
                                     12Z  AVG MX 2MIN
DY MAX MIN AVG DEP HDD CDD  WTR  SNW DPTH SPD SPD DIR MIN PSBL S-S WX    SPD DR
================================================================================

 1  37   1  19  -9  46   0 0.00  0.0    9  1.4  9 150   M    M   1        11 160
 2  33  18  26  -2  39   0 0.00  0.0    9  2.5 14  30   M    M   8        17  40
 3  40  19  30   1  35   0 0.10  1.4    9  3.3 13 320   M    M   7 1      17 300
 4  36  19  28  -1  37   0 0.32  4.4   15  9.1 24 290   M    M   9 1      35 280
 5  28   5  17 -12  48   0 0.00  0.0   11  5.4 15 240   M    M   1        19 230
 6  21   0  11 -19  54   0 0.00  0.0   11  8.9 26 300   M    M   2        33 300
 7  24  -8   8 -22  57   0    T    T   11  6.9 23 290   M    M   4 1      33 290
 8  34  -1  17 -13  48   0 0.00  0.0   11  4.3 15 220   M    M   0        19 240
 9  42   7  25  -6  40   0 0.00  0.0   11  3.3 14 300   M    M   0        18 320
10  34  26  30  -1  35   0 0.53  3.1   10  6.9 15 300   M    M   8 12     20 120
11  42  30  36   5  29   0 0.00  0.0   12 10.4 24 260   M    M   8 1      37 270
12  39  25  32   0  33   0    T    T   11 13.2 30 320   M    M   2        41 290
13  40  15  28  -4  37   0 0.01    T   11  2.9 16 220   M    M   3 1      22 220
14  46  32  39   7  26   0 0.00  0.0   10  3.2 12 160   M    M   8        15 150
15  61  36  49  16  16   0 0.09  0.0    9  4.8 16 210   M    M   6 13     21 200
16  47  32  40   7  25   0 0.00  0.0    7 14.5 30 280   M    M   5 1      41 300
17  35  25  30  -3  35   0    T    T    6 11.4 21 300   M    M   6        31 310
18  38  17  28  -6  37   0 0.00  0.0    5  6.5 20 300   M    M   1        27 290
19  41  19  30  -4  35   0 0.00  0.0    5  4.2 17 280   M    M   3        22 310
20  50  15  33  -1  32   0 0.00  0.0    5  2.1 10 200   M    M   1         M  M
21  49  27  38   3  27   0 0.00  0.0    5  7.0 20 180   M    M   6        24 180
================================================================================
SM  817  359       771   0  1.05     8.9 132.2          M       89
================================================================================
AV 38.9 17.1                               6.3 FASTST   M    M   4    MAX(MPH)
                                 MISC ---->  # 30 320               # 41  290
================================================================================
NOTES:
# LAST OF SEVERAL OCCURRENCES

COLUMN 17 PEAK WIND IN M.P.H.

PRELIMINARY LOCAL CLIMATOLOGICAL DATA (WS FORM: F-6) , PAGE 2

                                          STATION:  CONCORD NH
                                          MONTH:    MARCH
                                          YEAR:     2019
                                          LATITUDE:   43 12 N
                                          LONGITUDE:  71 30 W

[TEMPERATURE DATA]      [PRECIPITATION DATA]       SYMBOLS USED IN COLUMN 16

AVERAGE MONTHLY: 28.0   TOTAL FOR MONTH:   1.05    1 = FOG OR MIST
DPTR FM NORMAL:  -3.3   DPTR FM NORMAL:   -1.10    2 = FOG REDUCING VISIBILITY
HIGHEST:    61 ON 15    GRTST 24HR  0.53 ON 10-10      TO 1/4 MILE OR LESS
LOWEST:     -8 ON  7                               3 = THUNDER
                        SNOW, ICE PELLETS, HAIL    4 = ICE PELLETS
                        TOTAL MONTH:   8.9 INCHES  5 = HAIL
                        GRTST 24HR   4.4 ON  4- 4  6 = FREEZING RAIN OR DRIZZLE
                        GRTST DEPTH:  15 ON  4     7 = DUSTSTORM OR SANDSTORM:
                                                       VSBY 1/2 MILE OR LESS
                                                   8 = SMOKE OR HAZE
[NO. OF DAYS WITH]      [WEATHER - DAYS WITH]      9 = BLOWING SNOW
                                                   X = TORNADO
MAX 32 OR BELOW:   3    0.01 INCH OR MORE:   5
MAX 90 OR ABOVE:   0    0.10 INCH OR MORE:   3
MIN 32 OR BELOW:  20    0.50 INCH OR MORE:   1
MIN  0 OR BELOW:   3    1.00 INCH OR MORE:   0

[HDD (BASE 65) ]
TOTAL THIS MO.   771    CLEAR  (SCALE 0-3)   9
DPTR FM NORMAL    64    PTCLDY (SCALE 4-7)  10
TOTAL FM JUL 1  5979    CLOUDY (SCALE 8-10)  2
DPTR FM NORMAL    12

[CDD (BASE 65) ]
TOTAL THIS MO.     0
DPTR FM NORMAL     0    [PRESSURE DATA]
TOTAL FM JAN 1     0    HIGHEST SLP M ON M
DPTR FM NORMAL     0    LOWEST  SLP 29.60 ON 15

[REMARKS]
