000
CXUS55 KPIH 231200
CF6RXE

PRELIMINARY LOCAL CLIMATOLOGICAL DATA (WS FORM: F-6)

                                          STATION:   REXBURG ID
                                          MONTH:     JULY
                                          YEAR:      2019
                                          LATITUDE:   43 49 N
                                          LONGITUDE: 111 48 W

  TEMPERATURE IN F:       :PCPN:    SNOW:  WIND      :SUNSHINE: SKY     :PK WND
================================================================================
1   2   3   4   5  6A  6B    7    8   9   10  11  12  13   14  15   16   17  18
                                     12Z  AVG MX 2MIN
DY MAX MIN AVG DEP HDD CDD  WTR  SNW DPTH SPD SPD DIR MIN PSBL S-S WX    SPD DR
================================================================================

 1  86  53  70   6   0   5 0.00    M    M  8.1 20 200   M    M   0        27 200
 2  83  53  68   4   0   3 0.01    M    M  8.1 17 200   M    M   1        24 230
 3  78  54  66   2   0   1 0.08    M    M  9.5 29 240   M    M   3        46 230
 4  77  47  62  -2   3   0    T    M    M  6.6 16 270   M    M   1        23 150
 5  77  49  63  -2   2   0 0.01    M    M  3.4 12 160   M    M   2        15 160
 6  87  49  68   3   0   3 0.00    M    M  5.8 22 220   M    M   0        29 210
 7  82  53  68   3   0   3 0.00    M    M  8.3 17 220   M    M   0        24 240
 8  75  52  64  -1   1   0    T    M    M  7.7 18 220   M    M   4 3      26 220
 9  77  49  63  -3   2   0    T    M    M  5.2 14 240   M    M   1        20  20
10  88  50  69   3   0   4 0.00    M    M  6.1 13 180   M    M   0        17 150
11  93  55  74   8   0   9 0.00    M    M  7.6 18 190   M    M   0        26 210
12  93  56  75   9   0  10    T    M    M  7.0 16 220   M    M   0        22 190
13  92  54  73   6   0   8    T    M    M  8.9 26 160   M    M   1 3      42 140
14  92  55  74   7   0   9 0.00    M    M  7.9 18 180   M    M   0        26 160
15  88  54  71   4   0   6 0.00    M    M  7.1 17 210   M    M   0        23 200
16  85  53  69   2   0   4    T    M    M  8.6 21 220   M    M   1        29 200
17  83  52  68   0   0   3 0.00    M    M  8.9 22 200   M    M   0        29 210
18  84  58  71   3   0   6 0.00    M    M 14.5 30 210   M    M   1        42 200
19  82  58  70   2   0   5 0.00    M    M 14.6 29 200   M    M   1        39 200
20  84  47  66  -2   0   1 0.00    M    M  7.5 18 200   M    M   0        24 210
21  89  50  70   2   0   5 0.00    M    M  5.5 10  70   M    M   0        14  70
22  96  56  76   8   0  11 0.00    M    M  6.8 14  60   M    M   0        20  50
================================================================================
SM 1871 1157         8  96  0.10    M    173.7          M       16
================================================================================
AV 85.1 52.6                               7.9 FASTST   M    M   1    MAX(MPH)
                                 MISC ---->  # 30 210               # 46  230
================================================================================
NOTES:
# LAST OF SEVERAL OCCURRENCES
PRECIPITATION SUSPECT DURING FREEZING/FROZEN EVENTS

COLUMN 17 PEAK WIND IN M.P.H.

PRELIMINARY LOCAL CLIMATOLOGICAL DATA (WS FORM: F-6) , PAGE 2

                                          STATION:  REXBURG ID
                                          MONTH:    JULY
                                          YEAR:     2019
                                          LATITUDE:   43 49 N
                                          LONGITUDE: 111 48 W

[TEMPERATURE DATA]      [PRECIPITATION DATA]       SYMBOLS USED IN COLUMN 16

AVERAGE MONTHLY: 68.8   TOTAL FOR MONTH:   0.10    1 = FOG OR MIST
DPTR FM NORMAL:   2.6   DPTR FM NORMAL:   -0.44    2 = FOG REDUCING VISIBILITY
HIGHEST:    96 ON 22    GRTST 24HR  0.08 ON  3- 3      TO 1/4 MILE OR LESS
LOWEST:     47 ON 20, 4                            3 = THUNDER
                        SNOW, ICE PELLETS, HAIL    4 = ICE PELLETS
                        TOTAL MONTH:    M          5 = HAIL
                        GRTST 24HR    M  ON   M    6 = FREEZING RAIN OR DRIZZLE
                        GRTST DEPTH:  M  ON   M    7 = DUSTSTORM OR SANDSTORM:
                                                       VSBY 1/2 MILE OR LESS
                                                   8 = SMOKE OR HAZE
[NO. OF DAYS WITH]      [WEATHER - DAYS WITH]      9 = BLOWING SNOW
                                                   X = TORNADO
MAX 32 OR BELOW:   0    0.01 INCH OR MORE:   3
MAX 90 OR ABOVE:   5    0.10 INCH OR MORE:   0
MIN 32 OR BELOW:   0    0.50 INCH OR MORE:   0
MIN  0 OR BELOW:   0    1.00 INCH OR MORE:   0

[HDD (BASE 65) ]
TOTAL THIS MO.     8    CLEAR  (SCALE 0-3)  21
DPTR FM NORMAL   -19    PTCLDY (SCALE 4-7)   1
TOTAL FM JUL 1     8    CLOUDY (SCALE 8-10)  0
DPTR FM NORMAL   -19

[CDD (BASE 65) ]
TOTAL THIS MO.    96
DPTR FM NORMAL    43    [PRESSURE DATA]
TOTAL FM JAN 1   105    HIGHEST SLP M ON M
DPTR FM NORMAL    30    LOWEST  SLP 29.71 ON  2

[REMARKS]
