561
CXUS55 KPIH 261200
CF6RXE

PRELIMINARY LOCAL CLIMATOLOGICAL DATA (WS FORM: F-6)

                                          STATION:   REXBURG ID
                                          MONTH:     MARCH
                                          YEAR:      2019
                                          LATITUDE:   43 49 N
                                          LONGITUDE: 111 48 W

  TEMPERATURE IN F:       :PCPN:    SNOW:  WIND      :SUNSHINE: SKY     :PK WND
================================================================================
1   2   3   4   5  6A  6B    7    8   9   10  11  12  13   14  15   16   17  18
                                     12Z  AVG MX 2MIN
DY MAX MIN AVG DEP HDD CDD  WTR  SNW DPTH SPD SPD DIR MIN PSBL S-S WX    SPD DR
================================================================================

 1  33  15  24  -3  41   0    T    M    M  6.7 16 240   M    M   3        26 300
 2  30   8  19  -9  46   0 0.00    M    M  5.4 13  60   M    M   0        16  60
 3  27   7  17 -11  48   0 0.00    M    M  8.1 16  50   M    M   2        20  60
 4  28   5  17 -12  48   0 0.00    M    M  5.4 13  50   M    M   2        17  60
 5  35   6  21  -8  44   0 0.03    M    M  5.6 12  40   M    M   5 1      14  40
 6  41  31  36   6  29   0 0.17    M    M  5.3 13 200   M    M  10 1      17 190
 7  42  34  38   8  27   0 0.02    M    M 11.5 23 210   M    M   7 1      32 230
 8  39  27  33   2  32   0 0.20    M    M  4.6 12 230   M    M  10 1      14 230
 9  32  11  22  -9  43   0 0.02    M    M  9.0 18 230   M    M   5 1      24 210
10  36   8  22 -10  43   0 0.00    M    M  5.6  8  60   M    M   1        12  40
11  37   8  23  -9  42   0 0.00    M    M  5.9  9  30   M    M   0        12  50
12  40  11  26  -7  39   0 0.00    M    M  5.8 12  70   M    M   1        14  60
13  37  25  31  -2  34   0 0.00    M    M  7.8 17 210   M    M   9        22 220
14  37  17  27  -7  38   0 0.00    M    M  5.5 15 260   M    M   2        18 260
15  40  16  28  -6  37   0 0.00    M    M  4.8 12 250   M    M   2        15 200
16  42  15  29  -5  36   0 0.00    M    M  4.3  8  60   M    M   0        10  40
17  44  17  31  -4  34   0 0.00    M    M  4.6  9  40   M    M   0        11  10
18  49  20  35   0  30   0 0.00    M    M  4.2  8  20   M    M   0        12 350
19  52  21  37   1  28   0 0.00    M    M  4.4 12  30   M    M   0        14  30
20  51  20  36   0  29   0 0.00    M    M  5.2 12  30   M    M   0        14  10
21  58  24  41   4  24   0 0.00    M    M  3.5 12 230   M    M   0        14 230
22  46  31  39   2  26   0 0.01    M    M  4.0 20 240   M    M   8        23 230
23  47  31  39   2  26   0    T    M    M  3.6  9 180   M    M   8 1      13 160
24  47  28  38   0  27   0 0.03    M    M  8.5 20 220   M    M   6        25 210
25  52  31  42   4  23   0    T    M    M  5.9 14 200   M    M   5        20 190
================================================================================
SM 1022  467       874   0  0.48    M    145.2          M       86
================================================================================
AV 40.9 18.7                               5.8 FASTST   M    M   3    MAX(MPH)
                                 MISC ---->  # 23 210               # 32  230
================================================================================
NOTES:
# LAST OF SEVERAL OCCURRENCES
PRECIPITATION SUSPECT DURING FREEZING/FROZEN EVENTS

COLUMN 17 PEAK WIND IN M.P.H.

PRELIMINARY LOCAL CLIMATOLOGICAL DATA (WS FORM: F-6) , PAGE 2

                                          STATION:  REXBURG ID
                                          MONTH:    MARCH
                                          YEAR:     2019
                                          LATITUDE:   43 49 N
                                          LONGITUDE: 111 48 W

[TEMPERATURE DATA]      [PRECIPITATION DATA]       SYMBOLS USED IN COLUMN 16

AVERAGE MONTHLY: 29.8   TOTAL FOR MONTH:   0.48    1 = FOG OR MIST
DPTR FM NORMAL:  -3.2   DPTR FM NORMAL:   -0.30    2 = FOG REDUCING VISIBILITY
HIGHEST:    58 ON 21    GRTST 24HR  0.20 ON  8- 8      TO 1/4 MILE OR LESS
LOWEST:      5 ON  4                               3 = THUNDER
                        SNOW, ICE PELLETS, HAIL    4 = ICE PELLETS
                        TOTAL MONTH:    M          5 = HAIL
                        GRTST 24HR    M  ON   M    6 = FREEZING RAIN OR DRIZZLE
                        GRTST DEPTH:  M  ON   M    7 = DUSTSTORM OR SANDSTORM:
                                                       VSBY 1/2 MILE OR LESS
                                                   8 = SMOKE OR HAZE
[NO. OF DAYS WITH]      [WEATHER - DAYS WITH]      9 = BLOWING SNOW
                                                   X = TORNADO
MAX 32 OR BELOW:   4    0.01 INCH OR MORE:   7
MAX 90 OR ABOVE:   0    0.10 INCH OR MORE:   2
MIN 32 OR BELOW:  24    0.50 INCH OR MORE:   0
MIN  0 OR BELOW:   0    1.00 INCH OR MORE:   0

[HDD (BASE 65) ]
TOTAL THIS MO.   874    CLEAR  (SCALE 0-3)  15
DPTR FM NORMAL    73    PTCLDY (SCALE 4-7)   6
TOTAL FM JUL 1  6607    CLOUDY (SCALE 8-10)  4
DPTR FM NORMAL  -167

[CDD (BASE 65) ]
TOTAL THIS MO.     0
DPTR FM NORMAL     0    [PRESSURE DATA]
TOTAL FM JAN 1     0    HIGHEST SLP M ON M
DPTR FM NORMAL     0    LOWEST  SLP 29.57 ON 12

[REMARKS]
