000
CXUS55 KCYS 242221
CF6BFF
PRELIMINARY LOCAL CLIMATOLOGICAL DATA (WS FORM: F-6)

                                          STATION:   SCOTTSBLUFF NE AIRPORT
                                          MONTH:     FEBRUARY
                                          YEAR:      2021
                                          LATITUDE:   41 52 N
                                          LONGITUDE: 103 36 W

  TEMPERATURE IN F:       :PCPN:    SNOW:  WIND      :SUNSHINE: SKY     :PK WND
================================================================================
1   2   3   4   5  6A  6B    7    8   9   10  11  12  13   14  15   16   17  18
                                     12Z  AVG MX 2MIN
DY MAX MIN AVG DEP HDD CDD  WTR  SNW DPTH SPD SPD DIR MIN PSBL S-S WX    SPD DR
================================================================================

 1  61  13  37   9  28   0 0.00  0.0    0  4.2 17 270   M    M   0        25 270
 2  65  18  42  14  23   0 0.00  0.0    0  7.7 26 280   M    M   0        40 250
 3  67  24  46  18  19   0 0.01  0.1    0  9.5 32 300   M    M   4        45 290
 4  42  16  29   1  36   0 0.00  0.0    0 10.9 29 320   M    M   4        39 310
 5  43  22  33   5  32   0    T    T    0  8.3 16 290   M    M   7 1      23 290
 6  31  11  21  -8  44   0 0.09  1.9    1 16.0 25  50   M    M  10 189    33  50
 7  18  -6   6 -23  59   0 0.12  1.6    4  9.1 21 100   M    M   9 18     25  90
 8  14  -6   4 -25  61   0    T    T    4  7.8 14 110   M    M   4 8      17  90
 9  13   4   9 -20  56   0    T    T    4 11.2 20  90   M    M  10 18     24 100
10  12   5   9 -20  56   0    T    T    4 13.3 23 110   M    M  10 18     29 110
11   9  -6   2 -27  63   0    T    T    4 12.7 23  20   M    M  10 18     29  30
12  -2  -7  -4 -34  69   0 0.36  9.2    6  9.3 15 120   M    M  10 8      20 100
13   0  -5  -2 -32  67   0 0.14  2.8   14  5.8 12  80   M    M  10 8      15  70
14  -2 -20 -11 -41  76   0 0.07  2.4   16  7.4 13 100   M    M   4 8      14 100
15   7 -20  -6 -36  71   0 0.00  0.0   11 16.3 22 110   M    M   5        26 100
16  18  -3   8 -22  57   0 0.00  0.0   10  5.4 18 110   M    M   5 8      23 110
17  27  -1  13 -18  52   0 0.00  0.0    9  4.6 13 310   M    M   4 128    15 300
18  20  -1  10 -21  55   0 0.01  0.1    8  4.2  9  20   M    M   7 128    12 330
19  39 -10  15 -16  50   0    T  0.0    7  6.0 22 300   M    M   3 18     31 310
20  38   6  22  -9  43   0    T    T    5  5.5 14 300   M    M   4        18 300
21  38  22  30  -2  35   0 0.00  0.0    4 13.3 24 280   M    M   3        38 280
22  48  32  40   8  25   0 0.00  0.0    2 19.2 36 280   M    M   0        50 280
23  55  29  42  10  23   0    T  0.0    0 14.0 38 270   M    M   5        55 260
================================================================================
SM  661  117      1100   0  0.80 18.1    221.7          M      128
================================================================================
AV 28.7  5.1                               9.6 FASTST   M    M   6    MAX(MPH)
                                 MISC ---->    38 270                 55 260
================================================================================
NOTES:
# LAST OF SEVERAL OCCURRENCES

COLUMN 17 PEAK WIND IN M.P.H.

PRELIMINARY LOCAL CLIMATOLOGICAL DATA (WS FORM: F-6) , PAGE 2

                                          STATION:   SCOTTSBLUFF NE AIRPORT
                                          MONTH:     FEBRUARY
                                          YEAR:      2021
                                          LATITUDE:   41 52 N
                                          LONGITUDE: 103 36 W

[TEMPERATURE DATA]      [PRECIPITATION DATA]       SYMBOLS USED IN COLUMN 16

AVERAGE MONTHLY: 16.9   TOTAL FOR MONTH:   0.80    1 = FOG OR MIST
DPTR FM NORMAL: -12.8   DPTR FM NORMAL:    0.33    2 = FOG REDUCING VISIBILITY
HIGHEST:    67 ON  3    GRTST 24HR  0.39 ON 12-13      TO 1/4 MILE OR LESS
LOWEST:    -20 ON 15,14                             3 = THUNDER
                        SNOW, ICE PELLETS, HAIL    4 = ICE PELLETS
                        TOTAL MONTH:  18.1 INCHES  5 = HAIL
                        GRTST 24HR   9.2 ON 12-12  6 = FREEZING RAIN OR DRIZZLE
                        GRTST DEPTH:  16 ON 14     7 = DUSTSTORM OR SANDSTORM:
                                                       VSBY 1/2 MILE OR LESS
                                                   8 = SMOKE OR HAZE
[NO. OF DAYS WITH]      [WEATHER - DAYS WITH]      9 = BLOWING SNOW
                                                   X = TORNADO
MAX 32 OR BELOW:  13    0.01 INCH OR MORE:   7
MAX 90 OR ABOVE:   0    0.10 INCH OR MORE:   3
MIN 32 OR BELOW:  23    0.50 INCH OR MORE:   0
MIN  0 OR BELOW:  11    1.00 INCH OR MORE:   0

[HDD (BASE 65) ]
TOTAL THIS MO.  1100    CLEAR  (SCALE 0-3)   5
DPTR FM NORMAL   290    PTCLDY (SCALE 4-7)  11
TOTAL FM JUL 1  4607    CLOUDY (SCALE 8-10)  7
DPTR FM NORMAL  -145

[CDD (BASE 65) ]
TOTAL THIS MO.     0
DPTR FM NORMAL     0    [PRESSURE DATA]
TOTAL FM JAN 1     0    HIGHEST SLP M ON M
DPTR FM NORMAL     0    LOWEST  SLP 29.52 ON  3

[REMARKS]
