000
CXUS53 KLMK 010800
CF6FFT
PRELIMINARY LOCAL CLIMATOLOGICAL DATA (WS FORM: F-6)
STATION: FRANKFORT KY
MONTH: APRIL
YEAR: 2020
LATITUDE: 38 10 N
LONGITUDE: 84 54 W
TEMPERATURE IN F: :PCPN: SNOW: WIND :SUNSHINE: SKY :PK WND
================================================================================
1 2 3 4 5 6A 6B 7 8 9 10 11 12 13 14 15 16 17 18
12Z AVG MX 2MIN
DY MAX MIN AVG DEP HDD CDD WTR SNW DPTH SPD SPD DIR MIN PSBL S-S WX SPD DR
================================================================================
1 54 41 48 -2 17 0 0.00 M M 5.4 13 330 M M 10 8 17 320
2 64 32 48 -3 17 0 0.00 M M 1.4 10 220 M M 3 13 330
3 71 38 55 4 10 0 0.00 M M 1.5 9 130 M M 0 13 80
4 75 40 58 7 7 0 0.00 M M 2.6 10 320 M M 2 17 300
5 72 52 62 10 3 0 T M M 4.7 13 320 M M 6 1 17 350
6 73 50 62 10 3 0 0.00 M M 2.3 13 260 M M 6 18 18 260
7 80 52 66 14 0 1 0.00 M M 9.6 24 230 M M 3 34 230
8 84 58 71 18 0 6 0.38 M M 11.6 33 310 M M 5 13 48 300
9 59 40 50 -3 15 0 0.02 M M 12.8 26 340 M M 5 38 340
10 53 34 44 -10 21 0 T M M 7.7 26 330 M M 1 41 320
11 64 32 48 -6 17 0 T M M 4.8 16 160 M M 5 20 230
12 64 52 58 4 7 0 0.92 M M 8.8 22 150 M M 10 1 31 180
13 64 38 51 -3 14 0 0.59 M M 8.3 25 290 M M 8 13 48 280
14 47 30 39 -16 26 0 T M M 4.3 14 260 M M 7 24 260
15 57 25 41 -14 24 0 T M M 7.7 24 230 M M 3 37 210
16 54 24 39 -16 26 0 0.00 M M 3.0 12 210 M M 2 17 310
17 62 39 51 -5 14 0 0.33 M M 8.3 24 220 M M 8 1 37 230
18 56 37 47 -9 18 0 T M M 7.1 16 330 M M 5 1 25 330
19 60 37 49 -7 16 0 0.00 M M 3.3 10 320 M M 5 14 360
20 67 39 53 -4 12 0 T M M 4.3 15 300 M M 1 21 270
21 64 38 51 -6 14 0 0.00 M M 9.7 24 310 M M 2 38 310
22 71 31 51 -6 14 0 0.00 M M 3.9 17 160 M M 0 23 210
23 59 52 56 -2 9 0 1.60 M M 5.8 13 220 M M 9 13 20 240
24 67 48 58 0 7 0 0.00 M M 4.7 13 350 M M 7 1 17 340
25 68 45 57 -1 8 0 0.50 M M 4.0 20 180 M M 5 1 29 190
26 56 39 48 -10 17 0 0.52 M M 5.8 14 310 M M 8 12 23 290
27 67 35 51 -8 14 0 0.00 M M 3.3 13 220 M M 4 12 17 220
28 75 51 63 4 2 0 0.00 M M 9.3 23 210 M M 6 31 210
29 70 52 61 2 4 0 0.05 M M 13.0 36 190 M M 8 47 200
30 53 48 51 -9 14 0 0.13 M M 8.9 17 260 M M 10 18 29 270
================================================================================
SM 1930 1229 370 7 5.04 M 187.9 M 154
================================================================================
AV 64.3 41.0 6.3 FASTST M M 5 MAX(MPH)
MISC ----> # 36 190 # 48 300
================================================================================
NOTES:
# LAST OF SEVERAL OCCURRENCES
COLUMN 17 PEAK WIND IN M.P.H.
PRELIMINARY LOCAL CLIMATOLOGICAL DATA (WS FORM: F-6) , PAGE 2
STATION: FRANKFORT KY
MONTH: APRIL
YEAR: 2020
LATITUDE: 38 10 N
LONGITUDE: 84 54 W
[TEMPERATURE DATA] [PRECIPITATION DATA] SYMBOLS USED IN COLUMN 16
AVERAGE MONTHLY: 52.7 TOTAL FOR MONTH: 5.04 1 = FOG OR MIST
DPTR FM NORMAL: -2.5 DPTR FM NORMAL: 1.35 2 = FOG REDUCING VISIBILITY
HIGHEST: 84 ON 8 GRTST 24HR 1.60 ON 23-23 TO 1/4 MILE OR LESS
LOWEST: 24 ON 16 3 = THUNDER
SNOW, ICE PELLETS, HAIL 4 = ICE PELLETS
TOTAL MONTH: M 5 = HAIL
GRTST 24HR M ON M 6 = FREEZING RAIN OR DRIZZLE
GRTST DEPTH: M ON M 7 = DUSTSTORM OR SANDSTORM:
VSBY 1/2 MILE OR LESS
8 = SMOKE OR HAZE
[NO. OF DAYS WITH] [WEATHER - DAYS WITH] 9 = BLOWING SNOW
X = TORNADO
MAX 32 OR BELOW: 0 0.01 INCH OR MORE: 10
MAX 90 OR ABOVE: 0 0.10 INCH OR MORE: 8
MIN 32 OR BELOW: 6 0.50 INCH OR MORE: 5
MIN 0 OR BELOW: 0 1.00 INCH OR MORE: 1
[HDD (BASE 65) ]
TOTAL THIS MO. 370 CLEAR (SCALE 0-3) 9
DPTR FM NORMAL 56 PTCLDY (SCALE 4-7) 16
TOTAL FM JUL 1 3984 CLOUDY (SCALE 8-10) 5
DPTR FM NORMAL -594
[CDD (BASE 65) ]
TOTAL THIS MO. 7
DPTR FM NORMAL -11 [PRESSURE DATA]
TOTAL FM JAN 1 20 HIGHEST SLP 30.38 ON 16
DPTR FM NORMAL 0 LOWEST SLP 29.32 ON 13
[REMARKS]
#FINAL-04-20#