000
CXUS55 KCYS 271521
CF6LAR
PRELIMINARY LOCAL CLIMATOLOGICAL DATA (WS FORM: F-6)

                                          STATION:   LARAMIE WYOMING AIRPORT
                                          MONTH:     FEBRUARY
                                          YEAR:      2021
                                          LATITUDE:   41 18 N
                                          LONGITUDE: 105 40 W

  TEMPERATURE IN F:       :PCPN:    SNOW:  WIND      :SUNSHINE: SKY     :PK WND
================================================================================
1   2   3   4   5  6A  6B    7    8   9   10  11  12  13   14  15   16   17  18
                                     12Z  AVG MX 2MIN
DY MAX MIN AVG DEP HDD CDD  WTR  SNW DPTH SPD SPD DIR MIN PSBL S-S WX    SPD DR
================================================================================

 1  47  12  30   8  35   0 0.00    M    M  7.9 18 200   M    M   0        19 210
 2  49  26  38  16  27   0 0.00    M    M 14.8 30 240   M    M   0        39 240
 3  46  17  32  10  33   0    T    M    M 18.5 38 320   M    M   5 1      48 310
 4  27   9  18  -4  47   0 0.00    M    M 18.8 36 280   M    M   4        49 280
 5  30  15  23   1  42   0    T    M    M 18.9 35 270   M    M   7 8      44 270
 6  30  11  21  -1  44   0    T    M    M 23.7 43 280   M    M   7        56 280
 7  36  21  29   7  36   0    T    M    M 30.1 47 290   M    M   4        64 270
 8  37  20  29   7  36   0 0.00    M    M 27.2 49 270   M    M   3        65 280
 9  40  21  31   9  34   0 0.00    M    M 17.9 36 270   M    M   5        45 260
10  42  26  34  12  31   0 0.00    M    M 17.3 33 250   M    M   1        46 270
11  38   9  24   2  41   0    T    M    M 20.2 43 270   M    M   5 1      58 270
12  14  -8   3 -20  62   0 0.04    M    M  7.9 20 340   M    M   6 18     25 350
13   6 -12  -3 -26  68   0 0.10    M    M  9.6 25 150   M    M  10 18     31 150
14  -4 -17 -10 -33  75   0    T    M    M 12.3 23 160   M    M   4        27 160
15  25 -12   7 -16  58   0 0.00    M    M 12.8 25 260   M    M   7        31 250
16  31  10  21  -3  44   0 0.00    M    M  8.1 23 300   M    M   6        28 310
17  22   2  12 -12  53   0 0.05    M    M  4.8 14 360   M    M  10 128    18 340
18  20  -7   7 -17  58   0    T    M    M  8.3 24 260   M    M   7 12     30 250
19  32   9  21  -3  44   0 0.00    M    M 20.5 41 270   M    M   5        52 260
20  36  16  26   2  39   0    T    M    M 11.3 26 250   M    M   6 18     32 250
21  29   8  19  -6  46   0 0.01    M    M 19.3 39 260   M    M   3 1      49 250
22  43  22  33   8  32   0 0.00    M    M 25.2 44 270   M    M   0        54 270
23  44  15  30   5  35   0 0.00    M    M 27.0 56 270   M    M   1        73 270
24  27   9  18  -8  47   0    T    M    M  9.5 20 250   M    M   6 18     31 310
25  29  -2  14 -12  51   0 0.02    M    M  9.1 26 220   M    M   3 12     37 200
26  30  16  23  -3  42   0 0.00    M    M 21.0 38 270   M    M   3        51 260
================================================================================
SM  806  236      1160   0  0.22    M    422.0          M      118
================================================================================
AV 31.0  9.1                              16.2 FASTST   M    M   5    MAX(MPH)
                                 MISC ---->    56 270                 73 270
================================================================================
NOTES:
# LAST OF SEVERAL OCCURRENCES

COLUMN 17 PEAK WIND IN M.P.H.

PRELIMINARY LOCAL CLIMATOLOGICAL DATA (WS FORM: F-6) , PAGE 2

                                          STATION:   LARAMIE WYOMING AIRPORT
                                          MONTH:     FEBRUARY
                                          YEAR:      2021
                                          LATITUDE:   41 18 N
                                          LONGITUDE: 105 40 W

[TEMPERATURE DATA]      [PRECIPITATION DATA]       SYMBOLS USED IN COLUMN 16

AVERAGE MONTHLY: 20.0   TOTAL FOR MONTH:   0.22    1 = FOG OR MIST
DPTR FM NORMAL:  -3.3   DPTR FM NORMAL:   -0.09    2 = FOG REDUCING VISIBILITY
HIGHEST:    49 ON  2    GRTST 24HR  0.10 ON 13-13      TO 1/4 MILE OR LESS
LOWEST:    -17 ON 14                               3 = THUNDER
                        SNOW, ICE PELLETS, HAIL    4 = ICE PELLETS
                        TOTAL MONTH:  M            5 = HAIL
                        GRTST 24HR    M  ON   M    6 = FREEZING RAIN OR DRIZZLE
                        GRTST DEPTH:  M  ON   M    7 = DUSTSTORM OR SANDSTORM:
                                                       VSBY 1/2 MILE OR LESS
                                                   8 = SMOKE OR HAZE
[NO. OF DAYS WITH]      [WEATHER - DAYS WITH]      9 = BLOWING SNOW
                                                   X = TORNADO
MAX 32 OR BELOW:  15    0.01 INCH OR MORE:   5
MAX 90 OR ABOVE:   0    0.10 INCH OR MORE:   1
MIN 32 OR BELOW:  26    0.50 INCH OR MORE:   0
MIN  0 OR BELOW:   6    1.00 INCH OR MORE:   0

[HDD (BASE 65) ]
TOTAL THIS MO.  1160    CLEAR  (SCALE 0-3)   8
DPTR FM NORMAL    78    PTCLDY (SCALE 4-7)  16
TOTAL FM JUL 1  5894    CLOUDY (SCALE 8-10)  2
DPTR FM NORMAL  -203

[CDD (BASE 65) ]
TOTAL THIS MO.     0
DPTR FM NORMAL     0    [PRESSURE DATA]
TOTAL FM JAN 1     0    HIGHEST SLP M ON M
DPTR FM NORMAL     0    LOWEST  SLP 29.49 ON  3

[REMARKS]
