000
CXUS54 KLCH 280843
CF6LFT
PRELIMINARY LOCAL CLIMATOLOGICAL DATA (WS FORM: F-6)
STATION: LAFAYETTE
MONTH: MARCH
YEAR: 2024
LATITUDE: 30 12 N
LONGITUDE: 92 0 W
TEMPERATURE IN F: :PCPN: SNOW: WIND :SUNSHINE: SKY :PK WND
================================================================================
1 2 3 4 5 6A 6B 7 8 9 10 11 12 13 14 15 16 17 18
12Z AVG MX 2MIN
DY MAX MIN AVG DEP HDD CDD WTR SNW DPTH SPD SPD DIR MIN PSBL S-S WX SPD DR
================================================================================
1 63 48 56 -4 9 0 0.89 M M 6.3 14 350 M M 8 13 18 60
2 76 55 66 6 0 1 0.00 0.0 M 2.9 8 180 M M 5 12 12 150
3 81 64 73 13 0 8 T 0.0 M 4.4 14 180 M M 7 1 21 150
4 80 67 74 14 0 9 0.27 0.0 M 5.9 18 170 M M 10 13 27 170
5 74 57 66 5 0 1 0.43 0.0 M 3.5 15 360 M M 6 13 21 330
6 84 54 69 8 0 4 0.00 0.0 M 2.5 9 340 M M 0 12 13 360
7 81 58 70 9 0 5 0.00 0.0 M 4.4 16 180 M M 1 1 23 170
8 79 65 72 11 0 7 1.16 0.0 M 9.3 20 160 M M 9 13 30 170
9 66 55 61 -1 4 0 0.00 0.0 M 11.7 20 330 M M 6 26 340
10 69 47 58 -4 7 0 0.00 0.0 M 6.1 15 10 M M 1 20 350
11 72 51 62 0 3 0 0.00 0.0 M 3.1 10 180 M M 1 14 180
12 76 50 63 1 2 0 0.00 0.0 M 4.6 15 170 M M 2 22 150
13 79 64 72 10 0 7 0.00 0.0 M 6.2 16 160 M M 6 8 24 160
14 82 70 76 13 0 11 0.00 0.0 M 10.0 18 160 M M 9 30 140
15 82 63 73 10 0 8 0.61 0.0 M 7.3 28 10 M M 9 138 42 340
16 79 62 71 8 0 6 0.00 0.0 M 4.3 13 360 M M 4 18 50
17 76 62 69 6 0 4 1.83 0.0 M 7.0 18 350 M M 6 13 24 350
18 69 50 60 -3 5 0 0.00 0.0 M 13.7 29 360 M M 3 38 360
19 64 41 53 -11 12 0 0.00 0.0 M 5.1 14 10 M M 0 21 20
20 70 46 58 -6 7 0 0.00 0.0 M 2.3 10 180 M M 6 1 13 180
21 63 55 59 -5 6 0 0.24 0.0 M 3.7 10 140 M M 8 1 18 120
22 76 58 67 3 0 2 0.74 0.0 M 11.6 22 280 M M 5 13 33 290
23 76 53 65 1 0 0 0.00 0.0 M 12.3 23 320 M M 1 32 330
24 72 50 61 -3 4 0 0.00 0.0 M 6.0 12 120 M M 1 22 160
25 77 60 69 4 0 4 0.42 0.0 M 13.1 23 160 M M 8 13 41 150
26 76 58 67 2 0 2 0.07 0.0 M 5.0 12 10 M M 4 13 18 40
27 72 50 61 -4 4 0 0.00 0.0 M 9.0 20 340 M M 1 25 340
================================================================================
SM 2014 1513 63 79 6.66 0.0 181.3 M 127
================================================================================
AV 74.6 56.0 6.7 FASTST M M 5 MAX(MPH)
MISC ----> 29 360 42 340
================================================================================
NOTES:
# LAST OF SEVERAL OCCURRENCES
COLUMN 17 PEAK WIND IN M.P.H.
PRELIMINARY LOCAL CLIMATOLOGICAL DATA (WS FORM: F-6) , PAGE 2
STATION: LAFAYETTE
MONTH: MARCH
YEAR: 2024
LATITUDE: 30 12 N
LONGITUDE: 92 0 W
[TEMPERATURE DATA] [PRECIPITATION DATA] SYMBOLS USED IN COLUMN 16
AVERAGE MONTHLY: 65.3 TOTAL FOR MONTH: 6.66 1 = FOG OR MIST
DPTR FM NORMAL: 2.8 DPTR FM NORMAL: 3.38 2 = FOG REDUCING VISIBILITY
HIGHEST: 84 ON 6 GRTST 24HR 1.83 ON 17-17 TO 1/4 MILE OR LESS
LOWEST: 41 ON 19 3 = THUNDER
SNOW, ICE PELLETS, HAIL 4 = ICE PELLETS
TOTAL MONTH: 0.0 INCH 5 = HAIL
GRTST 24HR 0.0 6 = FREEZING RAIN OR DRIZZLE
GRTST DEPTH: M ON M 7 = DUSTSTORM OR SANDSTORM:
VSBY 1/2 MILE OR LESS
8 = SMOKE OR HAZE
[NO. OF DAYS WITH] [WEATHER - DAYS WITH] 9 = BLOWING SNOW
X = TORNADO
MAX 32 OR BELOW: 0 0.01 INCH OR MORE: 10
MAX 90 OR ABOVE: 0 0.10 INCH OR MORE: 9
MIN 32 OR BELOW: 0 0.50 INCH OR MORE: 5
MIN 0 OR BELOW: 0 1.00 INCH OR MORE: 2
[HDD (BASE 65) ]
TOTAL THIS MO. 63 CLEAR (SCALE 0-3) 9
DPTR FM NORMAL -63 PTCLDY (SCALE 4-7) 13
TOTAL FM JUL 1 1085 CLOUDY (SCALE 8-10) 5
DPTR FM NORMAL -242
[CDD (BASE 65) ]
TOTAL THIS MO. 79
DPTR FM NORMAL 18 [PRESSURE DATA]
TOTAL FM JAN 1 127 HIGHEST SLP M ON M
DPTR FM NORMAL 26 LOWEST SLP 29.55 ON 25
[REMARKS]