000
CXUS54 KLCH 010830
CF6LFT
PRELIMINARY LOCAL CLIMATOLOGICAL DATA (WS FORM: F-6)
STATION: LAFAYETTE
MONTH: AUGUST
YEAR: 2021
LATITUDE: 30 12 N
LONGITUDE: 92 0 W
TEMPERATURE IN F: :PCPN: SNOW: WIND :SUNSHINE: SKY :PK WND
================================================================================
1 2 3 4 5 6A 6B 7 8 9 10 11 12 13 14 15 16 17 18
12Z AVG MX 2MIN
DY MAX MIN AVG DEP HDD CDD WTR SNW DPTH SPD SPD DIR MIN PSBL S-S WX SPD DR
================================================================================
1 91 76 84 0 0 19 0.01 0.0 M 4.0 13 60 M M 3 13 19 70
2 91 75 83 -1 0 18 0.26 0.0 M 3.5 18 20 M M 3 138 23 60
3 88 76 82 -2 0 17 0.10 0.0 M 3.4 20 270 M M 6 13 29 240
4 90 73 82 -2 0 17 0.00 0.0 M 6.6 16 30 M M 4 18 20 20
5 90 69 80 -4 0 15 0.00 0.0 M 3.4 12 20 M M 0 17 10
6 90 72 81 -3 0 16 0.00 0.0 M 1.2 8 30 M M 0 8 14 10
7 93 73 83 -1 0 18 0.00 0.0 M 2.1 14 270 M M 2 1 18 280
8 93 76 85 1 0 20 0.00 0.0 M 5.1 14 200 M M 3 20 180
9 93 77 85 1 0 20 0.00 0.0 M 4.6 17 210 M M 2 3 24 210
10 95 77 86 2 0 21 0.00 0.0 M 1.9 12 90 M M 2 38 24 110
11 93 73 83 -1 0 18 0.05 0.0 M 3.2 21 60 M M 3 3 34 50
12 92 73 83 -1 0 18 T 0.0 M 1.5 14 190 M M 1 13 20 190
13 92 73 83 -1 0 18 0.00 0.0 M 2.4 14 190 M M 2 17 200
14 95 74 85 1 0 20 0.00 0.0 M 3.9 14 330 M M 2 20 320
15 95 75 85 1 0 20 0.65 0.0 M 3.7 12 80 M M 4 13 22 80
16 94 75 85 1 0 20 0.00 0.0 M 2.3 13 210 M M 4 1 16 210
17 92 77 85 1 0 20 0.01 0.0 M 1.8 14 20 M M 2 3 17 20
18 94 77 86 2 0 21 0.59 0.0 M 3.1 25 210 M M 3 38 42 220
19 93 79 86 2 0 21 0.67 0.0 M 3.2 16 190 M M 3 13 21 170
20 93 79 86 2 0 21 0.00 0.0 0 3.3 15 200 M M 1 21 210
21 95 74 85 2 0 20 0.00 0.0 0 3.4 14 190 M M 1 19 180
22 95 76 86 3 0 21 0.00 0.0 0 4.1 13 210 M M 2 1 18 220
23 97 78 88 5 0 23 0.00 0.0 M 3.8 13 230 M M 1 17 220
24 98 77 88 5 0 23 0.02 0.0 M 4.5 28 30 M M 2 3 40 30
25 97 75 86 3 0 21 0.00 0.0 M 3.5 16 70 M M 2 3 32 70
26 91 76 84 1 0 19 T 0.0 M 4.2 16 190 M M 2 13 23 80
27 92 74 83 0 0 18 0.00 0.0 M 6.4 15 50 M M 2 1 23 60
28 90 75 83 0 0 18 0.27 0.0 M 4.5 10 20 M M 5 13 17 190
29 88 76 82 -1 0 17 0.13 0.0 M 17.1 30 10 M M 5 1 44 360
30 90 77 84 1 0 19 0.00 0.0 M 12.2 24 310 M M 8 36 300
31 95 75 85 3 0 20 0.95 0.0 M 5.6 22 210 M M 6 13 31 220
================================================================================
SM 2875 2332 0 597 3.71 0.0 133.5 M 86
================================================================================
AV 92.7 75.2 4.3 FASTST M M 3 MAX(MPH)
MISC ----> 30 10 44 360
================================================================================
NOTES:
# LAST OF SEVERAL OCCURRENCES
COLUMN 17 PEAK WIND IN M.P.H.
PRELIMINARY LOCAL CLIMATOLOGICAL DATA (WS FORM: F-6) , PAGE 2
STATION: LAFAYETTE
MONTH: AUGUST
YEAR: 2021
LATITUDE: 30 12 N
LONGITUDE: 92 0 W
[TEMPERATURE DATA] [PRECIPITATION DATA] SYMBOLS USED IN COLUMN 16
AVERAGE MONTHLY: 84.0 TOTAL FOR MONTH: 3.71 1 = FOG OR MIST
DPTR FM NORMAL: 0.5 DPTR FM NORMAL: -2.55 2 = FOG REDUCING VISIBILITY
HIGHEST: 98 ON 24 GRTST 24HR 2.05 ON 31- 1 TO 1/4 MILE OR LESS
LOWEST: 69 ON 5 3 = THUNDER
SNOW, ICE PELLETS, HAIL 4 = ICE PELLETS
TOTAL MONTH: 0.0 INCH 5 = HAIL
GRTST 24HR 0.0 6 = FREEZING RAIN OR DRIZZLE
GRTST DEPTH: 0 7 = DUSTSTORM OR SANDSTORM:
VSBY 1/2 MILE OR LESS
8 = SMOKE OR HAZE
[NO. OF DAYS WITH] [WEATHER - DAYS WITH] 9 = BLOWING SNOW
X = TORNADO
MAX 32 OR BELOW: 0 0.01 INCH OR MORE: 12
MAX 90 OR ABOVE: 29 0.10 INCH OR MORE: 8
MIN 32 OR BELOW: 0 0.50 INCH OR MORE: 4
MIN 0 OR BELOW: 0 1.00 INCH OR MORE: 0
[HDD (BASE 65) ]
TOTAL THIS MO. 0 CLEAR (SCALE 0-3) 22
DPTR FM NORMAL 0 PTCLDY (SCALE 4-7) 9
TOTAL FM JUL 1 0 CLOUDY (SCALE 8-10) 0
DPTR FM NORMAL 0
[CDD (BASE 65) ]
TOTAL THIS MO. 597
DPTR FM NORMAL 24 [PRESSURE DATA]
TOTAL FM JAN 1 2226 HIGHEST SLP 30.17 ON 13
DPTR FM NORMAL -48 LOWEST SLP 29.58 ON 30
[REMARKS]
#FINAL-08-21#