000
CXUS55 KCYS 271521
CF6RWL
PRELIMINARY LOCAL CLIMATOLOGICAL DATA (WS FORM: F-6)

                                          STATION:   RAWLINS WYOMING AIRPORT
                                          MONTH:     FEBRUARY
                                          YEAR:      2021
                                          LATITUDE:   41 47 N
                                          LONGITUDE: 107 12 W

  TEMPERATURE IN F:       :PCPN:    SNOW:  WIND      :SUNSHINE: SKY     :PK WND
================================================================================
1   2   3   4   5  6A  6B    7    8   9   10  11  12  13   14  15   16   17  18
                                     12Z  AVG MX 2MIN
DY MAX MIN AVG DEP HDD CDD  WTR  SNW DPTH SPD SPD DIR MIN PSBL S-S WX    SPD DR
================================================================================

 1  41  15  28   6  37   0 0.00    M    M  5.7 20 230   M    M   0        27 180
 2  44  25  35  13  30   0 0.00    M    M 10.8 23 220   M    M   1        33 230
 3  41  18  30   8  35   0 0.03    M    M 20.8 35 210   M    M   5 12     46 210
 4  27  14  21  -1  44   0    T    M    M 22.9 35 270   M    M   3        47 250
 5  31  17  24   2  41   0    T    M    M 24.2 39 240   M    M   4        55 240
 6  31  16  24   2  41   0    T    M    M 27.0 39 260   M    M   4        53 260
 7  35  22  29   7  36   0    T    M    M 30.7 45 270   M    M   1        61 270
 8  34  19  27   5  38   0 0.00    M    M 21.6 46 280   M    M   0        65 280
 9  35  20  28   6  37   0 0.00    M    M 21.9 38 240   M    M   4        48 240
10  40  27  34  12  31   0 0.00    M    M 26.9 41 250   M    M   0        56 250
11  39   8  24   2  41   0    T    M    M 17.7 44 260   M    M   4        57 260
12  10  -5   3 -20  62   0 0.17    M    M  7.7 17 350   M    M  10 8      20 360
13   2 -10  -4 -27  69   0 0.05    M    M 12.1 28  60   M    M  10 8      37  50
14   3 -14  -5 -28  70   0    T    M    M 11.7 32  40   M    M   2 8      43  30
15  24   0  12 -11  53   0    T    M    M 15.0 31 240   M    M   8 8      43 240
16  31  17  24   0  41   0    T    M    M 15.7 28 250   M    M   6        38 250
17  27   4  16  -8  49   0    T    M    M  8.4 18 360   M    M   8 8      23 250
18  24   3  14 -10  51   0    T    M    M 16.1 30 260   M    M   6 8      40 260
19  32  14  23  -1  42   0    T    M    M 21.7 39 240   M    M   3        53 230
20  32  20  26   1  39   0 0.01    M    M 18.6 29 260   M    M   7        36 260
21  25   9  17  -8  48   0 0.02    M    M 25.1 45 250   M    M   7 8      59 250
22  34  22  28   3  37   0    T    M    M 24.2 45 250   M    M   4        60 250
23  37  13  25  -1  40   0 0.00    M    M 26.2 49 260   M    M   1        68 270
24  27   9  18  -8  47   0 0.00    M    M  8.8 20 250   M    M   4        24 250
25  26  -2  12 -14  53   0 0.00    M    M 13.9 32 230   M    M   1 8      43 230
26  27  16  22  -5  43   0    T    M    M 22.2 40 260   M    M   7        52 260
================================================================================
SM  759  297      1155   0  0.28    M    477.6          M      110
================================================================================
AV 29.2 11.4                              18.4 FASTST   M    M   4    MAX(MPH)
                                 MISC ---->    49 260                 68 270
================================================================================
NOTES:
# LAST OF SEVERAL OCCURRENCES

COLUMN 17 PEAK WIND IN M.P.H.

PRELIMINARY LOCAL CLIMATOLOGICAL DATA (WS FORM: F-6) , PAGE 2

                                          STATION:   RAWLINS WYOMING AIRPORT
                                          MONTH:     FEBRUARY
                                          YEAR:      2021
                                          LATITUDE:   41 47 N
                                          LONGITUDE: 107 12 W

[TEMPERATURE DATA]      [PRECIPITATION DATA]       SYMBOLS USED IN COLUMN 16

AVERAGE MONTHLY: 20.3   TOTAL FOR MONTH:   0.28    1 = FOG OR MIST
DPTR FM NORMAL:  -3.2   DPTR FM NORMAL:   -0.10    2 = FOG REDUCING VISIBILITY
HIGHEST:    44 ON  2    GRTST 24HR  0.17 ON 12-12      TO 1/4 MILE OR LESS
LOWEST:    -14 ON 14                               3 = THUNDER
                        SNOW, ICE PELLETS, HAIL    4 = ICE PELLETS
                        TOTAL MONTH:  M            5 = HAIL
                        GRTST 24HR    M  ON   M    6 = FREEZING RAIN OR DRIZZLE
                        GRTST DEPTH:  M  ON   M    7 = DUSTSTORM OR SANDSTORM:
                                                       VSBY 1/2 MILE OR LESS
                                                   8 = SMOKE OR HAZE
[NO. OF DAYS WITH]      [WEATHER - DAYS WITH]      9 = BLOWING SNOW
                                                   X = TORNADO
MAX 32 OR BELOW:  16    0.01 INCH OR MORE:   5
MAX 90 OR ABOVE:   0    0.10 INCH OR MORE:   1
MIN 32 OR BELOW:  26    0.50 INCH OR MORE:   0
MIN  0 OR BELOW:   5    1.00 INCH OR MORE:   0

[HDD (BASE 65) ]
TOTAL THIS MO.  1155    CLEAR  (SCALE 0-3)  10
DPTR FM NORMAL    75    PTCLDY (SCALE 4-7)  13
TOTAL FM JUL 1  5732    CLOUDY (SCALE 8-10)  3
DPTR FM NORMAL  -147

[CDD (BASE 65) ]
TOTAL THIS MO.     0
DPTR FM NORMAL     0    [PRESSURE DATA]
TOTAL FM JAN 1     0    HIGHEST SLP M ON M
DPTR FM NORMAL     0    LOWEST  SLP 29.51 ON 13

[REMARKS]
