000
CXUS55 KCYS 161000
CF6RWL
PRELIMINARY LOCAL CLIMATOLOGICAL DATA (WS FORM: F-6)

                                          STATION:   RAWLINS WYOMING AIRPORT
                                          MONTH:     JULY
                                          YEAR:      2020
                                          LATITUDE:   41 47 N
                                          LONGITUDE: 107 12 W

  TEMPERATURE IN F:       :PCPN:    SNOW:  WIND      :SUNSHINE: SKY     :PK WND
================================================================================
1   2   3   4   5  6A  6B    7    8   9   10  11  12  13   14  15   16   17  18
                                     12Z  AVG MX 2MIN
DY MAX MIN AVG DEP HDD CDD  WTR  SNW DPTH SPD SPD DIR MIN PSBL S-S WX    SPD DR
================================================================================

 1  79  37  58  -6   7   0 0.00    M    M 12.5 32 230   M    M   0        46 220
 2  86  42  64  -1   1   0 0.00    M    M 11.3 28 240   M    M   0        39 200
 3  89  41  65   0   0   0 0.00    M    M  8.1 23 230   M    M   0        29 220
 4  90  51  71   6   0   6 0.00    M    M  9.1 23 140   M    M   1 3      33 130
 5  89  50  70   4   0   5 0.00    M    M  8.8 30 280   M    M   0        40 280
 6  92  44  68   2   0   3 0.00    M    M  8.7 29 270   M    M   0        54 240
 7  92  48  70   4   0   5 0.00    M    M 13.7 39 200   M    M   0        52 200
 8  86  50  68   2   0   3 0.00    M    M 12.2 30 270   M    M   0        39 270
 9  88  43  66   0   0   1 0.00    M    M  6.9 20 230   M    M   0        27 230
10  91  46  69   2   0   4 0.00    M    M 13.3 32 290   M    M   0        46 300
11  91  46  69   2   0   4 0.00    M    M  6.4 18 260   M    M   0        26 230
12  93  48  71   4   0   6 0.00    M    M 10.8 29 200   M    M   0        42 200
13  90  55  73   6   0   8 0.00    M    M 16.1 37 240   M    M   0        52 250
14  85  48  67   0   0   2    T    M    M 11.4 31 270   M    M   0        45 240
15  86  44  65  -3   0   0 0.00    M    M  9.3 29 270   M    M   0        42 260
================================================================================
SM 1327  693         8  47    T     M    158.6          M        1
================================================================================
AV 88.5 46.2                              10.6 FASTST   M    M   0    MAX(MPH)
                                 MISC ---->  # 39 200               # 54  240
================================================================================
NOTES:
# LAST OF SEVERAL OCCURRENCES

COLUMN 17 PEAK WIND IN M.P.H.

PRELIMINARY LOCAL CLIMATOLOGICAL DATA (WS FORM: F-6) , PAGE 2

                                          STATION:  RAWLINS WYOMING AIRPORT
                                          MONTH:    JULY
                                          YEAR:     2020
                                          LATITUDE:   41 47 N
                                          LONGITUDE: 107 12 W

[TEMPERATURE DATA]      [PRECIPITATION DATA]       SYMBOLS USED IN COLUMN 16

AVERAGE MONTHLY: 67.3   TOTAL FOR MONTH:      T    1 = FOG OR MIST
DPTR FM NORMAL:   1.2   DPTR FM NORMAL:   -0.37    2 = FOG REDUCING VISIBILITY
HIGHEST:    93 ON 12    GRTST 24HR    T  ON 14-14      TO 1/4 MILE OR LESS
LOWEST:     37 ON  1                               3 = THUNDER
                        SNOW, ICE PELLETS, HAIL    4 = ICE PELLETS
                        TOTAL MONTH:    M          5 = HAIL
                        GRTST 24HR    M  ON   M    6 = FREEZING RAIN OR DRIZZLE
                        GRTST DEPTH:  M  ON   M    7 = DUSTSTORM OR SANDSTORM:
                                                       VSBY 1/2 MILE OR LESS
                                                   8 = SMOKE OR HAZE
[NO. OF DAYS WITH]      [WEATHER - DAYS WITH]      9 = BLOWING SNOW
                                                   X = TORNADO
MAX 32 OR BELOW:   0    0.01 INCH OR MORE:   0
MAX 90 OR ABOVE:   7    0.10 INCH OR MORE:   0
MIN 32 OR BELOW:   0    0.50 INCH OR MORE:   0
MIN  0 OR BELOW:   0    1.00 INCH OR MORE:   0

[HDD (BASE 65) ]
TOTAL THIS MO.     8    CLEAR  (SCALE 0-3)  15
DPTR FM NORMAL   -14    PTCLDY (SCALE 4-7)   0
TOTAL FM JUL 1     8    CLOUDY (SCALE 8-10)  0
DPTR FM NORMAL   -14

[CDD (BASE 65) ]
TOTAL THIS MO.    47
DPTR FM NORMAL     7    [PRESSURE DATA]
TOTAL FM JAN 1    87    HIGHEST SLP M ON M
DPTR FM NORMAL    28    LOWEST  SLP 29.62 ON 13

[REMARKS]
