000
CXUS53 KDDC 281200
CF6DDC
PRELIMINARY LOCAL CLIMATOLOGICAL DATA (WS FORM: F-6)

                                          STATION:   DODGE CITY KS
                                          MONTH:     JANUARY
                                          YEAR:      2020
                                          LATITUDE:   37 46 N
                                          LONGITUDE:  99 58 W

  TEMPERATURE IN F:       :PCPN:    SNOW:  WIND      :SUNSHINE: SKY     :PK WND
================================================================================
1   2   3   4   5  6A  6B    7    8   9   10  11  12  13   14  15   16   17  18
                                     12Z  AVG MX 2MIN
DY MAX MIN AVG DEP HDD CDD  WTR  SNW DPTH SPD SPD DIR MIN PSBL S-S WX    SPD DR
================================================================================

 1  51  24  38   6  27   0 0.00  0.0    0 10.3 18 210   M    M   0        23 210
 2  50  29  40   8  25   0 0.00  0.0    0 11.0 24 360   M    M   0        33 360
 3  49  28  39   7  26   0 0.00  0.0    0 11.1 21 320   M    M   2        28 350
 4  54  24  39   7  26   0 0.00  0.0    0 11.5 22 210   M    M   1        27 210
 5  51  28  40   8  25   0 0.00  0.0    0 11.6 28  10   M    M   0        36  10
 6  51  22  37   5  28   0 0.00  0.0    0 10.5 32 320   M    M   0        43 310
 7  58  23  41   9  24   0 0.00  0.0    0  9.3 18 320   M    M   0        24 320
 8  62  30  46  14  19   0 0.00  0.0    0 18.4 32 170   M    M   0 8      43 200
 9  56  32  44  12  21   0 0.00  0.0    0  9.2 25 190   M    M   0        35 190
10  39  15  27  -5  38   0    T    T    0 20.2 35 360   M    M   7 18     49  20
11  33  10  22 -10  43   0 0.00  0.0    0 12.3 28 360   M    M   0        37 360
12  47  17  32   0  33   0 0.00  0.0    0 11.0 21 150   M    M   1 1      30 140
13  59  24  42  10  23   0 0.00  0.0    0 10.4 24 220   M    M   0        32 220
14  51  17  34   2  31   0 0.00  0.0    0  9.1 21 160   M    M   3 12     26 150
15  45  20  33   1  32   0 0.00  0.0    0 13.6 22  20   M    M   1 1      28  10
16  26  14  20 -12  45   0 0.11  0.0    0  9.5 18 140   M    M   5 16     24 140
17  44  26  35   3  30   0 0.19    T    0 18.5 31 170   M    M   8 16     42 180
18  43  26  35   3  30   0    T  0.0    0  9.9 33 320   M    M   0 1      46 320
19  46  23  35   3  30   0 0.00  0.0    0  7.0 14 250   M    M   0        18 250
20  50  21  36   4  29   0 0.00  0.0    0  9.7 17  40   M    M   0        22  40
21  41  20  31  -1  34   0 0.04    T    0 19.7 29 170   M    M   3 1      38 160
22  55  33  44  12  21   0 0.09  0.1    0 11.4 24 170   M    M   6 12     30 180
23  51  28  40   8  25   0 0.00  0.0    0 16.2 31 320   M    M   1        44 320
24  51  23  37   5  28   0 0.00  0.0    0  9.5 17 160   M    M   0        22 300
25  51  28  40   8  25   0 0.00  0.0    0  7.7 16 170   M    M   1 1      19 170
26  60  31  46  13  19   0 0.00  0.0    0  9.1 16 320   M    M   0        22 320
27  46  27  37   4  28   0 0.01    M    0 12.6 22  40   M    M   2 1      28  40
================================================================================
SM 1320  643       765   0  0.44     0.1 320.3          M       41
================================================================================
AV 48.9 23.8                              11.9 FASTST   M    M   2    MAX(MPH)
                                 MISC ---->  # 35 360               # 49   20
================================================================================
NOTES:
# LAST OF SEVERAL OCCURRENCES

COLUMN 17 PEAK WIND IN M.P.H.

PRELIMINARY LOCAL CLIMATOLOGICAL DATA (WS FORM: F-6) , PAGE 2

                                          STATION:  DODGE CITY KS
                                          MONTH:    JANUARY
                                          YEAR:     2020
                                          LATITUDE:   37 46 N
                                          LONGITUDE:  99 58 W

[TEMPERATURE DATA]      [PRECIPITATION DATA]       SYMBOLS USED IN COLUMN 16

AVERAGE MONTHLY: 36.4   TOTAL FOR MONTH:   0.44    1 = FOG OR MIST
DPTR FM NORMAL:   4.3   DPTR FM NORMAL:   -0.05    2 = FOG REDUCING VISIBILITY
HIGHEST:    62 ON  8    GRTST 24HR  0.19 ON 17-17      TO 1/4 MILE OR LESS
LOWEST:     10 ON 11                               3 = THUNDER
                        SNOW, ICE PELLETS, HAIL    4 = ICE PELLETS
                        TOTAL MONTH:   0.1 INCH    5 = HAIL
                        GRTST 24HR   0.1 ON 22-22  6 = FREEZING RAIN OR DRIZZLE
                        GRTST DEPTH:   0           7 = DUSTSTORM OR SANDSTORM:
                                                       VSBY 1/2 MILE OR LESS
                                                   8 = SMOKE OR HAZE
[NO. OF DAYS WITH]      [WEATHER - DAYS WITH]      9 = BLOWING SNOW
                                                   X = TORNADO
MAX 32 OR BELOW:   1    0.01 INCH OR MORE:   5
MAX 90 OR ABOVE:   0    0.10 INCH OR MORE:   2
MIN 32 OR BELOW:  26    0.50 INCH OR MORE:   0
MIN  0 OR BELOW:   0    1.00 INCH OR MORE:   0

[HDD (BASE 65) ]
TOTAL THIS MO.   765    CLEAR  (SCALE 0-3)  23
DPTR FM NORMAL  -124    PTCLDY (SCALE 4-7)   4
TOTAL FM JUL 1  2718    CLOUDY (SCALE 8-10)  0
DPTR FM NORMAL  -185

[CDD (BASE 65) ]
TOTAL THIS MO.     0
DPTR FM NORMAL     0    [PRESSURE DATA]
TOTAL FM JAN 1     0    HIGHEST SLP M ON M
DPTR FM NORMAL     0    LOWEST  SLP 29.45 ON  1

[REMARKS]
