000
CXUS53 KDDC 291420
CF6GCK
PRELIMINARY LOCAL CLIMATOLOGICAL DATA (WS FORM: F-6)

                                          STATION:   GARDEN CITY REGIONAL ARPT KS
                                          MONTH:     JANUARY
                                          YEAR:      2020
                                          LATITUDE:   37 55 N
                                          LONGITUDE: 100 43 W

  TEMPERATURE IN F:       :PCPN:    SNOW:  WIND      :SUNSHINE: SKY     :PK WND
================================================================================
1   2   3   4   5  6A  6B    7    8   9   10  11  12  13   14  15   16   17  18
                                     12Z  AVG MX 2MIN
DY MAX MIN AVG DEP HDD CDD  WTR  SNW DPTH SPD SPD DIR MIN PSBL S-S WX    SPD DR
================================================================================

 1  55  15  35   5  30   0 0.00    M    M  7.9 17 340   M    M   1        21 330
 2  49  27  38   7  27   0 0.00    M    M 12.6 26 360   M    M   0        35  10
 3  48  24  36   5  29   0 0.00    M    M 10.3 20 340   M    M   2        25 340
 4  58  21  40   9  25   0 0.00    M    M  9.2 20 220   M    M   1        27 210
 5  50  28  39   8  26   0 0.00    M    M 12.9 29 340   M    M   0        37 340
 6  51  16  34   3  31   0 0.00    M    M 13.4 37 320   M    M   1        48 320
 7  58  19  39   8  26   0 0.00    M    M  9.8 21 260   M    M   0        23  20
 8  57  20  39   8  26   0 0.00    M    M 14.3 26 200   M    M   0        38 200
 9  54  26  40   9  25   0 0.00    M    M  9.9 22 340   M    M   0        30 220
10  37  14  26  -5  39   0    T    M    M 20.2 35  10   M    M   7 18     45 360
11  34   8  21 -10  44   0 0.00    M    M 10.9 26 350   M    M   0        36 350
12  49   9  29  -2  36   0 0.00    M    M  9.5 20 150   M    M   0        27 140
13  55  22  39   8  26   0 0.00    M    M  7.3 16 180   M    M   0        24 170
14  55  15  35   4  30   0 0.00    M    M 10.1 21 150   M    M   0        27 150
15  45  21  33   2  32   0 0.00    M    M 13.0 28  30   M    M   0        34  40
16  26  15  21 -10  44   0 0.14    M    M  7.9 20 150   M    M   5 16     23 150
17  51  25  38   7  27   0 0.05    M    M 17.8 33 360   M    M   8 16     42 360
18  43  22  33   2  32   0 0.00    M    M 11.0 40 330   M    M   0        55 320
19  45  18  32   1  33   0 0.00    M    M  6.2 10  90   M    M   0        14  30
20  49  16  33   2  32   0 0.00    M    M  9.3 20  70   M    M   0        24  80
21  43  18  31   0  34   0 0.02    M    M 14.3 31 210   M    M   3 1      42 190
22  58  32  45  14  20   0    T    M    M  9.3 23 190   M    M   4 12     36 190
23  50  22  36   5  29   0 0.00    M    M 17.0 35 340   M    M   2        43 350
24  51  17  34   3  31   0 0.00    M    M  6.5 12 130   M    M   2        14 210
25  51  27  39   8  26   0 0.00    M    M  5.4 12  10   M    M   3        15 150
26  57  27  42  11  23   0 0.00    M    M  8.3 14  10   M    M   0        20 340
27  44  24  34   3  31   0 0.01    M    M 15.7 24  80   M    M   2 16     33  80
28  35  22  29  -2  36   0 0.13    M    M 12.2 23  10   M    M   8 16     29  30
================================================================================
SM 1358  570       850   0  0.35    M    312.2          M       49
================================================================================
AV 48.5 20.4                              11.2 FASTST   M    M   2    MAX(MPH)
                                 MISC ---->  # 40 330               # 55  320
================================================================================
NOTES:
# LAST OF SEVERAL OCCURRENCES

COLUMN 17 PEAK WIND IN M.P.H.

PRELIMINARY LOCAL CLIMATOLOGICAL DATA (WS FORM: F-6) , PAGE 2

                                          STATION:  GARDEN CITY REGIONAL ARPT KS
                                          MONTH:    JANUARY
                                          YEAR:     2020
                                          LATITUDE:   37 55 N
                                          LONGITUDE: 100 43 W

[TEMPERATURE DATA]      [PRECIPITATION DATA]       SYMBOLS USED IN COLUMN 16

AVERAGE MONTHLY: 34.4   TOTAL FOR MONTH:   0.35    1 = FOG OR MIST
DPTR FM NORMAL:   3.5   DPTR FM NORMAL:    0.05    2 = FOG REDUCING VISIBILITY
HIGHEST:    58 ON 22, 7 GRTST 24HR  0.14 ON 16-16      TO 1/4 MILE OR LESS
LOWEST:      8 ON 11                               3 = THUNDER
                        SNOW, ICE PELLETS, HAIL    4 = ICE PELLETS
                        TOTAL MONTH:    M          5 = HAIL
                        GRTST 24HR    M  ON   M    6 = FREEZING RAIN OR DRIZZLE
                        GRTST DEPTH:  M  ON   M    7 = DUSTSTORM OR SANDSTORM:
                                                       VSBY 1/2 MILE OR LESS
                                                   8 = SMOKE OR HAZE
[NO. OF DAYS WITH]      [WEATHER - DAYS WITH]      9 = BLOWING SNOW
                                                   X = TORNADO
MAX 32 OR BELOW:   1    0.01 INCH OR MORE:   5
MAX 90 OR ABOVE:   0    0.10 INCH OR MORE:   2
MIN 32 OR BELOW:  28    0.50 INCH OR MORE:   0
MIN  0 OR BELOW:   0    1.00 INCH OR MORE:   0

[HDD (BASE 65) ]
TOTAL THIS MO.   850    CLEAR  (SCALE 0-3)  23
DPTR FM NORMAL  -102    PTCLDY (SCALE 4-7)   5
TOTAL FM JUL 1  3034    CLOUDY (SCALE 8-10)  0
DPTR FM NORMAL   -41

[CDD (BASE 65) ]
TOTAL THIS MO.     0
DPTR FM NORMAL     0    [PRESSURE DATA]
TOTAL FM JAN 1     0    HIGHEST SLP M ON M
DPTR FM NORMAL     0    LOWEST  SLP 29.44 ON  1

[REMARKS]
