000
CXUS53 KDDC 221200
CF6P28
PRELIMINARY LOCAL CLIMATOLOGICAL DATA (WS FORM: F-6)

                                          STATION:   MEDICINE LODGE KS
                                          MONTH:     AUGUST
                                          YEAR:      2019
                                          LATITUDE:   37 17 N
                                          LONGITUDE:  98 35 W

  TEMPERATURE IN F:       :PCPN:    SNOW:  WIND      :SUNSHINE: SKY     :PK WND
================================================================================
1   2   3   4   5  6A  6B    7    8   9   10  11  12  13   14  15   16   17  18
                                     12Z  AVG MX 2MIN
DY MAX MIN AVG DEP HDD CDD  WTR  SNW DPTH SPD SPD DIR MIN PSBL S-S WX    SPD DR
================================================================================

 1  93  75  84   2   0  19 0.04  0.0    0  9.7 20 180   M    M   0        28 130
 2  89  75  82   0   0  17 0.01  0.0    0 10.4 17 130   M    M   0        29 120
 3  89  72  81  -1   0  16 0.00  0.0    0  4.4 10 100   M    M   0        17  90
 4  92  65  79  -3   0  14 0.00  0.0    0  3.0 12  90   M    M   0        17 120
 5  96  67  82   0   0  17 0.00  0.0    0  5.4 10 160   M    M   0        17 180
 6 100  73  87   5   0  22 0.19  0.0    0  5.4 13 200   M    M   0        18 190
 7  98  72  85   3   0  20 0.00  0.0    0  8.7 21 100   M    M   0        32 100
 8  85  68  77  -5   0  12 0.13  0.0    0  9.2 25  90   M    M   0        39  80
 9  86  70  78  -4   0  13 0.33  0.0    0  5.2 12 130   M    M   0        16 120
10  93  74  84   2   0  19 0.01  0.0    0  6.6 12 110   M    M   0        20 130
11  98  73  86   5   0  21 0.00  0.0    0  8.4 15 170   M    M   0        24 170
12 102  72  87   6   0  22 0.09  0.0    0  6.7 21 290   M    M   0        32 300
13  94  64  79  -2   0  14 0.46  0.0    0  9.8 40 330   M    M   0        56 330
14  89  64  77  -4   0  12 0.00  0.0    0  5.9 20  90   M    M   0        29 100
15  98  69  84   3   0  19 0.00  0.0    0  8.9 18 170   M    M   0        26 180
16  99  68  84   3   0  19 0.00  0.0    0  9.0 43 180   M    M   0        62 180
17  98  73  86   6   0  21 0.01  0.0    0 12.3 37 170   M    M   0        60 170
18  92  71  82   2   0  17 0.00  0.0    0  9.8 23  60   M    M   0        33  50
19 102  74  88   8   0  23 0.00  0.0    0  8.1 16 180   M    M   0        24 140
20 105  77  91  11   0  26 0.00  0.0    0  8.2 20 220   M    M   0        27 230
21  95  75  85   5   0  20 0.00  0.0    0 10.4 29  50   M    M   0        37  60
================================================================================
SM 1993 1491         0 383  1.27     0.0 165.5          M        0
================================================================================
AV 94.9 71.0                               7.9 FASTST   M    M   0    MAX(MPH)
                                 MISC ---->  # 43 180               # 62  180
================================================================================
NOTES:
# LAST OF SEVERAL OCCURRENCES

COLUMN 17 PEAK WIND IN M.P.H.

PRELIMINARY LOCAL CLIMATOLOGICAL DATA (WS FORM: F-6) , PAGE 2

                                          STATION:  MEDICINE LODGE KS
                                          MONTH:    AUGUST
                                          YEAR:     2019
                                          LATITUDE:   37 17 N
                                          LONGITUDE:  98 35 W

[TEMPERATURE DATA]      [PRECIPITATION DATA]       SYMBOLS USED IN COLUMN 16

AVERAGE MONTHLY: 83.0   TOTAL FOR MONTH:   1.27    1 = FOG OR MIST
DPTR FM NORMAL:   1.7   DPTR FM NORMAL:   -0.77    2 = FOG REDUCING VISIBILITY
HIGHEST:   105 ON 20    GRTST 24HR  0.46 ON 13-13      TO 1/4 MILE OR LESS
LOWEST:     64 ON 14,13                            3 = THUNDER
                        SNOW, ICE PELLETS, HAIL    4 = ICE PELLETS
                        TOTAL MONTH:   0.0 INCH    5 = HAIL
                        GRTST 24HR     0.0         6 = FREEZING RAIN OR DRIZZLE
                        GRTST DEPTH:   0           7 = DUSTSTORM OR SANDSTORM:
                                                       VSBY 1/2 MILE OR LESS
                                                   8 = SMOKE OR HAZE
[NO. OF DAYS WITH]      [WEATHER - DAYS WITH]      9 = BLOWING SNOW
                                                   X = TORNADO
MAX 32 OR BELOW:   0    0.01 INCH OR MORE:   9
MAX 90 OR ABOVE:  16    0.10 INCH OR MORE:   4
MIN 32 OR BELOW:   0    0.50 INCH OR MORE:   0
MIN  0 OR BELOW:   0    1.00 INCH OR MORE:   0

[HDD (BASE 65) ]
TOTAL THIS MO.     0    CLEAR  (SCALE 0-3)  21
DPTR FM NORMAL     0    PTCLDY (SCALE 4-7)   0
TOTAL FM JUL 1     0    CLOUDY (SCALE 8-10)  0
DPTR FM NORMAL     0

[CDD (BASE 65) ]
TOTAL THIS MO.   383
DPTR FM NORMAL    42    [PRESSURE DATA]
TOTAL FM JAN 1  1298    HIGHEST SLP M ON M
DPTR FM NORMAL   -80    LOWEST  SLP 29.59 ON 17

[REMARKS]
