000
CXUS54 KBRO 010800
CF6HRL
PRELIMINARY LOCAL CLIMATOLOGICAL DATA (WS FORM: F-6)
STATION: HARLINGEN
MONTH: OCTOBER
YEAR: 2021
LATITUDE: 26 13 N
LONGITUDE: 97 40 W
TEMPERATURE IN F: :PCPN: SNOW: WIND :SUNSHINE: SKY :PK WND
================================================================================
1 2 3 4 5 6A 6B 7 8 9 10 11 12 13 14 15 16 17 18
12Z AVG MX 2MIN
DY MAX MIN AVG DEP HDD CDD WTR SNW DPTH SPD SPD DIR MIN PSBL S-S WX SPD DR
================================================================================
1 88 73 81 1 0 16 6.11 0.0 0 9.0 38 20 M M 4 123 47 20
2 91 70 81 1 0 16 0.00 0.0 0 5.9 14 80 M M 1 12 18 80
3 91 74 83 3 0 18 T 0.0 0 6.0 15 60 M M 3 1 21 90
4 92 74 83 4 0 18 0.00 0.0 0 6.9 15 60 M M 2 21 50
5 92 68 80 1 0 15 0.00 0.0 0 6.1 14 30 M M 0 1 21 20
6 90 64 77 -2 0 12 0.00 0.0 0 5.7 14 110 M M 0 18 100
7 90 66 78 -1 0 13 0.00 0.0 0 4.9 16 80 M M 0 21 90
8 90 64 77 -2 0 12 0.00 0.0 0 5.2 15 100 M M 0 1 22 80
9 92 64 78 0 0 13 0.00 0.0 0 7.8 17 130 M M 1 1 25 140
10 93 75 84 6 0 19 0.00 0.0 0 17.5 32 170 M M 1 40 160
11 93 79 86 8 0 21 0.00 0.0 0 11.4 23 130 M M 5 18 28 120
12 93 79 86 8 0 21 0.00 0.0 0 14.6 25 150 M M 3 18 33 170
13 91 78 85 7 0 20 0.00 0.0 0 16.1 29 150 M M 5 38 150
14 91 77 84 7 0 19 T 0.0 0 11.2 21 140 M M 6 3 26 170
15 94 76 85 8 0 20 0.00 0.0 0 7.3 17 110 M M 1 18 23 120
16 79 60 70 -7 0 5 1.37 0.0 0 11.5 24 340 M M 7 3 31 350
17 81 56 69 -8 0 4 0.00 0.0 0 8.1 15 360 M M 1 21 40
18 84 58 71 -5 0 6 0.00 0.0 0 5.1 14 90 M M 0 18 100
19 88 62 75 -1 0 10 0.00 0.0 0 7.4 20 110 M M 1 25 130
20 91 68 80 4 0 15 0.00 0.0 0 7.4 20 110 M M 3 26 110
21 91 67 79 3 0 14 0.00 0.0 0 5.4 17 80 M M 0 1 23 70
22 90 63 77 2 0 12 1.24 0.0 0 5.3 26 10 M M 3 138 35 360
23 90 67 79 4 0 14 0.00 0.0 0 7.1 17 140 M M 2 1 21 130
24 93 70 82 7 0 17 0.00 0.0 0 6.7 17 130 M M 2 12 21 120
25 92 70 81 7 0 16 0.00 0.0 0 6.9 17 120 M M 4 12 22 120
26 92 76 84 10 0 19 0.00 0.0 0 13.8 26 150 M M 5 35 130
27 93 63 78 4 0 13 0.00 0.0 0 15.4 29 350 M M 3 18 39 350
28 87 56 72 -1 0 7 0.00 0.0 0 8.8 23 350 M M 0 29 350
29 86 51 69 -4 0 4 0.00 0.0 0 9.3 25 330 M M 0 33 350
30 88 51 70 -3 0 5 0.00 0.0 0 4.6 16 110 M M 0 20 110
31 M M M M M M M M M M M M M M M M M
================================================================================
SM 2696 2019 0 414 8.72 0.0 258.4 M 63
================================================================================
AV 89.9 67.3 8.6 FASTST M M 2 MAX(MPH)
MISC ----> 38 20 47 20
================================================================================
NOTES:
# LAST OF SEVERAL OCCURRENCES
COLUMN 17 PEAK WIND IN M.P.H.
PRELIMINARY LOCAL CLIMATOLOGICAL DATA (WS FORM: F-6) , PAGE 2
STATION: HARLINGEN
MONTH: OCTOBER
YEAR: 2021
LATITUDE: 26 13 N
LONGITUDE: 97 40 W
[TEMPERATURE DATA] [PRECIPITATION DATA] SYMBOLS USED IN COLUMN 16
AVERAGE MONTHLY: 78.6 TOTAL FOR MONTH: 8.72 1 = FOG OR MIST
DPTR FM NORMAL: 2.0 DPTR FM NORMAL: 6.01 2 = FOG REDUCING VISIBILITY
HIGHEST: 94 ON 15 GRTST 24HR 6.11 ON 30- 1 TO 1/4 MILE OR LESS
LOWEST: 51 ON 30,29 3 = THUNDER
SNOW, ICE PELLETS, HAIL 4 = ICE PELLETS
TOTAL MONTH: 0.0 INCH 5 = HAIL
GRTST 24HR 0.0 6 = FREEZING RAIN OR DRIZZLE
GRTST DEPTH: 0 7 = DUSTSTORM OR SANDSTORM:
VSBY 1/2 MILE OR LESS
8 = SMOKE OR HAZE
[NO. OF DAYS WITH] [WEATHER - DAYS WITH] 9 = BLOWING SNOW
X = TORNADO
MAX 32 OR BELOW: 0 0.01 INCH OR MORE: 3
MAX 90 OR ABOVE: 22 0.10 INCH OR MORE: 3
MIN 32 OR BELOW: 0 0.50 INCH OR MORE: 3
MIN 0 OR BELOW: 0 1.00 INCH OR MORE: 3
[HDD (BASE 65) ]
TOTAL THIS MO. 0 CLEAR (SCALE 0-3) 22
DPTR FM NORMAL -5 PTCLDY (SCALE 4-7) 8
TOTAL FM JUL 1 0 CLOUDY (SCALE 8-10) 0
DPTR FM NORMAL 0
[CDD (BASE 65) ]
TOTAL THIS MO. 414
DPTR FM NORMAL 50 [PRESSURE DATA]
TOTAL FM JAN 1 3927 HIGHEST SLP M ON M
DPTR FM NORMAL -47 LOWEST SLP 29.57 ON 27
[REMARKS]
#FINAL-10-21#