000
CXUS53 KARX 010900
CF6TOB
PRELIMINARY LOCAL CLIMATOLOGICAL DATA (WS FORM: F-6)
STATION: DODGE_CENTER MN
MONTH: MARCH
YEAR: 2023
LATITUDE: 44 1 N
LONGITUDE: 92 50 W
TEMPERATURE IN F: :PCPN: SNOW: WIND :SUNSHINE: SKY :PK WND
================================================================================
1 2 3 4 5 6A 6B 7 8 9 10 11 12 13 14 15 16 17 18
12Z AVG MX 2MIN
DY MAX MIN AVG DEP HDD CDD WTR SNW DPTH SPD SPD DIR MIN PSBL S-S WX SPD DR
================================================================================
1 37 25 31 M 34 0 M M M 15.1 21 230 M M 4 1 25 230
2 28 19 24 M 41 0 M M M 7.4 14 340 M M 4 17 320
3 36 18 27 M 38 0 0.00 0.0 M 3.3 10 250 M M 0 1 M M
4 36 19 28 M 37 0 0.00 0.0 M 7.4 12 260 M M 2 1 M M
5 37 19 28 M 37 0 M M M 9.4 18 70 M M 2 23 110
6 34 28 31 M 34 0 M M M 11.5 16 350 M M 7 1 23 350
7 37 28 33 M 32 0 M M M 9.3 14 100 M M 5 16 30
8 36 30 33 M 32 0 M M M 8.9 16 140 M M 8 M M
9 34 27 31 M 34 0 M M M 13.2 22 70 M M 7 28 70
10 30 25 28 M 37 0 M M M 5.9 12 20 M M 8 M M
11 30 27 29 M 36 0 M M M 13.0 24 120 M M 2 29 120
12 30 25 28 M 37 0 M M M 14.4 21 330 M M 1 1 27 280
13 27 9 18 M 47 0 M M M 11.1 18 330 M M 2 27 330
14 28 0 14 M 51 0 0.00 0.0 M 8.0 16 160 M M 0 12 M M
15 39 27 33 M 32 0 0.00 0.0 M 18.3 23 180 M M 0 29 180
16 39 19 29 M 36 0 0.22 M M 17.6 29 320 M M 2 1 36 310
17 18 3 11 M 54 0 0.00 M M 22.0 29 290 M M 0 8 38 290
18 19 3 11 M 54 0 T M M 17.0 22 300 M M 3 1 29 310
19 37 7 22 M 43 0 0.00 M M 15.2 22 200 M M 0 27 200
20 37 28 33 M 32 0 0.00 0.0 M 8.8 18 210 M M 0 M M
21 43 27 35 M 30 0 0.11 0.0 0 10.4 16 170 M M 0 M M
22 37 27 32 M 33 0 0.02 0.0 0 12.4 18 170 M M 0 1 22 260
23 32 25 29 M 36 0 0.00 0.0 M 7.6 12 340 M M 0 9 350
24 45 19 32 M 33 0 0.00 0.0 M 3.8 9 20 M M 0 M M
25 41 28 35 M 30 0 0.00 0.0 M 7.8 15 300 M M 0 18 320
26 37 25 31 M 34 0 0.00 0.0 0 8.4 13 310 M M 0 1 17 340
27 37 21 29 M 36 0 0.00 0.0 M 7.5 13 300 M M 0 16 290
28 37 16 27 M 38 0 M M M 10.7 18 230 M M 0 25 230
29 25 10 18 M 47 0 0.00 0.0 M 8.2 17 310 M M 0 25 310
30 37 18 28 M 37 0 0.18 M M 12.8 23 110 M M 0 25 120
31 39 32 36 M 29 0 M M M 12.5 25 60 M M 0 13 36 30
================================================================================
SM 1059 634 1161 0 0.53 0.0 338.9 M 57
================================================================================
AV 34.2 20.5 10.9 FASTST M M 2 MAX(MPH)
MISC ----> # 29 320 38 290
================================================================================
NOTES:
# LAST OF SEVERAL OCCURRENCES
COLUMN 17 PEAK WIND IN M.P.H.
PRELIMINARY LOCAL CLIMATOLOGICAL DATA (WS FORM: F-6) , PAGE 2
STATION: DODGE_CENTER MN
MONTH: MARCH
YEAR: 2023
LATITUDE: 44 1 N
LONGITUDE: 92 50 W
[TEMPERATURE DATA] [PRECIPITATION DATA] SYMBOLS USED IN COLUMN 16
AVERAGE MONTHLY: 27.3 TOTAL FOR MONTH: 0.53 1 = FOG OR MIST
DPTR FM NORMAL: 0.0 DPTR FM NORMAL: M 2 = FOG REDUCING VISIBILITY
HIGHEST: 45 ON 24 GRTST 24HR 0.22 ON 16-16 TO 1/4 MILE OR LESS
LOWEST: 0 ON 14 3 = THUNDER
SNOW, ICE PELLETS, HAIL 4 = ICE PELLETS
TOTAL MONTH: 0.0 INCH 5 = HAIL
GRTST 24HR 0.0 6 = FREEZING RAIN OR DRIZZLE
GRTST DEPTH: 0 7 = DUSTSTORM OR SANDSTORM:
VSBY 1/2 MILE OR LESS
8 = SMOKE OR HAZE
[NO. OF DAYS WITH] [WEATHER - DAYS WITH] 9 = BLOWING SNOW
X = TORNADO
MAX 32 OR BELOW: 10 0.01 INCH OR MORE: 4
MAX 90 OR ABOVE: 0 0.10 INCH OR MORE: 3
MIN 32 OR BELOW: 31 0.50 INCH OR MORE: 0
MIN 0 OR BELOW: 1 1.00 INCH OR MORE: 0
[HDD (BASE 65) ]
TOTAL THIS MO. 1161 CLEAR (SCALE 0-3) 24
DPTR FM NORMAL M PTCLDY (SCALE 4-7) 7
TOTAL FM JUL 1 7037 CLOUDY (SCALE 8-10) 0
DPTR FM NORMAL M
[CDD (BASE 65) ]
TOTAL THIS MO. 0
DPTR FM NORMAL M [PRESSURE DATA]
TOTAL FM JAN 1 0 HIGHEST SLP M ON M
DPTR FM NORMAL M LOWEST SLP M ON M
[REMARKS]
#FINAL-03-23#