000
CXUS53 KARX 012111
CF6TOB
PRELIMINARY LOCAL CLIMATOLOGICAL DATA (WS FORM: F-6)
STATION: DODGE_CENTER MN
MONTH: AUGUST
YEAR: 2022
LATITUDE: 44 1 N
LONGITUDE: 92 50 W
TEMPERATURE IN F: :PCPN: SNOW: WIND :SUNSHINE: SKY :PK WND
================================================================================
1 2 3 4 5 6A 6B 7 8 9 10 11 12 13 14 15 16 17 18
12Z AVG MX 2MIN
DY MAX MIN AVG DEP HDD CDD WTR SNW DPTH SPD SPD DIR MIN PSBL S-S WX SPD DR
================================================================================
1 79 63 71 M 0 6 0.00 0.0 0 7.5 16 300 M M 2 24 310
2 88 57 73 M 0 8 0.00 0.0 0 11.9 23 170 M M 0 33 180
3 82 63 73 M 0 8 0.17 0.0 0 9.0 17 300 M M 0 3 44 220
4 79 55 67 M 0 2 0.00 0.0 0 3.0 8 90 M M 0 M M
5 82 57 70 M 0 5 0.00 0.0 0 9.0 17 180 M M 0 21 160
6 79 70 75 M 0 10 0.86 0.0 0 5.9 13 320 M M 0 13 17 170
7 79 64 72 M 0 7 0.11 0.0 0 2.6 14 340 M M 0 1 22 0
8 72 57 65 M 0 0 0.01 0.0 0 7.9 14 330 M M 0 18 340
9 77 54 66 M 0 1 0.00 0.0 0 1.8 7 200 M M 0 M M
10 82 57 70 M 0 5 0.00 0.0 0 2.5 8 260 M M 0 M M
11 77 59 68 M 0 3 0.00 0.0 0 2.2 8 140 M M 0 M M
12 66 59 63 M 2 0 0.76 0.0 0 12.5 24 140 M M 1 33 140
13 72 63 68 M 0 3 0.00 0.0 0 9.5 14 160 M M 9 1 18 350
14 66 57 62 M 3 0 0.00 0.0 0 4.2 8 350 M M 9 M M
15 72 52 62 M 3 0 0.00 0.0 0 1.9 6 100 M M 6 12 M M
16 77 55 66 M 0 1 0.00 0.0 0 1.8 7 100 M M 3 12 M M
17 79 54 67 M 0 2 0.00 0.0 0 2.3 7 220 M M 0 M M
18 81 61 71 M 0 6 M 0.0 0 8.9 21 290 M M 4 32 290
19 73 57 65 M 0 0 M 0.0 0 5.6 12 130 M M 3 3 M M
20 75 57 66 M 0 1 0.00 0.0 0 5.8 12 350 M M 3 1 18 350
21 75 57 66 M 0 1 0.00 0.0 0 4.4 8 340 M M 2 12 M M
22 77 57 67 M 0 2 0.00 0.0 0 1.8 6 340 M M 3 M M
23 79 52 66 M 0 1 0.00 0.0 0 2.5 9 150 M M 1 M M
24 79 63 71 M 0 6 M 0.0 0 6.5 13 170 M M 5 1 18 160
25 73 55 64 M 1 0 0.01 0.0 0 6.0 10 360 M M 5 1 M M
26 75 50 63 M 2 0 0.00 0.0 0 3.2 8 130 M M 0 1 M M
27 82 61 72 M 0 7 0.74 0.0 0 11.3 17 160 M M 6 3 23 160
28 81 64 73 M 0 8 0.97 0.0 0 11.6 17 170 M M 8 21 170
29 77 57 67 M 0 2 0.00 0.0 0 11.8 22 260 M M 1 1 29 260
30 75 54 65 M 0 0 0.00 0.0 0 9.8 17 320 M M 0 24 300
31 82 55 69 M 0 4 0.00 0.0 0 7.3 10 250 M M 0 M M
================================================================================
SM 2392 1796 11 99 3.63 0.0 192.0 M 71
================================================================================
AV 77.2 57.9 6.2 FASTST M M 2 MAX(MPH)
MISC ----> 24 140 44 220
================================================================================
NOTES:
# LAST OF SEVERAL OCCURRENCES
COLUMN 17 PEAK WIND IN M.P.H.
PRELIMINARY LOCAL CLIMATOLOGICAL DATA (WS FORM: F-6) , PAGE 2
STATION: DODGE_CENTER MN
MONTH: AUGUST
YEAR: 2022
LATITUDE: 44 1 N
LONGITUDE: 92 50 W
[TEMPERATURE DATA] [PRECIPITATION DATA] SYMBOLS USED IN COLUMN 16
AVERAGE MONTHLY: 67.5 TOTAL FOR MONTH: 3.63 1 = FOG OR MIST
DPTR FM NORMAL: 0.0 DPTR FM NORMAL: M 2 = FOG REDUCING VISIBILITY
HIGHEST: 88 ON 2 GRTST 24HR 0.97 ON 28-28 TO 1/4 MILE OR LESS
LOWEST: 50 ON 26 3 = THUNDER
SNOW, ICE PELLETS, HAIL 4 = ICE PELLETS
TOTAL MONTH: 0.0 INCH 5 = HAIL
GRTST 24HR 0.0 6 = FREEZING RAIN OR DRIZZLE
GRTST DEPTH: 0 7 = DUSTSTORM OR SANDSTORM:
VSBY 1/2 MILE OR LESS
8 = SMOKE OR HAZE
[NO. OF DAYS WITH] [WEATHER - DAYS WITH] 9 = BLOWING SNOW
X = TORNADO
MAX 32 OR BELOW: 0 0.01 INCH OR MORE: 8
MAX 90 OR ABOVE: 0 0.10 INCH OR MORE: 6
MIN 32 OR BELOW: 0 0.50 INCH OR MORE: 4
MIN 0 OR BELOW: 0 1.00 INCH OR MORE: 0
[HDD (BASE 65) ]
TOTAL THIS MO. 11 CLEAR (SCALE 0-3) 22
DPTR FM NORMAL M PTCLDY (SCALE 4-7) 7
TOTAL FM JUL 1 13 CLOUDY (SCALE 8-10) 2
DPTR FM NORMAL M
[CDD (BASE 65) ]
TOTAL THIS MO. 99
DPTR FM NORMAL M [PRESSURE DATA]
TOTAL FM JAN 1 508 HIGHEST SLP M ON M
DPTR FM NORMAL M LOWEST SLP M ON M
[REMARKS]
#FINAL-08-22#