000
CXUS53 KARX 011000
CF6TOB
PRELIMINARY LOCAL CLIMATOLOGICAL DATA (WS FORM: F-6)
STATION: DODGE_CENTER MN
MONTH: JANUARY
YEAR: 2021
LATITUDE: 44 1 N
LONGITUDE: 92 50 W
TEMPERATURE IN F: :PCPN: SNOW: WIND :SUNSHINE: SKY :PK WND
================================================================================
1 2 3 4 5 6A 6B 7 8 9 10 11 12 13 14 15 16 17 18
12Z AVG MX 2MIN
DY MAX MIN AVG DEP HDD CDD WTR SNW DPTH SPD SPD DIR MIN PSBL S-S WX SPD DR
================================================================================
1 19 12 16 M 49 0 M M M 5.2 13 160 M M 5 M M
2 28 7 18 M 47 0 M M M 5.8 12 180 M M 3 M M
3 27 12 20 M 45 0 M M M 5.8 12 180 M M 4 M M
4 36 18 27 M 38 0 M M M 9.7 13 270 M M 5 1 18 280
5 34 16 25 M 40 0 M M M 4.8 10 280 M M 0 16 270
6 34 27 31 M 34 0 0.00 0.0 M 7.7 10 100 M M 2 M M
7 28 21 25 M 40 0 0.00 0.0 M 3.8 12 110 M M 10 1 M M
8 25 19 22 M 43 0 0.00 0.0 M 3.5 6 30 M M 10 1 M M
9 19 16 18 M 47 0 0.00 0.0 M 1.0 5 300 M M 10 12 M M
10 27 18 23 M 42 0 0.00 0.0 M 2.5 14 230 M M 10 1 18 230
11 36 21 29 M 36 0 0.00 0.0 M 11.8 18 200 M M 1 24 220
12 39 18 29 M 36 0 0.00 0.0 M 8.3 13 210 M M 1 M M
13 43 27 35 M 30 0 0.00 0.0 M 6.1 10 170 M M 1 17 170
14 34 28 31 M 34 0 0.11 M M 8.0 12 350 M M 7 12 17 280
15 34 30 32 M 33 0 M M M 13.0 17 330 M M 10 1 21 30
16 32 19 26 M 39 0 M M M 12.8 17 320 M M 10 1 24 330
17 21 16 19 M 46 0 M M M 6.2 12 290 M M 10 12 M M
18 21 18 20 M 45 0 M M M 8.1 12 280 M M 8 1 16 280
19 21 -6 8 M 57 0 M M M 9.7 22 320 M M 8 24 320
20 36 -8 14 M 51 0 M M M 17.1 29 190 M M 0 18 35 170
21 32 7 20 M 45 0 0.00 0.0 M 17.4 23 290 M M 1 30 280
22 10 0 5 M 60 0 0.00 0.0 M 7.2 14 310 M M 0 18 310
23 18 0 9 M 56 0 M M M 9.6 17 150 M M 6 20 150
24 19 -6 7 M 58 0 M M M 4.2 10 170 M M 7 128 M M
25 18 0 9 M 56 0 0.00 0.0 M 8.6 14 20 M M 3 1 20 40
26 18 10 14 M 51 0 0.00 0.0 M 11.8 17 20 M M 6 23 10
27 14 0 7 M 58 0 0.00 0.0 M 4.3 7 350 M M 5 M M
28 19 1 10 M 55 0 0.00 0.0 M 7.4 14 140 M M 2 M M
29 25 14 20 M 45 0 0.00 0.0 M 13.4 18 130 M M 7 1 23 120
30 30 21 26 M 39 0 M M M 15.6 21 110 M M 8 1 27 110
31 30 27 29 M 36 0 M M M 11.1 15 330 M M 10 1 20 330
================================================================================
SM 827 403 1391 0 0.11 0.0 261.5 M 170
================================================================================
AV 26.7 13.0 8.4 FASTST M M 5 MAX(MPH)
MISC ----> 29 190 35 170
================================================================================
NOTES:
# LAST OF SEVERAL OCCURRENCES
COLUMN 17 PEAK WIND IN M.P.H.
PRELIMINARY LOCAL CLIMATOLOGICAL DATA (WS FORM: F-6) , PAGE 2
STATION: DODGE_CENTER MN
MONTH: JANUARY
YEAR: 2021
LATITUDE: 44 1 N
LONGITUDE: 92 50 W
[TEMPERATURE DATA] [PRECIPITATION DATA] SYMBOLS USED IN COLUMN 16
AVERAGE MONTHLY: 19.8 TOTAL FOR MONTH: 0.11 1 = FOG OR MIST
DPTR FM NORMAL: 0.0 DPTR FM NORMAL: M 2 = FOG REDUCING VISIBILITY
HIGHEST: 43 ON 13 GRTST 24HR 0.33 ON 14-15 TO 1/4 MILE OR LESS
LOWEST: -8 ON 20 3 = THUNDER
SNOW, ICE PELLETS, HAIL 4 = ICE PELLETS
TOTAL MONTH: 0.0 INCH 5 = HAIL
GRTST 24HR 0.0 6 = FREEZING RAIN OR DRIZZLE
GRTST DEPTH: M ON M 7 = DUSTSTORM OR SANDSTORM:
VSBY 1/2 MILE OR LESS
8 = SMOKE OR HAZE
[NO. OF DAYS WITH] [WEATHER - DAYS WITH] 9 = BLOWING SNOW
X = TORNADO
MAX 32 OR BELOW: 22 0.01 INCH OR MORE: 1
MAX 90 OR ABOVE: 0 0.10 INCH OR MORE: 1
MIN 32 OR BELOW: 31 0.50 INCH OR MORE: 0
MIN 0 OR BELOW: 7 1.00 INCH OR MORE: 0
[HDD (BASE 65) ]
TOTAL THIS MO. 1391 CLEAR (SCALE 0-3) 11
DPTR FM NORMAL M PTCLDY (SCALE 4-7) 12
TOTAL FM JUL 1 4425 CLOUDY (SCALE 8-10) 8
DPTR FM NORMAL M
[CDD (BASE 65) ]
TOTAL THIS MO. 0
DPTR FM NORMAL M [PRESSURE DATA]
TOTAL FM JAN 1 0 HIGHEST SLP M ON M
DPTR FM NORMAL M LOWEST SLP M ON M
[REMARKS]
#FINAL-01-21#