000
CXUS53 KARX 010900
CF6TOB
PRELIMINARY LOCAL CLIMATOLOGICAL DATA (WS FORM: F-6)
STATION: DODGE_CENTER MN
MONTH: MARCH
YEAR: 2022
LATITUDE: 44 1 N
LONGITUDE: 92 50 W
TEMPERATURE IN F: :PCPN: SNOW: WIND :SUNSHINE: SKY :PK WND
================================================================================
1 2 3 4 5 6A 6B 7 8 9 10 11 12 13 14 15 16 17 18
12Z AVG MX 2MIN
DY MAX MIN AVG DEP HDD CDD WTR SNW DPTH SPD SPD DIR MIN PSBL S-S WX SPD DR
================================================================================
1 37 30 34 M 31 0 0.00 0.0 M 5.2 10 280 M M 6 M M
2 36 25 31 M 34 0 T 0.0 M 6.4 17 350 M M 6 6 21 360
3 25 19 22 M 43 0 0.00 0.0 M 5.5 9 360 M M 3 M M
4 39 25 32 M 33 0 M M M 15.5 24 130 M M 3 31 120
5 43 30 37 M 28 0 0.37 M M 10.7 23 140 M M 6 12 29 140
6 30 25 28 M 37 0 0.02 M M 13.7 20 310 M M 10 23 310
7 28 18 23 M 42 0 M M M 12.9 17 320 M M 4 23 330
8 41 21 31 M 34 0 M M M 14.3 21 230 M M 1 29 230
9 25 10 18 M 47 0 M M M 15.3 22 290 M M 0 27 290
10 25 9 17 M 48 0 M M M 8.0 16 200 M M 0 22 200
11 19 1 10 M 55 0 M M M 18.5 23 280 M M 1 32 290
12 27 0 14 M 51 0 M M M 12.1 23 190 M M 0 29 200
13 46 21 34 M 31 0 M M M 9.8 22 200 M M 2 27 200
14 43 32 38 M 27 0 M M M 11.8 22 50 M M 6 1 28 50
15 54 27 41 M 24 0 M M M 6.3 15 180 M M 4 12 16 220
16 61 37 49 M 16 0 M M M 13.3 21 200 M M 1 28 180
17 46 34 40 M 25 0 0.00 0.0 0 9.2 16 350 M M 2 12 18 340
18 43 30 37 M 28 0 0.00 0.0 0 9.2 16 30 M M 2 21 30
19 52 27 40 M 25 0 0.00 0.0 0 6.0 13 340 M M 1 1 16 340
20 59 27 43 M 22 0 0.00 0.0 0 3.5 14 120 M M 2 12 M M
21 70 45 58 M 7 0 0.00 0.0 0 13.2 22 190 M M 1 27 160
22 45 36 41 M 24 0 0.68 0.0 0 10.0 17 70 M M 9 1 22 60
23 36 30 33 M 32 0 0.08 M M 16.1 21 350 M M 8 1 26 350
24 39 30 35 M 30 0 M M M 8.9 14 340 M M 9 22 340
25 39 25 32 M 33 0 M M M 20.1 29 300 M M 7 41 300
26 30 18 24 M 41 0 0.00 0.0 M 19.1 30 330 M M 2 38 330
27 28 12 20 M 45 0 0.00 0.0 M 10.5 15 360 M M 0 21 350
28 36 16 26 M 39 0 M M M 8.0 15 130 M M 1 18 130
29 41 32 37 M 28 0 0.01 0.0 0 20.8 29 120 M M 2 36 110
30 36 30 33 M 32 0 0.15 M M 12.6 20 350 M M 3 1 27 350
31 M M M M M M M M M M M M M M M M M
================================================================================
SM 1179 722 992 0 1.31 0.0 346.6 M 102
================================================================================
AV 39.3 24.1 11.6 FASTST M M 3 MAX(MPH)
MISC ----> 30 330 41 300
================================================================================
NOTES:
# LAST OF SEVERAL OCCURRENCES
COLUMN 17 PEAK WIND IN M.P.H.
PRELIMINARY LOCAL CLIMATOLOGICAL DATA (WS FORM: F-6) , PAGE 2
STATION: DODGE_CENTER MN
MONTH: MARCH
YEAR: 2022
LATITUDE: 44 1 N
LONGITUDE: 92 50 W
[TEMPERATURE DATA] [PRECIPITATION DATA] SYMBOLS USED IN COLUMN 16
AVERAGE MONTHLY: 31.7 TOTAL FOR MONTH: 1.31 1 = FOG OR MIST
DPTR FM NORMAL: 0.0 DPTR FM NORMAL: M 2 = FOG REDUCING VISIBILITY
HIGHEST: 70 ON 21 GRTST 24HR 0.68 ON 22-22 TO 1/4 MILE OR LESS
LOWEST: 0 ON 12 3 = THUNDER
SNOW, ICE PELLETS, HAIL 4 = ICE PELLETS
TOTAL MONTH: 0.0 INCH 5 = HAIL
GRTST 24HR 0.0 6 = FREEZING RAIN OR DRIZZLE
GRTST DEPTH: 0 7 = DUSTSTORM OR SANDSTORM:
VSBY 1/2 MILE OR LESS
8 = SMOKE OR HAZE
[NO. OF DAYS WITH] [WEATHER - DAYS WITH] 9 = BLOWING SNOW
X = TORNADO
MAX 32 OR BELOW: 9 0.01 INCH OR MORE: 6
MAX 90 OR ABOVE: 0 0.10 INCH OR MORE: 3
MIN 32 OR BELOW: 26 0.50 INCH OR MORE: 1
MIN 0 OR BELOW: 1 1.00 INCH OR MORE: 0
[HDD (BASE 65) ]
TOTAL THIS MO. 992 CLEAR (SCALE 0-3) 18
DPTR FM NORMAL M PTCLDY (SCALE 4-7) 9
TOTAL FM JUL 1 6804 CLOUDY (SCALE 8-10) 4
DPTR FM NORMAL M
[CDD (BASE 65) ]
TOTAL THIS MO. 0
DPTR FM NORMAL M [PRESSURE DATA]
TOTAL FM JAN 1 0 HIGHEST SLP M ON M
DPTR FM NORMAL M LOWEST SLP M ON M
[REMARKS]
#FINAL-03-22#