000
CXUS53 KARX 010900
CF6TOB
PRELIMINARY LOCAL CLIMATOLOGICAL DATA (WS FORM: F-6)
STATION: DODGE_CENTER MN
MONTH: JUNE
YEAR: 2021
LATITUDE: 44 1 N
LONGITUDE: 92 50 W
TEMPERATURE IN F: :PCPN: SNOW: WIND :SUNSHINE: SKY :PK WND
================================================================================
1 2 3 4 5 6A 6B 7 8 9 10 11 12 13 14 15 16 17 18
12Z AVG MX 2MIN
DY MAX MIN AVG DEP HDD CDD WTR SNW DPTH SPD SPD DIR MIN PSBL S-S WX SPD DR
================================================================================
1 75 48 62 M 3 0 M M M 3.8 9 160 M M 0 M M
2 81 54 68 M 0 3 0.00 0.0 0 7.1 13 190 M M 1 M M
3 88 59 74 M 0 9 0.00 0.0 0 12.4 18 250 M M 1 29 250
4 93 66 80 M 0 15 0.00 0.0 0 16.3 22 240 M M 0 28 230
5 93 70 82 M 0 17 0.00 0.0 0 17.1 23 190 M M 0 30 190
6 90 70 80 M 0 15 0.00 0.0 0 17.9 25 180 M M 0 33 200
7 93 70 82 M 0 17 0.00 0.0 0 11.4 17 210 M M 0 21 190
8 93 70 82 M 0 17 0.00 0.0 0 5.9 8 120 M M 0 17 180
9 93 66 80 M 0 15 0.00 0.0 0 4.8 12 130 M M 0 18 100
10 97 70 84 M 0 19 0.00 0.0 0 5.4 9 130 M M 0 M M
11 90 72 81 M 0 16 M M M 10.3 16 330 M M 0 24 330
12 84 63 74 M 0 9 M M M 10.3 17 330 M M 0 23 330
13 93 55 74 M 0 9 0.00 0.0 0 7.3 18 270 M M 0 27 260
14 84 57 71 M 0 6 0.00 M M 7.0 15 330 M M 0 22 330
15 81 55 68 M 0 3 0.00 M M 6.2 14 60 M M 0 17 50
16 88 54 71 M 0 6 0.00 M M 8.0 13 160 M M 0 18 140
17 93 66 80 M 0 15 0.18 M M 9.0 17 260 M M 0 3 25 260
18 90 63 77 M 0 12 0.00 0.0 0 6.1 12 320 M M 1 17 300
19 79 57 68 M 0 3 0.00 0.0 0 6.7 15 320 M M 0 20 350
20 82 57 70 M 0 5 1.04 0.0 0 10.6 23 330 M M 5 3 33 330
21 64 48 56 M 9 0 0.00 0.0 0 12.8 18 310 M M 4 25 340
22 75 48 62 M 3 0 0.00 0.0 0 5.0 10 220 M M 3 M M
23 86 54 70 M 0 5 0.00 0.0 0 10.6 18 170 M M 3 1 23 170
24 90 70 80 M 0 15 0.00 0.0 0 12.0 17 190 M M 0 25 190
25 82 64 73 M 0 8 0.00 0.0 0 6.6 10 60 M M 1 M M
26 72 64 68 M 0 3 0.36 0.0 0 7.1 12 340 M M 7 18 17 10
27 79 57 68 M 0 3 T 0.0 0 4.5 8 280 M M 3 M M
28 82 64 73 M 0 8 M M M 5.2 22 320 M M 2 25 320
29 82 64 73 M 0 8 0.06 0.0 0 4.7 14 260 M M 4 1 18 250
30 82 63 73 M 0 8 0.00 0.0 0 4.7 9 330 M M 1 M M
================================================================================
SM 2554 1838 15 269 1.64 0.0 256.7 M 36
================================================================================
AV 85.1 61.3 8.6 FASTST M M 1 MAX(MPH)
MISC ----> 25 180 # 33 200
================================================================================
NOTES:
# LAST OF SEVERAL OCCURRENCES
COLUMN 17 PEAK WIND IN M.P.H.
PRELIMINARY LOCAL CLIMATOLOGICAL DATA (WS FORM: F-6) , PAGE 2
STATION: DODGE_CENTER MN
MONTH: JUNE
YEAR: 2021
LATITUDE: 44 1 N
LONGITUDE: 92 50 W
[TEMPERATURE DATA] [PRECIPITATION DATA] SYMBOLS USED IN COLUMN 16
AVERAGE MONTHLY: 73.2 TOTAL FOR MONTH: 1.64 1 = FOG OR MIST
DPTR FM NORMAL: 0.0 DPTR FM NORMAL: M 2 = FOG REDUCING VISIBILITY
HIGHEST: 97 ON 10 GRTST 24HR 1.04 ON 20-20 TO 1/4 MILE OR LESS
LOWEST: 48 ON 22,21 3 = THUNDER
SNOW, ICE PELLETS, HAIL 4 = ICE PELLETS
TOTAL MONTH: 0.0 INCH 5 = HAIL
GRTST 24HR 0.0 6 = FREEZING RAIN OR DRIZZLE
GRTST DEPTH: 0 7 = DUSTSTORM OR SANDSTORM:
VSBY 1/2 MILE OR LESS
8 = SMOKE OR HAZE
[NO. OF DAYS WITH] [WEATHER - DAYS WITH] 9 = BLOWING SNOW
X = TORNADO
MAX 32 OR BELOW: 0 0.01 INCH OR MORE: 4
MAX 90 OR ABOVE: 12 0.10 INCH OR MORE: 3
MIN 32 OR BELOW: 0 0.50 INCH OR MORE: 1
MIN 0 OR BELOW: 0 1.00 INCH OR MORE: 1
[HDD (BASE 65) ]
TOTAL THIS MO. 15 CLEAR (SCALE 0-3) 25
DPTR FM NORMAL M PTCLDY (SCALE 4-7) 5
TOTAL FM JUL 1 7632 CLOUDY (SCALE 8-10) 0
DPTR FM NORMAL M
[CDD (BASE 65) ]
TOTAL THIS MO. 269
DPTR FM NORMAL M [PRESSURE DATA]
TOTAL FM JAN 1 316 HIGHEST SLP M ON M
DPTR FM NORMAL M LOWEST SLP M ON M
[REMARKS]
#FINAL-06-21#