000
CXUS54 KFWD 010831
CF6TPL
PRELIMINARY LOCAL CLIMATOLOGICAL DATA (WS FORM: F-6)
STATION: TEMPLE
MONTH: FEBRUARY
YEAR: 2023
LATITUDE: 31 8 N
LONGITUDE: 97 25 W
TEMPERATURE IN F: :PCPN: SNOW: WIND :SUNSHINE: SKY :PK WND
================================================================================
1 2 3 4 5 6A 6B 7 8 9 10 11 12 13 14 15 16 17 18
12Z AVG MX 2MIN
DY MAX MIN AVG DEP HDD CDD WTR SNW DPTH SPD SPD DIR MIN PSBL S-S WX SPD DR
================================================================================
1 31 28 30 -18 35 0 0.21 M M 11.8 17 350 M M 10 6 23 350
2 36 31 34 -14 31 0 0.68 M M 10.9 16 330 M M 10 6 21 340
3 48 27 38 -11 27 0 0.00 M M 5.2 13 350 M M 6 20 350
4 62 27 45 -4 20 0 0.00 M M 8.5 20 180 M M 5 26 180
5 74 38 56 7 9 0 0.00 M M 8.2 13 170 M M 2 17 180
6 75 52 64 15 1 0 0.00 M M 19.8 33 180 M M 7 44 190
7 68 49 59 10 6 0 0.82 M M 11.8 22 160 M M 10 24 340
8 54 37 46 -3 19 0 0.05 M M 10.4 18 280 M M 7 24 280
9 74 35 55 5 10 0 0.00 M M 9.0 15 240 M M 0 22 240
10 54 35 45 -5 20 0 0.00 M M 15.7 27 320 M M 5 36 340
11 56 31 44 -6 21 0 0.00 M M 8.0 15 340 M M 1 23 340
12 68 28 48 -2 17 0 0.00 M M 6.9 16 190 M M 0 M M
13 68 39 54 4 11 0 0.00 M M 11.1 23 140 M M 1 M M
14 77 54 66 15 0 1 0.06 M M 15.9 24 240 M M 4 36 140
15 80 46 63 12 2 0 0.00 M M 15.3 29 160 M M 4 39 160
16 70 36 53 2 12 0 0.08 M M 17.9 25 330 M M 7 35 310
17 52 29 41 -10 24 0 0.00 M M 10.7 18 340 M M 0 25 340
18 57 25 41 -11 24 0 0.00 M M 8.8 17 170 M M 0 22 160
19 71 44 58 6 7 0 0.00 M M 9.0 14 180 M M 0 M M
20 85 53 69 17 0 4 0.00 M M 12.0 18 190 M M 0 25 210
21 83 59 71 19 0 6 0.00 M M 15.7 26 160 M M 3 38 160
22 84 59 72 20 0 7 0.07 M M 13.4 30 170 M M 4 38 160
23 72 51 62 9 3 0 0.00 M M 13.8 21 360 M M 4 32 10
24 51 46 49 -4 16 0 0.00 M M 12.2 16 360 M M 10 23 360
25 55 40 48 -5 17 0 0.00 M M 8.7 15 340 M M 10 M M
26 80 49 65 11 0 0 0.00 M M 13.6 29 160 M M 7 38 160
27 79 47 63 9 2 0 0.00 M M 9.9 23 180 M M 3 37 180
28 86 45 66 12 0 1 0.00 M M 8.1 18 170 M M 0 22 150
================================================================================
SM 1850 1140 334 19 1.97 M 322.2 M 120
================================================================================
AV 66.1 40.7 11.5 FASTST M M 4 MAX(MPH)
MISC ----> 33 180 44 190
================================================================================
NOTES:
# LAST OF SEVERAL OCCURRENCES
COLUMN 17 PEAK WIND IN M.P.H.
PRELIMINARY LOCAL CLIMATOLOGICAL DATA (WS FORM: F-6) , PAGE 2
STATION: TEMPLE
MONTH: FEBRUARY
YEAR: 2023
LATITUDE: 31 8 N
LONGITUDE: 97 25 W
[TEMPERATURE DATA] [PRECIPITATION DATA] SYMBOLS USED IN COLUMN 16
AVERAGE MONTHLY: 53.4 TOTAL FOR MONTH: 1.97 1 = FOG OR MIST
DPTR FM NORMAL: 2.5 DPTR FM NORMAL: -0.63 2 = FOG REDUCING VISIBILITY
HIGHEST: 86 ON 28 GRTST 24HR 0.82 ON 7- 7 TO 1/4 MILE OR LESS
LOWEST: 25 ON 18 3 = THUNDER
SNOW, ICE PELLETS, HAIL 4 = ICE PELLETS
TOTAL MONTH: M 5 = HAIL
GRTST 24HR M ON M 6 = FREEZING RAIN OR DRIZZLE
GRTST DEPTH: M ON M 7 = DUSTSTORM OR SANDSTORM:
VSBY 1/2 MILE OR LESS
8 = SMOKE OR HAZE
[NO. OF DAYS WITH] [WEATHER - DAYS WITH] 9 = BLOWING SNOW
X = TORNADO
MAX 32 OR BELOW: 1 0.01 INCH OR MORE: 7
MAX 90 OR ABOVE: 0 0.10 INCH OR MORE: 3
MIN 32 OR BELOW: 8 0.50 INCH OR MORE: 2
MIN 0 OR BELOW: 0 1.00 INCH OR MORE: 0
[HDD (BASE 65) ]
TOTAL THIS MO. 334 CLEAR (SCALE 0-3) 11
DPTR FM NORMAL -68 PTCLDY (SCALE 4-7) 12
TOTAL FM JUL 1 1545 CLOUDY (SCALE 8-10) 5
DPTR FM NORMAL -263
[CDD (BASE 65) ]
TOTAL THIS MO. 19
DPTR FM NORMAL 12 [PRESSURE DATA]
TOTAL FM JAN 1 29 HIGHEST SLP M ON M
DPTR FM NORMAL 27 LOWEST SLP M ON M
[REMARKS]
#FINAL-02-23#