000
CXUS51 KPBZ 010830
CF6DUJ
PRELIMINARY LOCAL CLIMATOLOGICAL DATA (WS FORM: F-6)
STATION: DUBOIS PA
MONTH: NOVEMBER
YEAR: 2023
LATITUDE: 41 10 N
LONGITUDE: 78 54 W
TEMPERATURE IN F: :PCPN: SNOW: WIND :SUNSHINE: SKY :PK WND
================================================================================
1 2 3 4 5 6A 6B 7 8 9 10 11 12 13 14 15 16 17 18
12Z AVG MX 2MIN
DY MAX MIN AVG DEP HDD CDD WTR SNW DPTH SPD SPD DIR MIN PSBL S-S WX SPD DR
================================================================================
1 43 28 36 -8 29 0 0.04 M M 9.5 17 340 M M 8 128 27 340
2 46 26 36 -8 29 0 0.00 M M 6.4 17 230 M M 5 24 240
3 60 35 48 4 17 0 0.00 M M 7.5 20 230 M M 0 28 190
4 58 44 51 8 14 0 0.00 M M 4.5 13 230 M M 7 18 260
5 57 41 49 6 16 0 0.00 M M 6.0 15 280 M M 4 21 20
6 62 38 50 7 15 0 T M M 8.7 22 230 M M 3 33 240
7 64 44 54 12 11 0 T M M 13.7 24 240 M M 7 35 210
8 53 33 43 1 22 0 0.00 M M 6.9 15 130 M M 3 24 120
9 64 39 52 10 13 0 0.00 M M 9.8 18 270 M M 6 29 280
10 54 39 47 6 18 0 0.00 M M 7.3 18 240 M M 4 27 260
11 49 33 41 0 24 0 0.00 M M 4.3 13 320 M M 8 17 320
12 49 28 39 -1 26 0 0.00 M M 3.4 7 100 M M 0 12 80
13 56 29 43 3 22 0 0.00 M M 8.6 23 270 M M 1 31 270
14 52 35 44 4 21 0 0.00 M M 5.5 14 360 M M 2 21 360
15 64 30 47 8 18 0 0.00 M M 5.7 20 240 M M 0 28 250
16 64 40 52 13 13 0 0.00 M M 4.9 13 230 M M 0 17 210
17 61 46 54 15 11 0 0.71 M M 8.2 18 220 M M 7 1 28 230
18 46 33 40 2 25 0 T M M 8.4 16 340 M M 3 1 24 340
19 52 29 41 3 24 0 0.00 M M 8.5 18 270 M M 0 27 280
20 44 26 35 -3 30 0 0.00 M M 8.2 15 110 M M 0 24 120
21 43 34 39 2 26 0 0.92 M M 13.4 24 120 M M 8 1 36 140
22 46 37 42 5 23 0 0.08 M M 8.9 16 280 M M 10 12 29 270
23 43 35 39 3 26 0 0.00 M M 9.1 17 240 M M 9 18 27 230
24 40 27 34 -2 31 0 0.00 M M 8.6 17 340 M M 7 27 300
25 40 20 30 -6 35 0 0.00 M M 4.9 10 130 M M 0 14 130
26 46 29 38 3 27 0 T M M 8.8 16 130 M M 6 26 140
27 42 27 35 0 30 0 T M M 16.0 24 250 M M 10 1 33 250
28 28 19 24 -11 41 0 T M M 15.6 28 270 M M 9 39 270
29 31 15 23 -11 42 0 0.00 M M 9.5 17 220 M M 7 26 210
30 52 26 39 5 26 0 0.00 M M 8.4 18 230 M M 1 28 230
================================================================================
SM 1509 965 705 0 1.75 M 249.2 M 135
================================================================================
AV 50.3 32.2 8.3 FASTST M M 5 MAX(MPH)
MISC ----> 28 270 39 270
================================================================================
NOTES:
# LAST OF SEVERAL OCCURRENCES
COLUMN 17 PEAK WIND IN M.P.H.
PRELIMINARY LOCAL CLIMATOLOGICAL DATA (WS FORM: F-6) , PAGE 2
STATION: DUBOIS PA
MONTH: NOVEMBER
YEAR: 2023
LATITUDE: 41 10 N
LONGITUDE: 78 54 W
[TEMPERATURE DATA] [PRECIPITATION DATA] SYMBOLS USED IN COLUMN 16
AVERAGE MONTHLY: 41.2 TOTAL FOR MONTH: 1.75 1 = FOG OR MIST
DPTR FM NORMAL: 2.0 DPTR FM NORMAL: -1.46 2 = FOG REDUCING VISIBILITY
HIGHEST: 64 ON 16,15 GRTST 24HR 0.94 ON 21-22 TO 1/4 MILE OR LESS
LOWEST: 15 ON 29 3 = THUNDER
SNOW, ICE PELLETS, HAIL 4 = ICE PELLETS
TOTAL MONTH: M 5 = HAIL
GRTST 24HR M ON M 6 = FREEZING RAIN OR DRIZZLE
GRTST DEPTH: M ON M 7 = DUSTSTORM OR SANDSTORM:
VSBY 1/2 MILE OR LESS
8 = SMOKE OR HAZE
[NO. OF DAYS WITH] [WEATHER - DAYS WITH] 9 = BLOWING SNOW
X = TORNADO
MAX 32 OR BELOW: 2 0.01 INCH OR MORE: 4
MAX 90 OR ABOVE: 0 0.10 INCH OR MORE: 2
MIN 32 OR BELOW: 14 0.50 INCH OR MORE: 2
MIN 0 OR BELOW: 0 1.00 INCH OR MORE: 0
[HDD (BASE 65) ]
TOTAL THIS MO. 705 CLEAR (SCALE 0-3) 11
DPTR FM NORMAL -69 PTCLDY (SCALE 4-7) 14
TOTAL FM JUL 1 1166 CLOUDY (SCALE 8-10) 5
DPTR FM NORMAL -287
[CDD (BASE 65) ]
TOTAL THIS MO. 0
DPTR FM NORMAL 0 [PRESSURE DATA]
TOTAL FM JAN 1 559 HIGHEST SLP 30.51 ON 12
DPTR FM NORMAL 145 LOWEST SLP 29.66 ON 27
[REMARKS]
#FINAL-11-23#