000
CDUS43 KGRR 040522
CLILAN


CLIMATE REPORT
NATIONAL WEATHER SERVICE GRAND RAPIDS, MI
121 AM EDT FRI MAY 4 2018


...................................

...THE LANSING MI CLIMATE SUMMARY FOR MAY 3 2018...

CLIMATE NORMAL PERIOD 1981 TO 2010
CLIMATE RECORD PERIOD 1864 TO 2018


WEATHER ITEM   OBSERVED TIME   RECORD YEAR NORMAL DEPARTURE LAST
                VALUE   (LST)  VALUE       VALUE  FROM      YEAR
                                                  NORMAL
..................................................................
TEMPERATURE (F)
 YESTERDAY
  MAXIMUM         72    325 PM  88    1959  65      7       61
  MINIMUM         59   1039 PM  27    2004  43     16       35
                                      1911
                                      1873
  AVERAGE         66                        54     12       48

PRECIPITATION (IN)
  YESTERDAY        0.57          1.46 1919   0.11   0.46      T
  MONTH TO DATE    0.60                      0.31   0.29     0.49
  SINCE MAR 1      4.96                      5.40  -0.44     8.78
  SINCE JAN 1     11.57                      8.52   3.05    15.06

SNOWFALL (IN)
  YESTERDAY        0.0           0.2  1929   0.0    0.0      0.0
  MONTH TO DATE    0.0                       0.0    0.0      0.0
  SINCE MAR 1      8.0                       8.9   -0.9      2.6
  SINCE JUL 1     53.3                      51.1    2.2     30.2
  SNOW DEPTH       0

DEGREE DAYS
 HEATING
  YESTERDAY        0                        12    -12       17
  MONTH TO DATE    0                        36    -36       47
  SINCE MAR 1   1714                      1499    215     1346
  SINCE JUL 1   6492                      6434     58     5391

 COOLING
  YESTERDAY        1                         0      1        0
  MONTH TO DATE   14                         0     14        0
  SINCE MAR 1     14                         7      7        8
  SINCE JAN 1     14                         7      7        8
..................................................................


WIND (MPH)
  RESULTANT WIND SPEED   2   RESULTANT WIND DIRECTION   N (20)
  HIGHEST WIND SPEED    20   HIGHEST WIND DIRECTION    SW (210)
  HIGHEST GUST SPEED    25   HIGHEST GUST DIRECTION    SW (220)
  AVERAGE WIND SPEED     7.5


SKY COVER
  AVERAGE SKY COVER 0.7


WEATHER CONDITIONS
 THE FOLLOWING WEATHER WAS RECORDED YESTERDAY.
  HEAVY RAIN
  RAIN
  LIGHT RAIN
  FOG


RELATIVE HUMIDITY (PERCENT)
 HIGHEST   100           800 AM
 LOWEST     73           300 PM
 AVERAGE    87

..........................................................


THE LANSING MI CLIMATE NORMALS FOR TODAY
                         NORMAL    RECORD    YEAR
 MAXIMUM TEMPERATURE (F)   65        89      1895
 MINIMUM TEMPERATURE (F)   43        25      1926


SUNRISE AND SUNSET
MAY  4 2018...........SUNRISE   629 AM EDT   SUNSET   842 PM EDT
MAY  5 2018...........SUNRISE   627 AM EDT   SUNSET   843 PM EDT


-  INDICATES NEGATIVE NUMBERS.
R  INDICATES RECORD WAS SET OR TIED.
MM INDICATES DATA IS MISSING.
T  INDICATES TRACE AMOUNT.




$$
