000
CDUS43 KGRR 172124
CLIMKG


CLIMATE REPORT
NATIONAL WEATHER SERVICE GRAND RAPIDS, MI
524 PM EDT THU MAY 17 2018


...................................

...THE MUSKEGON MI CLIMATE SUMMARY FOR MAY 17 2018...
VALID TODAY AS OF 0500 PM LOCAL TIME.

CLIMATE NORMAL PERIOD 1981 TO 2010
CLIMATE RECORD PERIOD 1896 TO 2018


WEATHER ITEM   OBSERVED TIME   RECORD YEAR NORMAL DEPARTURE LAST
                VALUE   (LST)  VALUE       VALUE  FROM      YEAR
                                                  NORMAL
..................................................................
TEMPERATURE (F)
 TODAY
  MAXIMUM         81   1148 AM  88    1962  67     14       83
  MINIMUM         49    529 AM  28    1983  47      2       68
  AVERAGE         65                        57      8       76

PRECIPITATION (IN)
  TODAY            0.00          1.22 2000   0.11  -0.11      T
  MONTH TO DATE    3.00                      1.76   1.24     0.83
  SINCE MAR 1      7.41                      6.92   0.49     8.11
  SINCE JAN 1     14.35                     10.78   3.57    13.81

SNOWFALL (IN)
  TODAY            0.0           0.0    MM   0.0    0.0      0.0
  MONTH TO DATE    0.0                       0.0    0.0      0.0
  SINCE MAR 1     13.6                      11.3    2.3      4.5
  SINCE JUL 1    105.3                      93.7   11.6     49.0
  SNOW DEPTH       0

DEGREE DAYS
 HEATING
  TODAY            0                         9     -9        0
  MONTH TO DATE   97                       183    -86      201
  SINCE MAR 1   1843                      1669    174     1528
  SINCE JUL 1   6360                      6401    -41     5393

 COOLING
  TODAY            0                         1     -1       11
  MONTH TO DATE    4                         9     -5       17
  SINCE MAR 1      4                        13     -9       22
  SINCE JAN 1      4                        13     -9       22
..................................................................


WIND (MPH)
  RESULTANT WIND SPEED   0   RESULTANT WIND DIRECTION  SE (150)
  HIGHEST WIND SPEED    10   HIGHEST WIND DIRECTION     W (280)
  HIGHEST GUST SPEED    12   HIGHEST GUST DIRECTION     W (290)
  AVERAGE WIND SPEED     3.1


SKY COVER
  AVERAGE SKY COVER 0.2


WEATHER CONDITIONS
 THE FOLLOWING WEATHER WAS RECORDED TODAY.
  NO SIGNIFICANT WEATHER WAS OBSERVED.


RELATIVE HUMIDITY (PERCENT)
 HIGHEST    89           100 AM
 LOWEST     39          1100 AM
 AVERAGE    64

..........................................................


THE MUSKEGON MI CLIMATE NORMALS FOR TOMORROW
                         NORMAL    RECORD    YEAR
 MAXIMUM TEMPERATURE (F)   68        86      1998
 MINIMUM TEMPERATURE (F)   47        30      1973


SUNRISE AND SUNSET
MAY 17 2018...........SUNRISE   619 AM EDT   SUNSET   904 PM EDT
MAY 18 2018...........SUNRISE   618 AM EDT   SUNSET   905 PM EDT


-  INDICATES NEGATIVE NUMBERS.
R  INDICATES RECORD WAS SET OR TIED.
MM INDICATES DATA IS MISSING.
T  INDICATES TRACE AMOUNT.




$$
