000
CXUS56 KMFR 011030
CF6OTH
PRELIMINARY LOCAL CLIMATOLOGICAL DATA (WS FORM: F-6)
STATION: NORTH BEND OR
MONTH: FEBRUARY
YEAR: 2024
LATITUDE: 43 25 N
LONGITUDE: 124 15 W
TEMPERATURE IN F: :PCPN: SNOW: WIND :SUNSHINE: SKY :PK WND
================================================================================
1 2 3 4 5 6A 6B 7 8 9 10 11 12 13 14 15 16 17 18
12Z AVG MX 2MIN
DY MAX MIN AVG DEP HDD CDD WTR SNW DPTH SPD SPD DIR MIN PSBL S-S WX SPD DR
================================================================================
1 55 47 51 3 14 0 0.31 M M 9.5 17 160 M M 9 1 23 160
2 49 43 46 -2 19 0 0.68 M M 10.0 17 150 M M 8 1 22 170
3 54 39 47 -1 18 0 0.04 M M 5.8 13 170 M M 4 16 190
4 51 37 44 -4 21 0 0.20 M M 4.8 14 90 M M 5 16 90
5 50 44 47 -1 18 0 0.37 M M 4.5 14 320 M M 10 1 21 300
6 51 43 47 -1 18 0 0.03 M M 6.0 15 330 M M 9 1 20 300
7 51 42 47 -1 18 0 0.36 M M 7.6 17 150 M M 10 1 20 150
8 50 42 46 -2 19 0 0.12 M M 5.8 14 350 M M 8 1 16 350
9 48 42 45 -3 20 0 0.05 M M 7.7 13 130 M M 10 1 15 140
10 54 44 49 1 16 0 T M M 6.1 10 220 M M 8 14 230
11 53 45 49 1 16 0 0.06 M M 8.0 18 260 M M 10 1 24 220
12 52 41 47 -1 18 0 0.01 M M 6.7 15 350 M M 4 1 17 350
13 54 38 46 -2 19 0 0.00 M M 5.2 10 140 M M 4 12 10 130
14 55 43 49 1 16 0 0.52 M M 12.6 24 200 M M 10 1 32 230
15 54 46 50 2 15 0 0.84 M M 9.5 22 250 M M 10 1 26 250
16 57 47 52 4 13 0 0.02 M M 5.9 15 90 M M 5 18 220
17 57 48 53 5 12 0 0.40 M M 6.1 14 100 M M 10 1 17 110
18 59 47 53 5 12 0 0.10 M M 6.3 16 190 M M 6 1 22 200
19 60 45 53 5 12 0 0.19 M M 7.3 20 140 M M 7 26 150
20 58 48 53 5 12 0 0.52 M M 10.3 24 200 M M 10 1 32 210
21 56 46 51 3 14 0 0.62 M M 6.9 16 210 M M 10 1 20 210
22 59 45 52 4 13 0 T M M 5.2 9 130 M M 3 1 10 320
23 60 44 52 4 13 0 0.00 M M 6.0 18 350 M M 2 1 22 350
24 56 37 47 -1 18 0 0.00 M M 7.8 26 360 M M 1 1 31 360
25 54 40 47 -1 18 0 0.16 M M 6.6 18 240 M M 9 1 24 240
26 50 41 46 -2 19 0 0.37 M M 12.7 28 280 M M 8 1 35 280
27 49 37 43 -5 22 0 0.02 M M 8.9 14 220 M M 9 1 18 200
28 56 44 50 2 15 0 0.60 M M 12.4 25 200 M M 10 1 43 210
29 53 38 46 -2 19 0 1.67 M M 15.9 31 260 M M 9 13 41 260
================================================================================
SM 1565 1243 477 0 8.26 M 228.1 M 218
================================================================================
AV 54.0 42.9 7.9 FASTST M M 8 MAX(MPH)
MISC ----> 31 260 43 210
================================================================================
NOTES:
# LAST OF SEVERAL OCCURRENCES
COLUMN 17 PEAK WIND IN M.P.H.
PRELIMINARY LOCAL CLIMATOLOGICAL DATA (WS FORM: F-6) , PAGE 2
STATION: NORTH BEND OR
MONTH: FEBRUARY
YEAR: 2024
LATITUDE: 43 25 N
LONGITUDE: 124 15 W
[TEMPERATURE DATA] [PRECIPITATION DATA] SYMBOLS USED IN COLUMN 16
AVERAGE MONTHLY: 48.4 TOTAL FOR MONTH: 8.26 1 = FOG OR MIST
DPTR FM NORMAL: 0.8 DPTR FM NORMAL: 1.27 2 = FOG REDUCING VISIBILITY
HIGHEST: 60 ON 23,19 GRTST 24HR 1.67 ON 29-29 TO 1/4 MILE OR LESS
LOWEST: 37 ON 27,24 3 = THUNDER
SNOW, ICE PELLETS, HAIL 4 = ICE PELLETS
TOTAL MONTH: M 5 = HAIL
GRTST 24HR M ON M 6 = FREEZING RAIN OR DRIZZLE
GRTST DEPTH: M ON M 7 = DUSTSTORM OR SANDSTORM:
VSBY 1/2 MILE OR LESS
8 = SMOKE OR HAZE
[NO. OF DAYS WITH] [WEATHER - DAYS WITH] 9 = BLOWING SNOW
X = TORNADO
MAX 32 OR BELOW: 0 0.01 INCH OR MORE: 24
MAX 90 OR ABOVE: 0 0.10 INCH OR MORE: 17
MIN 32 OR BELOW: 0 0.50 INCH OR MORE: 7
MIN 0 OR BELOW: 0 1.00 INCH OR MORE: 1
[HDD (BASE 65) ]
TOTAL THIS MO. 477 CLEAR (SCALE 0-3) 2
DPTR FM NORMAL -12 PTCLDY (SCALE 4-7) 9
TOTAL FM JUL 1 2348 CLOUDY (SCALE 8-10) 18
DPTR FM NORMAL -546
[CDD (BASE 65) ]
TOTAL THIS MO. 0
DPTR FM NORMAL 0 [PRESSURE DATA]
TOTAL FM JAN 1 0 HIGHEST SLP M ON M
DPTR FM NORMAL 0 LOWEST SLP 29.33 ON 4
[REMARKS]
#FINAL-02-24#