000
CXUS54 KHUN 180910
CF6HSV
PRELIMINARY LOCAL CLIMATOLOGICAL DATA (WS FORM: F-6)

                                          STATION:   HUNTSVILLE
                                          MONTH:     FEBRUARY
                                          YEAR:      2020
                                          LATITUDE:   34 39 N
                                          LONGITUDE:  86 46 W

  TEMPERATURE IN F:       :PCPN:    SNOW:  WIND      :SUNSHINE: SKY     :PK WND
================================================================================
1   2   3   4   5  6A  6B    7    8   9   10  11  12  13   14  15   16   17  18
                                     12Z  AVG MX 2MIN
DY MAX MIN AVG DEP HDD CDD  WTR  SNW DPTH SPD SPD DIR MIN PSBL S-S WX    SPD DR
================================================================================

 1  50  37  44   1  21   0 0.06  0.0    0  5.8 16 310   M    M   9 1      20 290
 2  68  31  50   7  15   0 0.00  0.0    0  6.8 20 260   M    M   1        24 250
 3  71  40  56  13   9   0    T  0.0    0  8.8 18 210   M    M   5        24 200
 4  67  55  61  18   4   0 0.18  0.0    0  9.6 17 210   M    M  10 1      22 200
 5  68  62  65  22   0   0 1.16  0.0    0  9.5 24 160   M    M  10 13     31 190
 6  64  36  50   6  15   0 1.49  0.0    0  9.4 26 300   M    M  10 13     35 290
 7  41  33  37  -7  28   0    T    T    0  8.9 20 290   M    M   9        26 300
 8  53  32  43  -1  22   0 0.10    T    0  6.4 18 290   M    M   5 1      25 270
 9  61  33  47   3  18   0    T  0.0    0 10.8 21 160   M    M   4        25 140
10  57  49  53   9  12   0 1.78  0.0    0  9.6 26 160   M    M  10 13     31 160
11  66  45  56  11   9   0 1.12  0.0    0  8.2 23 220   M    M  10 1      29 220
12  70  44  57  12   8   0 1.31  0.0    0  8.5 30 270   M    M  10 13     38 270
13  60  36  48   3  17   0 0.38  0.0    0 11.3 22 290   M    M  10 1      28 290
14  41  26  34 -11  31   0 0.00  0.0    0  9.5 17  10   M    M   1        20  30
15  54  22  38  -8  27   0 0.00  0.0    0  5.8 16 150   M    M   4        20 150
16  58  42  50   4  15   0 0.00  0.0    0  5.5 13 230   M    M   8        15 180
17  56  38  47   1  18   0 0.00  0.0    0  7.2 16 150   M    M   5        19 150
================================================================================
SM 1005  661       269   0  7.58    T    141.6          M      121
================================================================================
AV 59.1 38.9                               8.3 FASTST   M    M   7    MAX(MPH)
                                 MISC ---->    30 270                 38 270
================================================================================
NOTES:
# LAST OF SEVERAL OCCURRENCES

COLUMN 17 PEAK WIND IN M.P.H.

PRELIMINARY LOCAL CLIMATOLOGICAL DATA (WS FORM: F-6) , PAGE 2

                                          STATION:   HUNTSVILLE
                                          MONTH:     FEBRUARY
                                          YEAR:      2020
                                          LATITUDE:   34 39 N
                                          LONGITUDE:  86 46 W

[TEMPERATURE DATA]      [PRECIPITATION DATA]       SYMBOLS USED IN COLUMN 16

AVERAGE MONTHLY: 49.0   TOTAL FOR MONTH:   7.58    1 = FOG OR MIST
DPTR FM NORMAL:   4.7   DPTR FM NORMAL:    4.70    2 = FOG REDUCING VISIBILITY
HIGHEST:    71 ON  3    GRTST 24HR  2.51 ON 10-11      TO 1/4 MILE OR LESS
LOWEST:     22 ON 15                               3 = THUNDER
                        SNOW, ICE PELLETS, HAIL    4 = ICE PELLETS
                        TOTAL MONTH:  T            5 = HAIL
                        GRTST 24HR   T   ON  7- 7  6 = FREEZING RAIN OR DRIZZLE
                        GRTST DEPTH:  0            7 = DUSTSTORM OR SANDSTORM:
                                                       VSBY 1/2 MILE OR LESS
                                                   8 = SMOKE OR HAZE
[NO. OF DAYS WITH]      [WEATHER - DAYS WITH]      9 = BLOWING SNOW
                                                   X = TORNADO
MAX 32 OR BELOW:   0    0.01 INCH OR MORE:   9
MAX 90 OR ABOVE:   0    0.10 INCH OR MORE:   8
MIN 32 OR BELOW:   4    0.50 INCH OR MORE:   5
MIN  0 OR BELOW:   0    1.00 INCH OR MORE:   5

[HDD (BASE 65) ]
TOTAL THIS MO.   269    CLEAR  (SCALE 0-3)   2
DPTR FM NORMAL   -83    PTCLDY (SCALE 4-7)   6
TOTAL FM JUL 1  1931    CLOUDY (SCALE 8-10)  9
DPTR FM NORMAL  -331

[CDD (BASE 65) ]
TOTAL THIS MO.     0
DPTR FM NORMAL     0    [PRESSURE DATA]
TOTAL FM JAN 1     0    HIGHEST SLP M ON M
DPTR FM NORMAL     0    LOWEST  SLP 29.39 ON  6

[REMARKS]
