000
CXUS54 KHUN 190810
CF6MSL
PRELIMINARY LOCAL CLIMATOLOGICAL DATA (WS FORM: F-6)

                                          STATION:   MUSCLE SHOALS
                                          MONTH:     OCTOBER
                                          YEAR:      2020
                                          LATITUDE:   34 45 N
                                          LONGITUDE:  87 37 W

  TEMPERATURE IN F:       :PCPN:    SNOW:  WIND      :SUNSHINE: SKY     :PK WND
================================================================================
1   2   3   4   5  6A  6B    7    8   9   10  11  12  13   14  15   16   17  18
                                     12Z  AVG MX 2MIN
DY MAX MIN AVG DEP HDD CDD  WTR  SNW DPTH SPD SPD DIR MIN PSBL S-S WX    SPD DR
================================================================================

 1  77  55  66  -1   0   1 0.00  0.0    0  5.9 16 310   M    M   0        22 320
 2  70  47  59  -8   6   0 0.00  0.0    0  4.1 14 340   M    M   1        17  20
 3  73  43  58  -8   7   0 0.00  0.0    0  1.9  9 110   M    M   0 1      13  80
 4  78  50  64  -2   1   0 0.00  0.0    0  5.8 16 290   M    M   3        22 300
 5  74  50  62  -4   3   0 0.00  0.0    0  4.7 12  40   M    M   0        15  50
 6  81  49  65   0   0   0 0.00  0.0    0  1.6  9 250   M    M   0 1      13 260
 7  84  50  67   2   0   2 0.00  0.0    0  0.7  7 270   M    M   1 12     10 270
 8  83  52  68   3   0   3 0.00  0.0    0  1.9  7  50   M    M   1 12     10  70
 9  75  66  71   7   0   6 0.26  0.0    0  4.9 15 160   M    M   5 1      20 120
10  75  67  71   7   0   6 1.58  0.0    0 11.1 22  90   M    M  10 1      29 100
11  80  70  75  11   0  10 0.11  0.0    0  4.1 14 310   M    M  10 18     17 340
12  83  65  74  11   0   9 0.00  0.0    0  6.1 16 320   M    M   9 12     22 310
13  77  51  64   1   1   0 0.00  0.0    0  5.1 14  40   M    M   0        19  30
14  82  48  65   2   0   0 0.00  0.0    0  3.5 10 160   M    M   0        14 160
15  82  53  68   6   0   3 0.05  0.0    0  6.5 15 360   M    M   3 1      25  10
16  67  42  55  -7  10   0 0.02  0.0    0  5.8 15 340   M    M   2        20  50
17  70  37  54  -8  11   0 0.00  0.0    0  4.4 18 110   M    M   0        23 120
18  78  49  64   3   1   0 0.00  0.0    0  5.9 17 140   M    M   2        21 160
================================================================================
SM 1389  944        40  40  2.02  0.0     84.0          M       47
================================================================================
AV 77.2 52.4                               4.7 FASTST   M    M   3    MAX(MPH)
                                 MISC ---->    22  90                 29 100
================================================================================
NOTES:
# LAST OF SEVERAL OCCURRENCES

COLUMN 17 PEAK WIND IN M.P.H.

PRELIMINARY LOCAL CLIMATOLOGICAL DATA (WS FORM: F-6) , PAGE 2

                                          STATION:   MUSCLE SHOALS
                                          MONTH:     OCTOBER
                                          YEAR:      2020
                                          LATITUDE:   34 45 N
                                          LONGITUDE:  87 37 W

[TEMPERATURE DATA]      [PRECIPITATION DATA]       SYMBOLS USED IN COLUMN 16

AVERAGE MONTHLY: 64.8   TOTAL FOR MONTH:   2.02    1 = FOG OR MIST
DPTR FM NORMAL:   0.6   DPTR FM NORMAL:    0.12    2 = FOG REDUCING VISIBILITY
HIGHEST:    84 ON  7    GRTST 24HR  1.66 ON  9-10      TO 1/4 MILE OR LESS
LOWEST:     37 ON 17                               3 = THUNDER
                        SNOW, ICE PELLETS, HAIL    4 = ICE PELLETS
                        TOTAL MONTH:   0.0 INCH    5 = HAIL
                        GRTST 24HR  0.0            6 = FREEZING RAIN OR DRIZZLE
                        GRTST DEPTH:  0            7 = DUSTSTORM OR SANDSTORM:
                                                       VSBY 1/2 MILE OR LESS
                                                   8 = SMOKE OR HAZE
[NO. OF DAYS WITH]      [WEATHER - DAYS WITH]      9 = BLOWING SNOW
                                                   X = TORNADO
MAX 32 OR BELOW:   0    0.01 INCH OR MORE:   5
MAX 90 OR ABOVE:   0    0.10 INCH OR MORE:   3
MIN 32 OR BELOW:   0    0.50 INCH OR MORE:   1
MIN  0 OR BELOW:   0    1.00 INCH OR MORE:   1

[HDD (BASE 65) ]
TOTAL THIS MO.    40    CLEAR  (SCALE 0-3)  13
DPTR FM NORMAL   -23    PTCLDY (SCALE 4-7)   2
TOTAL FM JUL 1    48    CLOUDY (SCALE 8-10)  3
DPTR FM NORMAL   -30

[CDD (BASE 65) ]
TOTAL THIS MO.    40
DPTR FM NORMAL    -8    [PRESSURE DATA]
TOTAL FM JAN 1  2082    HIGHEST SLP M ON M
DPTR FM NORMAL   232    LOWEST  SLP 29.65 ON 10

[REMARKS]
