000
CXUS54 KHUN 270810
CF6MSL
PRELIMINARY LOCAL CLIMATOLOGICAL DATA (WS FORM: F-6)

                                          STATION:   MUSCLE SHOALS
                                          MONTH:     MAY
                                          YEAR:      2020
                                          LATITUDE:   34 45 N
                                          LONGITUDE:  87 37 W

  TEMPERATURE IN F:       :PCPN:    SNOW:  WIND      :SUNSHINE: SKY     :PK WND
================================================================================
1   2   3   4   5  6A  6B    7    8   9   10  11  12  13   14  15   16   17  18
                                     12Z  AVG MX 2MIN
DY MAX MIN AVG DEP HDD CDD  WTR  SNW DPTH SPD SPD DIR MIN PSBL S-S WX    SPD DR
================================================================================

 1  80  47  64  -2   1   0 0.00  0.0    0  3.1 12 250   M    M   0        16 260
 2  85  54  70   4   0   5 0.00  0.0    0  6.3 16 220   M    M   0        21 260
 3  88  63  76  10   0  11 0.00  0.0    0  6.9 20 350   M    M   1        34  20
 4  84  64  74   7   0   9    T  0.0    0  3.6 22  30   M    M   5 3      27  30
 5  76  58  67   0   0   2 0.01  0.0    0 11.1 21 280   M    M   4 18     25 270
 6  65  46  56 -11   9   0 0.00  0.0    0  8.6 23 300   M    M   3        31 300
 7  71  42  57 -10   8   0 0.00  0.0    0  3.5 10 280   M    M   1        14 270
 8  63  50  57 -11   8   0 0.73  0.0    0  8.3 25 150   M    M   8 13     30 150
 9  66  44  55 -13  10   0 0.00  0.0    0  5.1 15  60   M    M   0        20  80
10  75  43  59  -9   6   0 0.00  0.0    0  5.2 20 280   M    M   0        26 270
11  68  47  58 -10   7   0 0.00  0.0    0  5.4 16 300   M    M   3        23 300
12  62  50  56 -13   9   0 0.02  0.0    0  5.6 14 140   M    M   7        18 140
13  82  56  69   0   0   4 0.07  0.0    0  7.4 23 200   M    M   4        29 200
14  86  63  75   6   0  10    T  0.0    0 10.5 24 200   M    M   1        29 200
15  82  67  75   5   0  10 0.53  0.0    0  6.5 23 200   M    M   5 12     29 200
16  87  66  77   7   0  12 0.01  0.0    0  5.0 14 220   M    M   5 12     20 240
17  84  67  76   6   0  11 0.38  0.0    0  8.5 30 280   M    M   6 13     37 280
18  80  62  71   1   0   6    T  0.0    0  6.8 18 310   M    M   5        23 300
19  71  56  64  -7   1   0 0.00  0.0    0  4.4 13 290   M    M   7        15 290
20  77  53  65  -6   0   0 0.00  0.0    0  4.2 12  20   M    M   3        16  20
21  81  59  70  -1   0   5 0.00  0.0    0  3.4 12 150   M    M   4        15 150
22  85  65  75   4   0  10 0.56  0.0    0  4.5 28 250   M    M   6 13     35 250
23  89  66  78   6   0  13 0.01  0.0    0  6.0 17 240   M    M   4        22 230
24  89  68  79   7   0  14 0.00  0.0    0  3.6 10 150   M    M   2        13 170
25  91  68  80   8   0  15 0.00  0.0    0  8.1 17 150   M    M   1        22 160
26  81  70  76   4   0  11 0.75  0.0    0  8.2 17 130   M    M   6        25 120
================================================================================
SM 2048 1494        59 148  3.07  0.0    159.8          M       91
================================================================================
AV 78.8 57.5                               6.1 FASTST   M    M   4    MAX(MPH)
                                 MISC ---->    30 280                 37 280
================================================================================
NOTES:
# LAST OF SEVERAL OCCURRENCES

COLUMN 17 PEAK WIND IN M.P.H.

PRELIMINARY LOCAL CLIMATOLOGICAL DATA (WS FORM: F-6) , PAGE 2

                                          STATION:   MUSCLE SHOALS
                                          MONTH:     MAY
                                          YEAR:      2020
                                          LATITUDE:   34 45 N
                                          LONGITUDE:  87 37 W

[TEMPERATURE DATA]      [PRECIPITATION DATA]       SYMBOLS USED IN COLUMN 16

AVERAGE MONTHLY: 68.1   TOTAL FOR MONTH:   3.07    1 = FOG OR MIST
DPTR FM NORMAL:  -1.0   DPTR FM NORMAL:   -1.21    2 = FOG REDUCING VISIBILITY
HIGHEST:    91 ON 25    GRTST 24HR  0.75 ON 26-26      TO 1/4 MILE OR LESS
LOWEST:     42 ON  7                               3 = THUNDER
                        SNOW, ICE PELLETS, HAIL    4 = ICE PELLETS
                        TOTAL MONTH:   0.0 INCH    5 = HAIL
                        GRTST 24HR  0.0            6 = FREEZING RAIN OR DRIZZLE
                        GRTST DEPTH:  0            7 = DUSTSTORM OR SANDSTORM:
                                                       VSBY 1/2 MILE OR LESS
                                                   8 = SMOKE OR HAZE
[NO. OF DAYS WITH]      [WEATHER - DAYS WITH]      9 = BLOWING SNOW
                                                   X = TORNADO
MAX 32 OR BELOW:   0    0.01 INCH OR MORE:  10
MAX 90 OR ABOVE:   1    0.10 INCH OR MORE:   5
MIN 32 OR BELOW:   0    0.50 INCH OR MORE:   4
MIN  0 OR BELOW:   0    1.00 INCH OR MORE:   0

[HDD (BASE 65) ]
TOTAL THIS MO.    59    CLEAR  (SCALE 0-3)  12
DPTR FM NORMAL    30    PTCLDY (SCALE 4-7)  14
TOTAL FM JUL 1  2396    CLOUDY (SCALE 8-10)  0
DPTR FM NORMAL  -706

[CDD (BASE 65) ]
TOTAL THIS MO.   148
DPTR FM NORMAL    10    [PRESSURE DATA]
TOTAL FM JAN 1   232    HIGHEST SLP M ON M
DPTR FM NORMAL    29    LOWEST  SLP 29.72 ON 18

[REMARKS]
