000
CXUS54 KFWD 072147
CF6RBD
PRELIMINARY LOCAL CLIMATOLOGICAL DATA (WS FORM: F-6)
STATION: DALLAS EXECUTIVE
MONTH: JUNE
YEAR: 2022
LATITUDE: 32 40 N
LONGITUDE: 96 52 W
TEMPERATURE IN F: :PCPN: SNOW: WIND :SUNSHINE: SKY :PK WND
================================================================================
1 2 3 4 5 6A 6B 7 8 9 10 11 12 13 14 15 16 17 18
12Z AVG MX 2MIN
DY MAX MIN AVG DEP HDD CDD WTR SNW DPTH SPD SPD DIR MIN PSBL S-S WX SPD DR
================================================================================
1 91 74 83 4 0 18 0.03 M M 7.5 20 30 M M 5 13 25 20
2 84 65 75 -4 0 10 0.23 M M 9.3 38 320 M M 2 138 49 330
3 83 69 76 -3 0 11 0.20 M M 6.3 16 60 M M 4 13 20 70
4 86 67 77 -3 0 12 0.00 M M 6.9 14 130 M M 2 1 20 150
5 92 71 82 2 0 17 0.00 M M 12.8 24 130 M M 1 32 140
6 93 74 84 4 0 19 0.00 M M 15.5 25 180 M M 1 36 180
7 93 75 84 4 0 19 0.00 M M 13.0 22 140 M M 2 28 140
8 89 75 82 2 0 17 0.00 M M 11.6 21 320 M M 2 29 340
9 93 73 83 2 0 18 0.00 M M 7.7 14 170 M M 5 19 170
10 97 75 86 5 0 21 0.00 M M 8.1 16 190 M M 0 23 180
11 102 79 91 10 0 26 0.00 M M 11.4 18 170 M M 0 25 160
12 100 78 89 8 0 24 0.00 M M 13.2 21 180 M M 0 28 170
13 98 77 88 6 0 23 0.00 M M 15.5 24 170 M M 0 34 170
14 96 77 87 5 0 22 0.00 M M 17.4 30 180 M M 1 41 190
15 94 78 86 4 0 21 0.00 M M 15.1 23 190 M M 2 36 170
16 99 77 88 6 0 23 0.00 M M 8.9 15 210 M M 0 23 190
17 99 75 87 5 0 22 T M M 5.8 24 100 M M 1 3 33 120
18 97 73 85 3 0 20 0.00 M M 6.7 17 120 M M 1 29 110
19 99 76 88 6 0 23 T M M 7.8 24 100 M M 1 3 34 100
20 100 75 88 5 0 23 0.00 M M 8.8 17 120 M M 1 23 140
21 99 78 89 6 0 24 0.00 M M 8.1 18 130 M M 0 27 110
22 99 76 88 5 0 23 0.00 M M 6.5 16 120 M M 0 23 120
23 101 78 90 7 0 25 0.00 M M 5.2 18 110 M M 1 24 110
24 102 79 91 8 0 26 0.00 M M 9.7 17 190 M M 0 27 160
25 101 78 90 7 0 25 0.00 M M 9.0 15 160 M M 0 25 170
26 102 77 90 7 0 25 0.00 M M 8.4 21 30 M M 0 3 29 10
27 94 74 84 0 0 19 0.00 M M 10.0 18 40 M M 1 23 60
28 92 74 83 -1 0 18 0.00 M M 9.0 16 60 M M 2 27 60
29 94 74 84 0 0 19 0.00 M M 7.7 16 40 M M 2 21 50
30 98 70 84 0 0 19 0.00 M M 7.4 20 160 M M 1 28 160
================================================================================
SM 2867 2241 0 612 0.46 M 290.3 M 38
================================================================================
AV 95.6 74.7 9.7 FASTST M M 1 MAX(MPH)
MISC ----> 38 320 49 330
================================================================================
NOTES:
# LAST OF SEVERAL OCCURRENCES
COLUMN 17 PEAK WIND IN M.P.H.
PRELIMINARY LOCAL CLIMATOLOGICAL DATA (WS FORM: F-6) , PAGE 2
STATION: DALLAS EXECUTIVE
MONTH: JUNE
YEAR: 2022
LATITUDE: 32 40 N
LONGITUDE: 96 52 W
[TEMPERATURE DATA] [PRECIPITATION DATA] SYMBOLS USED IN COLUMN 16
AVERAGE MONTHLY: 85.1 TOTAL FOR MONTH: 0.46 1 = FOG OR MIST
DPTR FM NORMAL: 3.4 DPTR FM NORMAL: -3.41 2 = FOG REDUCING VISIBILITY
HIGHEST: 102 ON 26,24 GRTST 24HR 0.26 ON 1- 2 TO 1/4 MILE OR LESS
LOWEST: 65 ON 2 3 = THUNDER
SNOW, ICE PELLETS, HAIL 4 = ICE PELLETS
TOTAL MONTH: M 5 = HAIL
GRTST 24HR M ON M 6 = FREEZING RAIN OR DRIZZLE
GRTST DEPTH: M ON M 7 = DUSTSTORM OR SANDSTORM:
VSBY 1/2 MILE OR LESS
8 = SMOKE OR HAZE
[NO. OF DAYS WITH] [WEATHER - DAYS WITH] 9 = BLOWING SNOW
X = TORNADO
MAX 32 OR BELOW: 0 0.01 INCH OR MORE: 3
MAX 90 OR ABOVE: 26 0.10 INCH OR MORE: 2
MIN 32 OR BELOW: 0 0.50 INCH OR MORE: 0
MIN 0 OR BELOW: 0 1.00 INCH OR MORE: 0
[HDD (BASE 65) ]
TOTAL THIS MO. 0 CLEAR (SCALE 0-3) 27
DPTR FM NORMAL 0 PTCLDY (SCALE 4-7) 3
TOTAL FM JUL 1 1871 CLOUDY (SCALE 8-10) 0
DPTR FM NORMAL -221
[CDD (BASE 65) ]
TOTAL THIS MO. 612
DPTR FM NORMAL 111 [PRESSURE DATA]
TOTAL FM JAN 1 1136 HIGHEST SLP 30.18 ON 28
DPTR FM NORMAL 198 LOWEST SLP 29.59 ON 6
[REMARKS]
#FINAL-06-22#