000
CXUS54 KFWD 072133
CF6RBD
PRELIMINARY LOCAL CLIMATOLOGICAL DATA (WS FORM: F-6)
STATION: DALLAS EXECUTIVE
MONTH: MARCH
YEAR: 2022
LATITUDE: 32 40 N
LONGITUDE: 96 52 W
TEMPERATURE IN F: :PCPN: SNOW: WIND :SUNSHINE: SKY :PK WND
================================================================================
1 2 3 4 5 6A 6B 7 8 9 10 11 12 13 14 15 16 17 18
12Z AVG MX 2MIN
DY MAX MIN AVG DEP HDD CDD WTR SNW DPTH SPD SPD DIR MIN PSBL S-S WX SPD DR
================================================================================
1 74 37 56 2 9 0 0.00 M M 5.0 13 160 M M 0 17 200
2 77 43 60 5 5 0 0.00 M M 4.9 14 180 M M 0 19 170
3 78 47 63 8 2 0 0.00 M M 6.3 15 170 M M 0 21 120
4 74 55 65 10 0 0 0.00 M M 11.8 21 160 M M 6 1 27 180
5 77 63 70 14 0 5 0.01 M M 14.2 24 190 M M 7 1 37 180
6 79 39 59 3 6 0 T M M 15.8 31 320 M M 7 40 320
7 50 37 44 -12 21 0 0.03 M M 13.6 25 330 M M 7 35 330
8 48 32 40 -16 25 0 T M M 7.3 14 30 M M 4 19 40
9 59 27 43 -14 22 0 0.00 M M 6.3 15 10 M M 0 1 21 20
10 67 37 52 -5 13 0 0.00 M M 8.0 21 320 M M 0 25 320
11 45 30 38 -19 27 0 0.07 M M 17.7 25 350 M M 7 4 35 350
12 57 26 42 -16 23 0 0.00 M M 5.9 13 170 M M 0 16 170
13 65 38 52 -6 13 0 0.00 M M 13.9 25 170 M M 0 35 170
14 77 48 63 5 2 0 0.03 M M 13.8 28 180 M M 6 3 43 170
15 71 48 60 2 5 0 0.00 M M 10.9 22 330 M M 1 30 320
16 79 47 63 4 2 0 0.00 M M 9.7 20 170 M M 0 26 170
17 75 52 64 5 1 0 0.00 M M 17.3 29 170 M M 4 3 42 160
18 65 45 55 -4 10 0 0.00 M M 16.5 32 300 M M 2 42 300
19 75 40 58 -2 7 0 0.00 M M 6.6 14 260 M M 0 19 270
20 79 52 66 6 0 1 0.00 M M 13.9 24 140 M M 1 35 150
21 72 55 64 4 1 0 1.10 M M 14.4 31 170 M M 9 13 45 160
22 59 46 53 -7 12 0 0.00 M M 16.1 26 300 M M 5 37 300
23 63 42 53 -8 12 0 0.00 M M 13.3 30 330 M M 1 40 320
24 66 33 50 -11 15 0 0.00 M M 8.1 20 300 M M 0 34 330
25 80 43 62 1 3 0 0.00 M M 5.5 12 120 M M 0 16 130
26 84 50 67 6 0 2 0.00 M M 6.4 13 260 M M 0 21 290
27 92 50 71 9 0 6 0.00 M M 10.2 23 170 M M 2 33 160
28 84 58 71 9 0 6 0.00 M M 15.8 25 180 M M 0 36 180
29 78 66 72 10 0 7 T M M 21.1 35 170 M M 6 50 170
30 73 44 59 -3 6 0 0.82 M M 12.1 30 310 M M 5 13 42 310
31 69 40 55 -8 10 0 T M M 7.8 23 310 M M 2 32 280
================================================================================
SM 2191 1370 252 27 2.06 M 350.2 M 82
================================================================================
AV 70.7 44.2 11.3 FASTST M M 3 MAX(MPH)
MISC ----> 35 170 50 170
================================================================================
NOTES:
# LAST OF SEVERAL OCCURRENCES
COLUMN 17 PEAK WIND IN M.P.H.
PRELIMINARY LOCAL CLIMATOLOGICAL DATA (WS FORM: F-6) , PAGE 2
STATION: DALLAS EXECUTIVE
MONTH: MARCH
YEAR: 2022
LATITUDE: 32 40 N
LONGITUDE: 96 52 W
[TEMPERATURE DATA] [PRECIPITATION DATA] SYMBOLS USED IN COLUMN 16
AVERAGE MONTHLY: 57.4 TOTAL FOR MONTH: 2.06 1 = FOG OR MIST
DPTR FM NORMAL: -1.3 DPTR FM NORMAL: -1.51 2 = FOG REDUCING VISIBILITY
HIGHEST: 92 ON 27 GRTST 24HR 1.10 ON 21-21 TO 1/4 MILE OR LESS
LOWEST: 26 ON 12 3 = THUNDER
SNOW, ICE PELLETS, HAIL 4 = ICE PELLETS
TOTAL MONTH: M 5 = HAIL
GRTST 24HR M ON M 6 = FREEZING RAIN OR DRIZZLE
GRTST DEPTH: M ON M 7 = DUSTSTORM OR SANDSTORM:
VSBY 1/2 MILE OR LESS
8 = SMOKE OR HAZE
[NO. OF DAYS WITH] [WEATHER - DAYS WITH] 9 = BLOWING SNOW
X = TORNADO
MAX 32 OR BELOW: 0 0.01 INCH OR MORE: 6
MAX 90 OR ABOVE: 1 0.10 INCH OR MORE: 2
MIN 32 OR BELOW: 4 0.50 INCH OR MORE: 2
MIN 0 OR BELOW: 0 1.00 INCH OR MORE: 1
[HDD (BASE 65) ]
TOTAL THIS MO. 252 CLEAR (SCALE 0-3) 19
DPTR FM NORMAL 17 PTCLDY (SCALE 4-7) 11
TOTAL FM JUL 1 1831 CLOUDY (SCALE 8-10) 1
DPTR FM NORMAL -174
[CDD (BASE 65) ]
TOTAL THIS MO. 27
DPTR FM NORMAL -11 [PRESSURE DATA]
TOTAL FM JAN 1 31 HIGHEST SLP 30.50 ON 12
DPTR FM NORMAL -21 LOWEST SLP 29.43 ON 30
[REMARKS]
#FINAL-03-22#