000
CXUS52 KTBW 011304
CF6SRQ
PRELIMINARY LOCAL CLIMATOLOGICAL DATA (WS FORM: F-6)
STATION: SARASOTA BRADENTON
MONTH: JULY
YEAR: 2021
LATITUDE: 27 23 N
LONGITUDE: 82 33 W
TEMPERATURE IN F: :PCPN: SNOW: WIND :SUNSHINE: SKY :PK WND
================================================================================
1 2 3 4 5 6A 6B 7 8 9 10 11 12 13 14 15 16 17 18
12Z AVG MX 2MIN
DY MAX MIN AVG DEP HDD CDD WTR SNW DPTH SPD SPD DIR MIN PSBL S-S WX SPD DR
================================================================================
1 86 73 80 -3 0 15 0.06 0.0 0 6.1 12 240 M M 2 21 300
2 86 75 81 -2 0 16 0.78 0.0 0 8.7 20 270 M M 3 128 26 280
3 89 73 81 -2 0 16 0.69 0.0 0 10.9 24 330 M M 4 138 33 340
4 88 76 82 -1 0 17 0.00 0.0 0 5.4 13 300 M M 0 18 19 290
5 97 75 86 3 0 21 0.19 0.0 0 8.1 31 160 M M 2 138 38 160
6 85 73 79 -4 0 14 1.31 0.0 0 15.3 37 120 M M 5 13 54 120
7 87 74 81 -2 0 16 0.12 0.0 0 14.7 26 190 M M 6 1 35 190
8 88 77 83 0 0 18 0.42 0.0 0 7.1 17 180 M M 2 13 26 200
9 90 75 83 0 0 18 0.00 0.0 0 5.8 14 310 M M 0 3 20 240
10 91 73 82 -1 0 17 0.70 0.0 0 5.4 21 150 M M 2 13 25 160
11 90 74 82 -1 0 17 0.11 0.0 0 5.2 17 110 M M 1 3 21 110
12 90 76 83 0 0 18 0.03 0.0 0 7.4 16 120 M M 2 38 22 120
13 92 74 83 0 0 18 0.07 0.0 0 8.9 20 200 M M 2 13 24 200
14 90 75 83 0 0 18 0.52 0.0 0 6.8 15 180 M M 3 13 19 160
15 93 76 85 2 0 20 0.00 0.0 0 7.7 17 90 M M 2 25 70
16 93 75 84 1 0 19 0.43 0.0 0 6.1 15 230 M M 2 138 18 230
17 90 76 83 0 0 18 0.43 0.0 0 7.1 28 170 M M 2 38 33 170
18 89 76 83 0 0 18 0.00 0.0 0 6.3 14 250 M M 1 17 250
19 90 76 83 0 0 18 0.00 0.0 0 6.0 13 240 M M 1 3 17 250
20 90 75 83 0 0 18 0.00 0.0 0 5.8 15 230 M M 1 21 230
21 90 78 84 1 0 19 0.00 0.0 0 6.5 13 240 M M 0 25 230
22 91 78 85 2 0 20 0.00 0.0 0 5.8 16 280 M M 2 3 20 290
23 91 79 85 2 0 20 0.00 0.0 0 7.3 17 280 M M 1 21 270
24 94 77 86 3 0 21 T 0.0 0 6.3 16 80 M M 5 3 22 10
25 94 76 85 2 0 20 0.00 0.0 0 7.3 14 120 M M 3 18 130
26 89 77 83 0 0 18 0.16 0.0 0 5.8 14 170 M M 3 13 17 190
27 89 76 83 0 0 18 2.68 0.0 0 4.5 20 190 M M 5 123 22 210
28 88 77 83 0 0 18 1.25 0.0 0 5.5 18 310 M M 2 13 20 320
29 86 77 82 -1 0 17 0.43 0.0 0 6.5 18 270 M M 3 13 23 260
30 89 77 83 0 0 18 0.00 0.0 0 6.9 13 260 M M 1 18 240
31 90 83 87 4 0 22 T 0.0 0 7.7 13 230 M M 1 18 270
================================================================================
SM 2785 2352 0 561 10.38 0.0 224.9 M 69
================================================================================
AV 89.8 75.9 7.3 FASTST M M 2 MAX(MPH)
MISC ----> 37 120 54 120
================================================================================
NOTES:
# LAST OF SEVERAL OCCURRENCES
COLUMN 17 PEAK WIND IN M.P.H.
PRELIMINARY LOCAL CLIMATOLOGICAL DATA (WS FORM: F-6) , PAGE 2
STATION: SARASOTA BRADENTON
MONTH: JULY
YEAR: 2021
LATITUDE: 27 23 N
LONGITUDE: 82 33 W
[TEMPERATURE DATA] [PRECIPITATION DATA] SYMBOLS USED IN COLUMN 16
AVERAGE MONTHLY: 82.9 TOTAL FOR MONTH: 10.38 1 = FOG OR MIST
DPTR FM NORMAL: -0.2 DPTR FM NORMAL: 2.99 2 = FOG REDUCING VISIBILITY
HIGHEST: 97 ON 5 GRTST 24HR 2.84 ON 26-27 TO 1/4 MILE OR LESS
LOWEST: 73 ON 10, 6 3 = THUNDER
SNOW, ICE PELLETS, HAIL 4 = ICE PELLETS
TOTAL MONTH: 0.0 INCH 5 = HAIL
GRTST 24HR 0.0 6 = FREEZING RAIN OR DRIZZLE
GRTST DEPTH: 0 7 = DUSTSTORM OR SANDSTORM:
VSBY 1/2 MILE OR LESS
8 = SMOKE OR HAZE
[NO. OF DAYS WITH] [WEATHER - DAYS WITH] 9 = BLOWING SNOW
X = TORNADO
MAX 32 OR BELOW: 0 0.01 INCH OR MORE: 18
MAX 90 OR ABOVE: 18 0.10 INCH OR MORE: 15
MIN 32 OR BELOW: 0 0.50 INCH OR MORE: 7
MIN 0 OR BELOW: 0 1.00 INCH OR MORE: 3
[HDD (BASE 65) ]
TOTAL THIS MO. 0 CLEAR (SCALE 0-3) 25
DPTR FM NORMAL 0 PTCLDY (SCALE 4-7) 6
TOTAL FM JUL 1 0 CLOUDY (SCALE 8-10) 0
DPTR FM NORMAL 0
[CDD (BASE 65) ]
TOTAL THIS MO. 561
DPTR FM NORMAL -2 [PRESSURE DATA]
TOTAL FM JAN 1 2098 HIGHEST SLP 30.21 ON 13
DPTR FM NORMAL 125 LOWEST SLP 29.83 ON 25
[REMARKS]
#FINAL-07-21#