000
CXUS56 KPQR 011200
CF6SLE
PRELIMINARY LOCAL CLIMATOLOGICAL DATA (WS FORM: F-6)
STATION: SALEM OR
MONTH: JULY
YEAR: 2020
LATITUDE: 44 55 N
LONGITUDE: 123 0 W
TEMPERATURE IN F: :PCPN: SNOW: WIND :SUNSHINE: SKY :PK WND
================================================================================
1 2 3 4 5 6A 6B 7 8 9 10 11 12 13 14 15 16 17 18
12Z AVG MX 2MIN
DY MAX MIN AVG DEP HDD CDD WTR SNW DPTH SPD SPD DIR MIN PSBL S-S WX SPD DR
================================================================================
1 68 50 59 -6 6 0 T M M 7.1 16 300 M M 8 20 280
2 72 50 61 -4 4 0 0.00 M M 4.3 14 320 M M 5 17 330
3 75 50 63 -2 2 0 0.00 M M 5.3 14 330 M M 5 16 230
4 76 53 65 -1 0 0 0.00 M M 3.2 13 320 M M 6 15 310
5 75 51 63 -3 2 0 0.00 M M 4.3 14 300 M M 5 16 300
6 68 53 61 -5 4 0 0.00 M M 4.9 15 290 M M 9 20 290
7 72 55 64 -2 1 0 T M M 8.4 16 220 M M 9 22 200
8 77 56 67 1 0 2 0.00 M M 5.8 14 340 M M 5 22 360
9 77 51 64 -3 1 0 0.00 M M 4.0 12 270 M M 7 8 15 320
10 81 58 70 3 0 5 0.00 M M 4.6 13 330 M M 4 15 320
11 77 52 65 -2 0 0 0.00 M M 5.7 18 320 M M 2 23 320
12 80 55 68 1 0 3 0.00 M M 6.9 16 310 M M 5 21 320
13 82 50 66 -2 0 1 0.00 M M 9.1 17 360 M M 0 23 330
14 87 50 69 1 0 4 0.00 M M 7.8 20 10 M M 0 24 360
15 90 55 73 5 0 8 0.00 M M 7.9 20 360 M M 0 23 360
16 88 55 72 4 0 7 0.00 M M 6.6 16 320 M M 0 19 350
17 78 56 67 -1 0 2 0.00 M M 8.4 18 40 M M 6 24 50
18 86 50 68 0 0 3 0.00 M M 9.2 18 350 M M 1 23 40
19 92 55 74 6 0 9 0.00 M M 6.2 16 20 M M 0 24 10
20 93 58 76 8 0 11 0.00 M M 5.0 13 290 M M 0 18 10
21 91 59 75 6 0 10 0.00 M M 6.1 14 270 M M 0 17 320
22 84 60 72 3 0 7 0.00 M M 6.4 13 280 M M 3 17 350
23 79 56 68 -1 0 3 0.00 M M 5.9 16 310 M M 4 19 310
24 73 53 63 -6 2 0 0.00 M M 9.4 18 30 M M 5 23 360
25 82 50 66 -3 0 1 0.00 M M 9.1 17 30 M M 0 26 330
26 100 55 78 9 0 13 0.00 M M 6.2 15 350 M M 0 19 310
27 95 61 78 9 0 13 0.00 M M 4.3 15 140 M M 0 18 130
28 91 59 75 6 0 10 0.00 M M 5.9 13 320 M M 0 17 320
29 94 61 78 9 0 13 0.00 M M 5.1 12 320 M M 0 16 330
30 97 59 78 9 0 13 0.00 M M 4.6 18 290 M M 0 26 290
31 87 56 72 3 0 7 0.00 M M 5.9 16 290 M M 0 19 290
================================================================================
SM 2567 1692 22 145 T M 193.6 M 89
================================================================================
AV 82.8 54.6 6.2 FASTST M M 3 MAX(MPH)
MISC ----> # 20 10 # 26 330
================================================================================
NOTES:
# LAST OF SEVERAL OCCURRENCES
COLUMN 17 PEAK WIND IN M.P.H.
PRELIMINARY LOCAL CLIMATOLOGICAL DATA (WS FORM: F-6) , PAGE 2
STATION: SALEM OR
MONTH: JULY
YEAR: 2020
LATITUDE: 44 55 N
LONGITUDE: 123 0 W
[TEMPERATURE DATA] [PRECIPITATION DATA] SYMBOLS USED IN COLUMN 16
AVERAGE MONTHLY: 68.7 TOTAL FOR MONTH: T 1 = FOG OR MIST
DPTR FM NORMAL: 1.1 DPTR FM NORMAL: -0.46 2 = FOG REDUCING VISIBILITY
HIGHEST: 100 ON 26 GRTST 24HR T ON 7- 7 TO 1/4 MILE OR LESS
LOWEST: 50 ON 25,18 3 = THUNDER
SNOW, ICE PELLETS, HAIL 4 = ICE PELLETS
TOTAL MONTH: M 5 = HAIL
GRTST 24HR M ON M 6 = FREEZING RAIN OR DRIZZLE
GRTST DEPTH: M ON M 7 = DUSTSTORM OR SANDSTORM:
VSBY 1/2 MILE OR LESS
8 = SMOKE OR HAZE
[NO. OF DAYS WITH] [WEATHER - DAYS WITH] 9 = BLOWING SNOW
X = TORNADO
MAX 32 OR BELOW: 0 0.01 INCH OR MORE: 0
MAX 90 OR ABOVE: 9 0.10 INCH OR MORE: 0
MIN 32 OR BELOW: 0 0.50 INCH OR MORE: 0
MIN 0 OR BELOW: 0 1.00 INCH OR MORE: 0
[HDD (BASE 65) ]
TOTAL THIS MO. 22 CLEAR (SCALE 0-3) 17
DPTR FM NORMAL -8 PTCLDY (SCALE 4-7) 12
TOTAL FM JUL 1 22 CLOUDY (SCALE 8-10) 2
DPTR FM NORMAL -8
[CDD (BASE 65) ]
TOTAL THIS MO. 145
DPTR FM NORMAL 36 [PRESSURE DATA]
TOTAL FM JAN 1 196 HIGHEST SLP 30.21 ON 4
DPTR FM NORMAL 50 LOWEST SLP 29.77 ON 27
[REMARKS]
#FINAL-07-20#