000
CXUS53 KILX 280900
CF6LWV
PRELIMINARY LOCAL CLIMATOLOGICAL DATA (WS FORM: F-6)
STATION: LAWRENCEVILLE IL AIRPORT
MONTH: MARCH
YEAR: 2024
LATITUDE: 38 45 N
LONGITUDE: 87 36 W
TEMPERATURE IN F: :PCPN: SNOW: WIND :SUNSHINE: SKY :PK WND
================================================================================
1 2 3 4 5 6A 6B 7 8 9 10 11 12 13 14 15 16 17 18
12Z AVG MX 2MIN
DY MAX MIN AVG DEP HDD CDD WTR SNW DPTH SPD SPD DIR MIN PSBL S-S WX SPD DR
================================================================================
1 46 28 37 -3 28 0 T M M 6.8 14 170 M M 8 18 17 160
2 58 37 48 8 17 0 0.00 M M 6.2 16 180 M M 5 128 23 180
3 74 38 56 16 9 0 0.00 M M 13.5 30 180 M M 0 1 39 180
4 80 52 66 25 0 1 0.00 M M 12.8 26 180 M M 3 18 33 170
5 74 53 64 23 1 0 0.07 M M 9.9 20 350 M M 6 13 25 340
6 56 46 51 10 14 0 0.00 M M 10.5 17 340 M M 10 18 22 350
7 58 48 53 11 12 0 0.03 M M 7.6 13 90 M M 10 16 110
8 59 51 55 13 10 0 0.53 M M 11.1 21 290 M M 10 1 25 300
9 51 36 44 2 21 0 T M M 13.8 22 350 M M 7 1 29 340
10 51 31 41 -2 24 0 0.00 M M 9.9 22 300 M M 0 28 320
11 64 27 46 3 19 0 0.00 M M 9.3 21 210 M M 0 29 210
12 71 38 55 12 10 0 0.00 M M 9.4 22 210 M M 0 29 210
13 76 44 60 16 5 0 0.00 M M 9.4 21 170 M M 0 3 30 170
14 77 55 66 22 0 1 1.04 M M 15.6 31 260 M M 5 138 44 260
15 60 42 51 7 14 0 0.05 M M 10.3 20 360 M M 6 18 24 360
16 66 35 51 6 14 0 0.00 M M 11.4 26 250 M M 1 1 37 250
17 49 31 40 -5 25 0 0.00 M M 14.8 28 290 M M 2 37 300
18 37 26 32 -14 33 0 0.00 M M 10.6 22 310 M M 7 27 330
19 60 24 42 -4 23 0 0.00 M M 12.1 27 220 M M 0 38 220
20 58 33 46 0 19 0 0.00 M M 11.2 24 330 M M 0 35 310
21 53 29 41 -6 24 0 0.00 M M 9.1 15 30 M M 1 21 110
22 58 36 47 0 18 0 0.00 M M 8.5 24 350 M M 6 29 360
23 52 35 44 -3 21 0 0.00 M M 13.2 23 10 M M 3 32 10
24 62 35 49 1 16 0 0.00 M M 12.9 23 110 M M 2 33 110
25 67 51 59 11 6 0 0.34 M M 22.8 38 160 M M 4 1 50 150
26 62 41 52 4 13 0 0.01 M M 19.1 36 230 M M 9 1 47 220
27 52 35 44 -5 21 0 0.00 M M 8.4 16 320 M M 5 21 280
================================================================================
SM 1631 1037 417 2 2.07 M 310.2 M 110
================================================================================
AV 60.4 38.4 11.5 FASTST M M 4 MAX(MPH)
MISC ----> 38 160 50 150
================================================================================
NOTES:
# LAST OF SEVERAL OCCURRENCES
COLUMN 17 PEAK WIND IN M.P.H.
PRELIMINARY LOCAL CLIMATOLOGICAL DATA (WS FORM: F-6) , PAGE 2
STATION: LAWRENCEVILLE IL AIRPORT
MONTH: MARCH
YEAR: 2024
LATITUDE: 38 45 N
LONGITUDE: 87 36 W
[TEMPERATURE DATA] [PRECIPITATION DATA] SYMBOLS USED IN COLUMN 16
AVERAGE MONTHLY: 49.4 TOTAL FOR MONTH: 2.07 1 = FOG OR MIST
DPTR FM NORMAL: 5.3 DPTR FM NORMAL: -0.63 2 = FOG REDUCING VISIBILITY
HIGHEST: 80 ON 4 GRTST 24HR 1.09 ON 14-15 TO 1/4 MILE OR LESS
LOWEST: 24 ON 19 3 = THUNDER
SNOW, ICE PELLETS, HAIL 4 = ICE PELLETS
TOTAL MONTH: M 5 = HAIL
GRTST 24HR M ON M 6 = FREEZING RAIN OR DRIZZLE
GRTST DEPTH: M ON M 7 = DUSTSTORM OR SANDSTORM:
VSBY 1/2 MILE OR LESS
8 = SMOKE OR HAZE
[NO. OF DAYS WITH] [WEATHER - DAYS WITH] 9 = BLOWING SNOW
X = TORNADO
MAX 32 OR BELOW: 0 0.01 INCH OR MORE: 7
MAX 90 OR ABOVE: 0 0.10 INCH OR MORE: 3
MIN 32 OR BELOW: 7 0.50 INCH OR MORE: 2
MIN 0 OR BELOW: 0 1.00 INCH OR MORE: 1
[HDD (BASE 65) ]
TOTAL THIS MO. 417 CLEAR (SCALE 0-3) 11
DPTR FM NORMAL -149 PTCLDY (SCALE 4-7) 12
TOTAL FM JUL 1 3365 CLOUDY (SCALE 8-10) 4
DPTR FM NORMAL -907
[CDD (BASE 65) ]
TOTAL THIS MO. 2
DPTR FM NORMAL 2 [PRESSURE DATA]
TOTAL FM JAN 1 5 HIGHEST SLP M ON M
DPTR FM NORMAL 5 LOWEST SLP 29.47 ON 26
[REMARKS]