000
CXUS53 KILX 010901
CF6LWV
PRELIMINARY LOCAL CLIMATOLOGICAL DATA (WS FORM: F-6)
STATION: LAWRENCEVILLE IL AIRPORT
MONTH: SEPTEMBER
YEAR: 2023
LATITUDE: 38 45 N
LONGITUDE: 87 36 W
TEMPERATURE IN F: :PCPN: SNOW: WIND :SUNSHINE: SKY :PK WND
================================================================================
1 2 3 4 5 6A 6B 7 8 9 10 11 12 13 14 15 16 17 18
12Z AVG MX 2MIN
DY MAX MIN AVG DEP HDD CDD WTR SNW DPTH SPD SPD DIR MIN PSBL S-S WX SPD DR
================================================================================
1 85 57 71 -3 0 6 0.00 M M 4.2 9 80 M M 0 13 70
2 89 64 77 4 0 12 0.00 M M 5.1 15 220 M M 2 1 20 190
3 91 67 79 6 0 14 0.00 M M 6.7 16 180 M M 2 1 23 170
4 93 69 81 8 0 16 0.00 M M 7.3 15 190 M M 2 22 170
5 90 70 80 7 0 15 0.10 M M 7.8 21 210 M M 3 13 28 180
6 89 63 76 4 0 11 T M M 8.6 21 290 M M 4 29 250
7 77 61 69 -3 0 4 0.00 M M 6.6 13 300 M M 8 1 17 270
8 79 62 71 -1 0 6 0.00 M M 6.9 18 30 M M 6 26 20
9 81 62 72 0 0 7 0.00 M M 7.8 17 40 M M 6 22 50
10 83 57 70 -1 0 5 0.00 M M 3.3 9 10 M M 1 1 16 340
11 86 56 71 0 0 6 0.00 M M 3.5 10 320 M M 1 12 15 260
12 79 55 67 -4 0 2 0.04 M M 5.7 16 350 M M 6 1 20 350
13 82 48 65 -5 0 0 0.00 M M 4.2 12 310 M M 2 1 20 320
14 82 50 66 -4 0 1 0.00 M M 6.9 17 30 M M 0 23 10
15 83 51 67 -3 0 2 0.00 M M 3.3 10 40 M M 0 8 16 30
16 80 52 66 -3 0 1 T M M 2.3 12 330 M M 2 15 330
17 80 57 69 0 0 4 0.00 M M 7.9 25 320 M M 3 36 320
18 80 52 66 -3 0 1 0.00 M M 5.6 15 20 M M 1 20 30
19 82 48 65 -3 0 0 0.00 M M 5.4 15 130 M M 0 20 180
20 87 52 70 2 0 5 0.08 M M 5.6 17 250 M M 3 1 26 100
21 80 63 72 4 0 7 0.09 M M 3.9 9 120 M M 6 1 12 140
22 88 60 74 7 0 9 0.00 M M 4.2 13 130 M M 0 1 17 140
23 87 56 72 5 0 7 0.00 M M 5.1 14 40 M M 0 20 20
24 86 53 70 4 0 5 0.00 M M 4.0 9 120 M M 0 12 120
25 88 59 74 8 0 9 0.00 M M 3.3 8 100 M M 4 13 100
26 89 60 75 9 0 10 0.04 M M 6.2 22 230 M M 3 13 29 250
27 80 62 71 6 0 6 0.15 M M 5.1 24 210 M M 6 13 32 200
28 82 57 70 5 0 5 0.00 M M 3.5 13 330 M M 4 12 17 330
29 87 56 72 7 0 7 0.00 M M 3.1 8 70 M M 0 12 11 320
30 89 57 73 9 0 8 0.00 M M 4.8 13 40 M M 0 1 23 150
================================================================================
SM 2534 1736 0 191 0.50 M 157.9 M 75
================================================================================
AV 84.5 57.9 5.3 FASTST M M 3 MAX(MPH)
MISC ----> 25 320 36 320
================================================================================
NOTES:
# LAST OF SEVERAL OCCURRENCES
COLUMN 17 PEAK WIND IN M.P.H.
PRELIMINARY LOCAL CLIMATOLOGICAL DATA (WS FORM: F-6) , PAGE 2
STATION: LAWRENCEVILLE IL AIRPORT
MONTH: SEPTEMBER
YEAR: 2023
LATITUDE: 38 45 N
LONGITUDE: 87 36 W
[TEMPERATURE DATA] [PRECIPITATION DATA] SYMBOLS USED IN COLUMN 16
AVERAGE MONTHLY: 71.2 TOTAL FOR MONTH: 0.50 1 = FOG OR MIST
DPTR FM NORMAL: 2.0 DPTR FM NORMAL: -2.44 2 = FOG REDUCING VISIBILITY
HIGHEST: 93 ON 4 GRTST 24HR 0.19 ON 26-27 TO 1/4 MILE OR LESS
LOWEST: 48 ON 19,13 3 = THUNDER
SNOW, ICE PELLETS, HAIL 4 = ICE PELLETS
TOTAL MONTH: M 5 = HAIL
GRTST 24HR M ON M 6 = FREEZING RAIN OR DRIZZLE
GRTST DEPTH: M ON M 7 = DUSTSTORM OR SANDSTORM:
VSBY 1/2 MILE OR LESS
8 = SMOKE OR HAZE
[NO. OF DAYS WITH] [WEATHER - DAYS WITH] 9 = BLOWING SNOW
X = TORNADO
MAX 32 OR BELOW: 0 0.01 INCH OR MORE: 6
MAX 90 OR ABOVE: 3 0.10 INCH OR MORE: 2
MIN 32 OR BELOW: 0 0.50 INCH OR MORE: 0
MIN 0 OR BELOW: 0 1.00 INCH OR MORE: 0
[HDD (BASE 65) ]
TOTAL THIS MO. 0 CLEAR (SCALE 0-3) 21
DPTR FM NORMAL -39 PTCLDY (SCALE 4-7) 9
TOTAL FM JUL 1 0 CLOUDY (SCALE 8-10) 0
DPTR FM NORMAL -39
[CDD (BASE 65) ]
TOTAL THIS MO. 191
DPTR FM NORMAL 24 [PRESSURE DATA]
TOTAL FM JAN 1 1375 HIGHEST SLP 30.22 ON 30
DPTR FM NORMAL 32 LOWEST SLP 29.82 ON 6
[REMARKS]
#FINAL-09-23#