000
CXUS54 KHGX 011510
CF6HOU
PRELIMINARY LOCAL CLIMATOLOGICAL DATA (WS FORM: F-6)
STATION: HOUSTON/HOBBY AIRPORT
MONTH: NOVEMBER
YEAR: 2022
LATITUDE: 29 38 N
LONGITUDE: 95 17 W
TEMPERATURE IN F: :PCPN: SNOW: WIND :SUNSHINE: SKY :PK WND
================================================================================
1 2 3 4 5 6A 6B 7 8 9 10 11 12 13 14 15 16 17 18
12Z AVG MX 2MIN
DY MAX MIN AVG DEP HDD CDD WTR SNW DPTH SPD SPD DIR MIN PSBL S-S WX SPD DR
================================================================================
1 67 63 65 -3 0 0 0.45 0.0 0 9.3 20 130 M M 9 1 25 130
2 77 62 70 3 0 5 0.00 0.0 0 9.8 16 80 M M 9 20 80
3 85 72 79 12 0 14 0.00 0.0 0 10.5 18 140 M M 8 128 25 170
4 85 60 73 6 0 8 0.16 0.0 0 14.0 28 330 M M 7 13 39 180
5 75 60 68 2 0 3 0.06 0.0 0 6.4 20 340 M M 5 13 27 340
6 87 62 75 9 0 10 0.00 0.0 0 8.1 20 180 M M 7 27 180
7 86 70 78 12 0 13 0.00 0.0 0 7.1 15 110 M M 5 1 22 110
8 87 69 78 13 0 13 0.00 0.0 0 8.8 18 150 M M 3 1 26 110
9 84 67 76 11 0 11 T 0.0 0 6.3 18 110 M M 5 1 24 110
10 83 67 75 10 0 10 0.00 0.0 0 6.2 14 100 M M 3 1 18 140
11 83 49 66 2 0 1 0.71 0.0 0 9.0 25 320 M M 6 13 32 330
12 61 44 53 -11 12 0 0.01 0.0 0 15.6 26 350 M M 3 3 40 360
13 60 41 51 -13 14 0 0.00 0.0 0 7.8 14 50 M M 3 21 50
14 64 49 57 -7 8 0 1.00 0.0 0 13.8 28 350 M M 10 13 42 360
15 56 44 50 -13 15 0 0.00 0.0 0 14.9 25 350 M M 8 36 310
16 55 42 49 -14 16 0 0.00 0.0 0 10.1 17 20 M M 9 24 20
17 58 43 51 -12 14 0 0.00 0.0 0 5.0 10 60 M M 8 14 70
18 59 49 54 -8 11 0 0.03 0.0 0 8.8 16 90 M M 9 25 80
19 51 45 48 -14 17 0 1.05 0.0 0 12.5 20 360 M M 10 1 29 360
20 56 42 49 -13 16 0 0.01 0.0 0 10.3 17 20 M M 8 25 20
21 50 45 48 -14 17 0 0.56 0.0 0 8.8 14 20 M M 10 1 19 10
22 60 47 54 -7 11 0 0.07 0.0 0 5.8 13 60 M M 9 1 17 50
23 71 48 60 -1 5 0 0.00 0.0 0 8.0 18 120 M M 5 1 22 120
24 70 62 66 5 0 1 1.53 0.0 0 11.1 25 50 M M 10 123 34 70
25 64 60 62 1 3 0 0.36 0.0 0 12.0 22 50 M M 9 13 29 40
26 67 50 59 -1 6 0 1.21 0.0 0 12.3 24 250 M M 5 1 32 110
27 75 49 62 2 3 0 0.00 0.0 0 8.0 17 260 M M 0 25 250
28 75 50 63 3 2 0 0.00 0.0 0 5.3 14 120 M M 1 1 17 110
29 81 64 73 13 0 8 T 0.0 0 11.6 24 190 M M 9 1 32 210
30 75 50 63 3 2 0 0.00 0.0 0 15.4 26 350 M M 3 34 350
================================================================================
SM 2107 1625 172 97 7.21 0.0 292.6 M 196
================================================================================
AV 70.2 54.2 9.8 FASTST M M 7 MAX(MPH)
MISC ----> # 28 330 42 360
================================================================================
NOTES:
# LAST OF SEVERAL OCCURRENCES
COLUMN 17 PEAK WIND IN M.P.H.
PRELIMINARY LOCAL CLIMATOLOGICAL DATA (WS FORM: F-6) , PAGE 2
STATION: HOUSTON/HOBBY AIRPORT
MONTH: NOVEMBER
YEAR: 2022
LATITUDE: 29 38 N
LONGITUDE: 95 17 W
[TEMPERATURE DATA] [PRECIPITATION DATA] SYMBOLS USED IN COLUMN 16
AVERAGE MONTHLY: 62.2 TOTAL FOR MONTH: 7.21 1 = FOG OR MIST
DPTR FM NORMAL: -1.1 DPTR FM NORMAL: 3.31 2 = FOG REDUCING VISIBILITY
HIGHEST: 87 ON 8, 6 GRTST 24HR 1.57 ON 25-26 TO 1/4 MILE OR LESS
LOWEST: 41 ON 13 3 = THUNDER
SNOW, ICE PELLETS, HAIL 4 = ICE PELLETS
TOTAL MONTH: 0.0 INCH 5 = HAIL
GRTST 24HR 0.0 6 = FREEZING RAIN OR DRIZZLE
GRTST DEPTH: 0 7 = DUSTSTORM OR SANDSTORM:
VSBY 1/2 MILE OR LESS
8 = SMOKE OR HAZE
[NO. OF DAYS WITH] [WEATHER - DAYS WITH] 9 = BLOWING SNOW
X = TORNADO
MAX 32 OR BELOW: 0 0.01 INCH OR MORE: 14
MAX 90 OR ABOVE: 0 0.10 INCH OR MORE: 9
MIN 32 OR BELOW: 0 0.50 INCH OR MORE: 6
MIN 0 OR BELOW: 0 1.00 INCH OR MORE: 4
[HDD (BASE 65) ]
TOTAL THIS MO. 172 CLEAR (SCALE 0-3) 7
DPTR FM NORMAL 38 PTCLDY (SCALE 4-7) 9
TOTAL FM JUL 1 183 CLOUDY (SCALE 8-10) 14
DPTR FM NORMAL 30
[CDD (BASE 65) ]
TOTAL THIS MO. 97
DPTR FM NORMAL 14 [PRESSURE DATA]
TOTAL FM JAN 1 3832 HIGHEST SLP 30.49 ON 17
DPTR FM NORMAL 504 LOWEST SLP 29.74 ON 29
[REMARKS]
#FINAL-11-22#