000
CXUS55 KLBF 231410
CF6IML
PRELIMINARY LOCAL CLIMATOLOGICAL DATA (WS FORM: F-6)

                                          STATION:   IMPERIAL
                                          MONTH:     MAY
                                          YEAR:      2022
                                          LATITUDE:   40 31 N
                                          LONGITUDE: 101 37 W

  TEMPERATURE IN F:       :PCPN:    SNOW:  WIND      :SUNSHINE: SKY     :PK WND
================================================================================
1   2   3   4   5  6A  6B    7    8   9   10  11  12  13   14  15   16   17  18
                                     12Z  AVG MX 2MIN
DY MAX MIN AVG DEP HDD CDD  WTR  SNW DPTH SPD SPD DIR MIN PSBL S-S WX    SPD DR
================================================================================

 1  69  33  51  -2  14   0 0.34    M    M 10.4 21  80   M    M   2        34 130
 2  45  33  39 -14  26   0 1.45    M    M 15.9 39 110   M    M  10 13     55 120
 3  56  29  43 -11  22   0 0.00    M    M 11.7 25 130   M    M   4 1      37 150
 4  46  42  44 -10  21   0 0.03    M    M  9.1 18 130   M    M  10 1      23 130
 5  66  42  54  -1  11   0 0.00    M    M  7.2 20 330   M    M   7        25 320
 6  86  38  62   7   3   0 0.00    M    M  6.3 22 310   M    M   0        36 290
 7  86  48  67  12   0   2 0.10    M    M 16.4 31 160   M    M   2 3      46 140
 8  78  48  63   7   2   0 0.01    M    M 11.3 28 140   M    M   1        42 140
 9  76  48  62   6   3   0 0.00    M    M 14.2 23 300   M    M   3        38 310
10  80  43  62   5   3   0 0.00    M    M 12.0 22 130   M    M   0        38 130
11  97  51  74  17   0   9 0.00    M    M 16.5 32 170   M    M   0        58 170
12  93  46  70  12   0   5 0.00    M    M 20.7 45 320   M    M   1 8      66 250
13  79  39  59   1   6   0 0.00    M    M  9.5 24 220   M    M   1        37 190
14  82  49  66   8   0   1 0.00    M    M  8.1 18  80   M    M   0        24  10
15  78  43  61   2   4   0 0.00    M    M 11.2 25 340   M    M   0        38 330
16  91  47  69  10   0   4 0.00    M    M 16.8 31 360   M    M   0        50  10
17  88  56  72  12   0   7 0.00    M    M 10.9 25 160   M    M   0        34 160
18  89  54  72  12   0   7 0.00    M    M 10.5 18 280   M    M   1        27 270
19  92  44  68   7   0   3 0.00    M    M 17.5 38  10   M    M   0        51  50
20  54  42  48 -13  17   0 0.00    M    M 15.1 23 340   M    M   9        38 300
21  60  37  49 -13  16   0    T    M    M  8.6 14 330   M    M   6        30 270
22  66  32  49 -13  16   0    T    M    M 13.4 28 170   M    M   5        46 150
================================================================================
SM 1657  944       164  38  1.93    M    273.3          M       62
================================================================================
AV 75.3 42.9                              12.4 FASTST   M    M   3    MAX(MPH)
                                 MISC ---->    45 320                 66 250
================================================================================
NOTES:
# LAST OF SEVERAL OCCURRENCES

COLUMN 17 PEAK WIND IN M.P.H.

PRELIMINARY LOCAL CLIMATOLOGICAL DATA (WS FORM: F-6) , PAGE 2

                                          STATION:   IMPERIAL
                                          MONTH:     MAY
                                          YEAR:      2022
                                          LATITUDE:   40 31 N
                                          LONGITUDE: 101 37 W

[TEMPERATURE DATA]      [PRECIPITATION DATA]       SYMBOLS USED IN COLUMN 16

AVERAGE MONTHLY: 59.1   TOTAL FOR MONTH:   1.93    1 = FOG OR MIST
DPTR FM NORMAL:   1.7   DPTR FM NORMAL:   -0.07    2 = FOG REDUCING VISIBILITY
HIGHEST:    97 ON 11    GRTST 24HR  1.79 ON  1- 2      TO 1/4 MILE OR LESS
LOWEST:     29 ON  3                               3 = THUNDER
                        SNOW, ICE PELLETS, HAIL    4 = ICE PELLETS
                        TOTAL MONTH:  M            5 = HAIL
                        GRTST 24HR    M  ON   M    6 = FREEZING RAIN OR DRIZZLE
                        GRTST DEPTH:  M  ON   M    7 = DUSTSTORM OR SANDSTORM:
                                                       VSBY 1/2 MILE OR LESS
                                                   8 = SMOKE OR HAZE
[NO. OF DAYS WITH]      [WEATHER - DAYS WITH]      9 = BLOWING SNOW
                                                   X = TORNADO
MAX 32 OR BELOW:   0    0.01 INCH OR MORE:   5
MAX 90 OR ABOVE:   4    0.10 INCH OR MORE:   3
MIN 32 OR BELOW:   2    0.50 INCH OR MORE:   1
MIN  0 OR BELOW:   0    1.00 INCH OR MORE:   1

[HDD (BASE 65) ]
TOTAL THIS MO.   164    CLEAR  (SCALE 0-3)  15
DPTR FM NORMAL   -24    PTCLDY (SCALE 4-7)   4
TOTAL FM JUL 1  5543    CLOUDY (SCALE 8-10)  3
DPTR FM NORMAL  -362

[CDD (BASE 65) ]
TOTAL THIS MO.    38
DPTR FM NORMAL    17    [PRESSURE DATA]
TOTAL FM JAN 1    46    HIGHEST SLP M ON M
DPTR FM NORMAL    23    LOWEST  SLP 29.15 ON  8

[REMARKS]
