138
CXUS53 KLBF 241410
CF6IML
PRELIMINARY LOCAL CLIMATOLOGICAL DATA (WS FORM: F-6)

                                          STATION:   IMPERIAL
                                          MONTH:     JUNE
                                          YEAR:      2024
                                          LATITUDE:   40 31 N
                                          LONGITUDE: 101 37 W

  TEMPERATURE IN F:       :PCPN:    SNOW:  WIND      :SUNSHINE: SKY     :PK WND
================================================================================
1   2   3   4   5  6A  6B    7    8   9   10  11  12  13   14  15   16   17  18
                                     12Z  AVG MX 2MIN
DY MAX MIN AVG DEP HDD CDD  WTR  SNW DPTH SPD SPD DIR MIN PSBL S-S WX    SPD DR
================================================================================

 1  81  58  70   4   0   5 0.08    M    M 13.4 26 120   M    M   4 13     42 130
 2  88  56  72   5   0   7 0.15    M    M 11.0 46 330   M    M   4 38     64 340
 3  88  54  71   4   0   6 0.00    M    M 10.2 35 250   M    M   0 3      48 260
 4  83  55  69   2   0   4    T    M    M  9.4 30 250   M    M   2 3      41 210
 5  94  55  75   7   0  10 0.00    M    M 11.7 21  80   M    M   0        37 270
 6  85  52  69   1   0   4 0.00    M    M  8.0 15 190   M    M   0        22 190
 7  96  60  78  10   0  13 0.00    M    M 11.2 29 180   M    M   1 38     37 180
 8  81  59  70   1   0   5 0.16    M    M 11.9 32 140   M    M   1 1      49 140
 9  80  57  69   0   0   4 0.00    M    M 10.3 15 120   M    M   4 1      36 140
10  85  54  70   0   0   5 0.04    M    M 15.0 25 170   M    M   1        43 170
11  91  56  74   4   0   9 0.00    M    M  8.3 17 120   M    M   1 1      25 120
12 102  67  85  15   0  20    T    M    M 11.4 21 310   M    M   0        27 320
13  91  65  78   8   0  13 0.00    M    M 13.7 25  20   M    M   0        42  40
14  90  63  77   6   0  12 0.47    M    M 13.8 30 140   M    M   5 13     47 140
15  91  61  76   5   0  11 0.02    M    M  7.5 35 190   M    M   1        53 230
16  90  64  77   6   0  12 0.00    M    M 12.7 22  70   M    M   0        39  70
17  99  71  85  13   0  20 0.00    M    M 19.4 40 180   M    M   3 8      57 160
18  81  57  69  -3   0   4 0.00    M    M 17.4 38 180   M    M   2        55 190
19  69  52  61 -11   4   0 0.00    M    M 10.6 20 130   M    M   9        33 130
20  94  63  79   7   0  14 0.00    M    M 20.3 37 160   M    M   6        53 160
21  95  64  80   7   0  15 0.00    M    M 10.5 17  60   M    M   1        36  60
22  91  65  78   5   0  13 0.00    M    M  9.1 22 350   M    M   2        29 300
23 103  61  82   9   0  17 0.00    M    M 10.9 22 220   M    M   0        34 220
================================================================================
SM 2048 1369         4 223  0.92    M    277.7          M       47
================================================================================
AV 89.0 59.5                              12.1 FASTST   M    M   2    MAX(MPH)
                                 MISC ---->    46 330                 64 340
================================================================================
NOTES:
# LAST OF SEVERAL OCCURRENCES

COLUMN 17 PEAK WIND IN M.P.H.

PRELIMINARY LOCAL CLIMATOLOGICAL DATA (WS FORM: F-6) , PAGE 2

                                          STATION:   IMPERIAL
                                          MONTH:     JUNE
                                          YEAR:      2024
                                          LATITUDE:   40 31 N
                                          LONGITUDE: 101 37 W

[TEMPERATURE DATA]      [PRECIPITATION DATA]       SYMBOLS USED IN COLUMN 16

AVERAGE MONTHLY: 74.3   TOTAL FOR MONTH:   0.92    1 = FOG OR MIST
DPTR FM NORMAL:   4.3   DPTR FM NORMAL:   -1.50    2 = FOG REDUCING VISIBILITY
HIGHEST:   103 ON 23    GRTST 24HR  0.47 ON 14-14      TO 1/4 MILE OR LESS
LOWEST:     52 ON 19, 6                             3 = THUNDER
                        SNOW, ICE PELLETS, HAIL    4 = ICE PELLETS
                        TOTAL MONTH:  M            5 = HAIL
                        GRTST 24HR    M  ON   M    6 = FREEZING RAIN OR DRIZZLE
                        GRTST DEPTH:  M  ON   M    7 = DUSTSTORM OR SANDSTORM:
                                                       VSBY 1/2 MILE OR LESS
                                                   8 = SMOKE OR HAZE
[NO. OF DAYS WITH]      [WEATHER - DAYS WITH]      9 = BLOWING SNOW
                                                   X = TORNADO
MAX 32 OR BELOW:   0    0.01 INCH OR MORE:   6
MAX 90 OR ABOVE:  13    0.10 INCH OR MORE:   3
MIN 32 OR BELOW:   0    0.50 INCH OR MORE:   0
MIN  0 OR BELOW:   0    1.00 INCH OR MORE:   0

[HDD (BASE 65) ]
TOTAL THIS MO.     4    CLEAR  (SCALE 0-3)  16
DPTR FM NORMAL   -20    PTCLDY (SCALE 4-7)   6
TOTAL FM JUL 1  5352    CLOUDY (SCALE 8-10)  1
DPTR FM NORMAL  -607

[CDD (BASE 65) ]
TOTAL THIS MO.   223
DPTR FM NORMAL    84    [PRESSURE DATA]
TOTAL FM JAN 1   253    HIGHEST SLP M ON M
DPTR FM NORMAL    67    LOWEST  SLP 29.32 ON 18

[REMARKS]