000
CXUS55 KLBF 011410
CF6LBF
PRELIMINARY LOCAL CLIMATOLOGICAL DATA (WS FORM: F-6)
STATION: NORTH PLATTE
MONTH: JUNE
YEAR: 2021
LATITUDE: 41 7 N
LONGITUDE: 100 41 W
TEMPERATURE IN F: :PCPN: SNOW: WIND :SUNSHINE: SKY :PK WND
================================================================================
1 2 3 4 5 6A 6B 7 8 9 10 11 12 13 14 15 16 17 18
12Z AVG MX 2MIN
DY MAX MIN AVG DEP HDD CDD WTR SNW DPTH SPD SPD DIR MIN PSBL S-S WX SPD DR
================================================================================
1 76 41 59 -6 6 0 0.00 0.0 0 4.1 16 110 M M 1 12 22 120
2 80 48 64 -1 1 0 0.00 0.0 0 3.6 8 170 M M 2 1 14 250
3 88 50 69 3 0 4 0.00 0.0 0 5.3 12 200 M M 0 15 250
4 91 59 75 9 0 10 0.00 0.0 0 8.6 17 210 M M 0 27 170
5 92 61 77 11 0 12 0.00 0.0 0 9.5 21 170 M M 0 29 180
6 92 65 79 12 0 14 0.00 0.0 0 10.4 20 160 M M 0 29 180
7 92 64 78 11 0 13 0.00 0.0 0 9.1 20 160 M M 0 29 180
8 89 67 78 10 0 13 0.00 0.0 0 11.3 22 120 M M 1 33 110
9 90 66 78 10 0 13 0.00 0.0 0 7.9 17 170 M M 4 28 160
10 96 71 84 16 0 19 0.00 0.0 0 10.5 24 170 M M 4 37 160
11 85 54 70 2 0 5 T 0.0 0 9.7 28 330 M M 0 42 320
12 86 46 66 -3 0 1 0.00 0.0 0 6.1 16 170 M M 0 24 120
13 93 55 74 5 0 9 0.00 0.0 0 8.4 17 180 M M 0 24 180
14 96 63 80 11 0 15 0.27 0.0 0 8.4 36 360 M M 1 13 51 10
15 97 67 82 12 0 17 0.00 0.0 0 7.7 17 160 M M 0 27 190
16 103 67 85 15 0 20 0.00 0.0 0 7.5 18 180 M M 0 29 190
17 98 65 82 12 0 17 0.00 0.0 0 5.3 13 20 M M 0 17 360
18 90 62 76 5 0 11 T 0.0 0 7.7 26 290 M M 0 3 35 290
19 85 54 70 -1 0 5 0.12 0.0 0 8.2 26 160 M M 1 42 180
20 84 56 70 -1 0 5 0.01 0.0 0 11.5 26 10 M M 1 1 41 30
21 80 53 67 -5 0 2 0.04 0.0 0 6.2 17 330 M M 4 23 320
22 94 52 73 1 0 8 0.00 0.0 0 6.2 20 200 M M 0 30 190
23 96 57 77 5 0 12 0.00 0.0 0 6.5 17 160 M M 0 26 170
24 84 67 76 4 0 11 T 0.0 0 6.5 15 30 M M 2 24 10
25 77 61 69 -3 0 4 0.08 0.0 0 8.0 26 260 M M 6 3 37 250
26 82 55 69 -4 0 4 0.00 0.0 0 9.0 18 330 M M 5 28 320
27 84 55 70 -3 0 5 T 0.0 0 5.4 18 350 M M 4 24 360
28 85 57 71 -2 0 6 0.55 0.0 0 6.5 23 280 M M 5 13 34 320
29 86 53 70 -3 0 5 0.00 0.0 0 4.2 12 120 M M 0 16 130
30 82 60 71 -3 0 6 0.51 0.0 0 4.4 17 160 M M 3 18 22 160
================================================================================
SM 2653 1751 7 266 1.58 0.0 223.7 M 44
================================================================================
AV 88.4 58.4 7.5 FASTST M M 1 MAX(MPH)
MISC ----> 36 360 51 10
================================================================================
NOTES:
# LAST OF SEVERAL OCCURRENCES
COLUMN 17 PEAK WIND IN M.P.H.
PRELIMINARY LOCAL CLIMATOLOGICAL DATA (WS FORM: F-6) , PAGE 2
STATION: NORTH PLATTE
MONTH: JUNE
YEAR: 2021
LATITUDE: 41 7 N
LONGITUDE: 100 41 W
[TEMPERATURE DATA] [PRECIPITATION DATA] SYMBOLS USED IN COLUMN 16
AVERAGE MONTHLY: 73.4 TOTAL FOR MONTH: 1.58 1 = FOG OR MIST
DPTR FM NORMAL: 3.7 DPTR FM NORMAL: -1.96 2 = FOG REDUCING VISIBILITY
HIGHEST: 103 ON 16 GRTST 24HR 0.55 ON 27-28 TO 1/4 MILE OR LESS
LOWEST: 41 ON 1 3 = THUNDER
SNOW, ICE PELLETS, HAIL 4 = ICE PELLETS
TOTAL MONTH: 0.0 INCH 5 = HAIL
GRTST 24HR 0.0 6 = FREEZING RAIN OR DRIZZLE
GRTST DEPTH: 0 7 = DUSTSTORM OR SANDSTORM:
VSBY 1/2 MILE OR LESS
8 = SMOKE OR HAZE
[NO. OF DAYS WITH] [WEATHER - DAYS WITH] 9 = BLOWING SNOW
X = TORNADO
MAX 32 OR BELOW: 0 0.01 INCH OR MORE: 7
MAX 90 OR ABOVE: 14 0.10 INCH OR MORE: 4
MIN 32 OR BELOW: 0 0.50 INCH OR MORE: 2
MIN 0 OR BELOW: 0 1.00 INCH OR MORE: 0
[HDD (BASE 65) ]
TOTAL THIS MO. 7 CLEAR (SCALE 0-3) 23
DPTR FM NORMAL -29 PTCLDY (SCALE 4-7) 7
TOTAL FM JUL 1 6213 CLOUDY (SCALE 8-10) 0
DPTR FM NORMAL -154
[CDD (BASE 65) ]
TOTAL THIS MO. 266
DPTR FM NORMAL 89 [PRESSURE DATA]
TOTAL FM JAN 1 301 HIGHEST SLP 30.19 ON 29
DPTR FM NORMAL 87 LOWEST SLP 29.48 ON 19
[REMARKS]
#FINAL-06-21#