000
CXUS55 KLBF 231410
CF6LBF
PRELIMINARY LOCAL CLIMATOLOGICAL DATA (WS FORM: F-6)

                                          STATION:   NORTH PLATTE
                                          MONTH:     MAY
                                          YEAR:      2022
                                          LATITUDE:   41  7 N
                                          LONGITUDE: 100 41 W

  TEMPERATURE IN F:       :PCPN:    SNOW:  WIND      :SUNSHINE: SKY     :PK WND
================================================================================
1   2   3   4   5  6A  6B    7    8   9   10  11  12  13   14  15   16   17  18
                                     12Z  AVG MX 2MIN
DY MAX MIN AVG DEP HDD CDD  WTR  SNW DPTH SPD SPD DIR MIN PSBL S-S WX    SPD DR
================================================================================

 1  65  32  49  -3  16   0 0.00  0.0    0  6.8 16  70   M    M   0        23  70
 2  52  35  44  -9  21   0 1.41  0.1    0 12.5 25  70   M    M  10 1      35  70
 3  55  29  42 -11  23   0 0.00  0.0    0  6.9 21 110   M    M   5 12     26 110
 4  50  37  44 -10  21   0 0.08  0.0    0  7.1 14 110   M    M   9 1      18 100
 5  61  40  51  -3  14   0 0.10  0.0    0  3.8 12 320   M    M   8 1      14 320
 6  83  36  60   6   5   0 0.00  0.0    0  7.9 21 190   M    M   2 12     27 190
 7  85  50  68  13   0   3 0.54  0.0    0 14.9 41 350   M    M   2 123    64 350
 8  79  51  65  10   0   0 0.01  0.0    0 10.0 25 120   M    M   4 3      32 120
 9  77  52  65   9   0   0 0.00  0.0    0 11.7 25 170   M    M   2 8      39 160
10  79  41  60   4   5   0 0.00  0.0    0 11.4 21  60   M    M   1        29  10
11  93  54  74  18   0   9 0.00  0.0    0 12.1 24 170   M    M   1        40 170
12  93  47  70  13   0   5 0.00  0.0    0 15.3 54 300   M    M   0 8      70 290
13  79  39  59   2   6   0 0.00  0.0    0  6.7 25 250   M    M   1        32 250
14  76  45  61   3   4   0 0.00  0.0    0  6.3 15 310   M    M   0        23 310
15  76  46  61   3   4   0    T  0.0    0  8.3 16 360   M    M   2 3      23 350
16  87  43  65   7   0   0 0.01  0.0    0 12.2 24 160   M    M   1 3      39 130
17  87  59  73  14   0   8    T  0.0    0  8.6 22  10   M    M   0 3      30 160
18  88  51  70  11   0   5 0.00  0.0    0  5.7 16 230   M    M   0        22 180
19  91  49  70  10   0   5 0.00  0.0    0 15.0 35  10   M    M   0        46  10
20  56  42  49 -11  16   0 0.00  0.0    0 11.8 22 300   M    M   8        30 300
21  59  32  46 -15  19   0 0.00  0.0    0  7.6 16 300   M    M   6        25 320
22  68  27  48 -13  17   0 0.00  0.0    0  5.8 22 170   M    M   4        27 170
================================================================================
SM 1639  937       171  35  2.15  0.1    208.4          M       66
================================================================================
AV 74.5 42.6                               9.5 FASTST   M    M   3    MAX(MPH)
                                 MISC ---->    54 300                 70 290
================================================================================
NOTES:
# LAST OF SEVERAL OCCURRENCES

COLUMN 17 PEAK WIND IN M.P.H.

PRELIMINARY LOCAL CLIMATOLOGICAL DATA (WS FORM: F-6) , PAGE 2

                                          STATION:   NORTH PLATTE
                                          MONTH:     MAY
                                          YEAR:      2022
                                          LATITUDE:   41  7 N
                                          LONGITUDE: 100 41 W

[TEMPERATURE DATA]      [PRECIPITATION DATA]       SYMBOLS USED IN COLUMN 16

AVERAGE MONTHLY: 58.5   TOTAL FOR MONTH:   2.15    1 = FOG OR MIST
DPTR FM NORMAL:   1.9   DPTR FM NORMAL:   -0.05    2 = FOG REDUCING VISIBILITY
HIGHEST:    93 ON 12,11  GRTST 24HR  1.41 ON  2- 2      TO 1/4 MILE OR LESS
LOWEST:     27 ON 22                               3 = THUNDER
                        SNOW, ICE PELLETS, HAIL    4 = ICE PELLETS
                        TOTAL MONTH:   0.1 INCH    5 = HAIL
                        GRTST 24HR   0.1 ON  2- 2  6 = FREEZING RAIN OR DRIZZLE
                        GRTST DEPTH:  0            7 = DUSTSTORM OR SANDSTORM:
                                                       VSBY 1/2 MILE OR LESS
                                                   8 = SMOKE OR HAZE
[NO. OF DAYS WITH]      [WEATHER - DAYS WITH]      9 = BLOWING SNOW
                                                   X = TORNADO
MAX 32 OR BELOW:   0    0.01 INCH OR MORE:   6
MAX 90 OR ABOVE:   3    0.10 INCH OR MORE:   3
MIN 32 OR BELOW:   4    0.50 INCH OR MORE:   2
MIN  0 OR BELOW:   0    1.00 INCH OR MORE:   1

[HDD (BASE 65) ]
TOTAL THIS MO.   171    CLEAR  (SCALE 0-3)  14
DPTR FM NORMAL   -29    PTCLDY (SCALE 4-7)   6
TOTAL FM JUL 1  5730    CLOUDY (SCALE 8-10)  2
DPTR FM NORMAL  -565

[CDD (BASE 65) ]
TOTAL THIS MO.    35
DPTR FM NORMAL    22    [PRESSURE DATA]
TOTAL FM JAN 1    48    HIGHEST SLP M ON M
DPTR FM NORMAL    33    LOWEST  SLP 29.09 ON  9

[REMARKS]
