000
CXUS55 KLBF 231410
CF6VTN
PRELIMINARY LOCAL CLIMATOLOGICAL DATA (WS FORM: F-6)

                                          STATION:   VALENTINE
                                          MONTH:     MAY
                                          YEAR:      2022
                                          LATITUDE:   42 52 N
                                          LONGITUDE: 100 33 W

  TEMPERATURE IN F:       :PCPN:    SNOW:  WIND      :SUNSHINE: SKY     :PK WND
================================================================================
1   2   3   4   5  6A  6B    7    8   9   10  11  12  13   14  15   16   17  18
                                     12Z  AVG MX 2MIN
DY MAX MIN AVG DEP HDD CDD  WTR  SNW DPTH SPD SPD DIR MIN PSBL S-S WX    SPD DR
================================================================================

 1  64  37  51  -1  14   0 0.00  0.0    0 11.6 21 330   M    M   0        31 310
 2  52  31  42 -11  23   0 0.00  0.0    0  5.3 23 330   M    M   0        32 310
 3  56  31  44  -9  21   0    T  0.0    0  8.0 18 130   M    M   0        24 120
 4  51  39  45  -8  20   0 0.02  0.0    0  6.6 14 130   M    M   6 1      17 120
 5  65  46  56   2   9   0 0.00  0.0    0  5.7 15 120   M    M   6        19 120
 6  86  42  64  10   1   0 0.00  0.0    0 11.4 28 170   M    M   0 1      36 190
 7  88  52  70  15   0   5 0.63  0.0    0 12.3 44 240   M    M   3 138    56 240
 8  81  52  67  12   0   2 0.02  0.0    0 10.5 22 170   M    M   4        30  10
 9  71  47  59   4   6   0 0.39  0.0    0 15.8 38 290   M    M   5 138    53 290
10  75  49  62   6   3   0 0.00  0.0    0  8.4 18  90   M    M   3        25  90
11  88  52  70  14   0   5 0.00  0.0    0 11.2 22 160   M    M   1 3      28 160
12  85  49  67  10   0   2 0.00  0.0    0 11.3 47 280   M    M   3 138    62 260
13  78  48  63   6   2   0 0.00  0.0    0 17.6 31 250   M    M   0        46 230
14  73  43  58   1   7   0 0.02  0.0    0  8.5 22 340   M    M   2        31 350
15  73  49  61   3   4   0 0.24  0.0    0  7.1 23 320   M    M   5 13     32 320
16  86  42  64   6   1   0 0.00  0.0    0 11.2 36 170   M    M   0        47 170
17  82  55  69  10   0   4 0.00  0.0    0 10.5 33 180   M    M   1 3      45 170
18  84  50  67   8   0   2 0.02  0.0    0  7.8 29 310   M    M   0 3      40 320
19  86  46  66   7   0   1 0.02  0.0    0 15.2 32 350   M    M   1        45 330
20  53  42  48 -12  17   0    T  0.0    0 12.7 25 310   M    M   7        39 310
21  58  35  47 -13  18   0    T  0.0    0  9.2 18 320   M    M   5        29 320
22  68  28  48 -12  17   0 0.00  0.0    0  6.8 17 130   M    M   3        25 140
================================================================================
SM 1603  965       163  21  1.36  0.0    224.7          M       55
================================================================================
AV 72.9 43.9                              10.2 FASTST   M    M   3    MAX(MPH)
                                 MISC ---->    47 280                 62 260
================================================================================
NOTES:
# LAST OF SEVERAL OCCURRENCES

COLUMN 17 PEAK WIND IN M.P.H.

PRELIMINARY LOCAL CLIMATOLOGICAL DATA (WS FORM: F-6) , PAGE 2

                                          STATION:   VALENTINE
                                          MONTH:     MAY
                                          YEAR:      2022
                                          LATITUDE:   42 52 N
                                          LONGITUDE: 100 33 W

[TEMPERATURE DATA]      [PRECIPITATION DATA]       SYMBOLS USED IN COLUMN 16

AVERAGE MONTHLY: 58.4   TOTAL FOR MONTH:   1.36    1 = FOG OR MIST
DPTR FM NORMAL:   2.0   DPTR FM NORMAL:   -1.02    2 = FOG REDUCING VISIBILITY
HIGHEST:    88 ON 11, 7  GRTST 24HR  0.65 ON  7- 8      TO 1/4 MILE OR LESS
LOWEST:     28 ON 22                               3 = THUNDER
                        SNOW, ICE PELLETS, HAIL    4 = ICE PELLETS
                        TOTAL MONTH:   0.0 INCH    5 = HAIL
                        GRTST 24HR  0.0            6 = FREEZING RAIN OR DRIZZLE
                        GRTST DEPTH:  0            7 = DUSTSTORM OR SANDSTORM:
                                                       VSBY 1/2 MILE OR LESS
                                                   8 = SMOKE OR HAZE
[NO. OF DAYS WITH]      [WEATHER - DAYS WITH]      9 = BLOWING SNOW
                                                   X = TORNADO
MAX 32 OR BELOW:   0    0.01 INCH OR MORE:   8
MAX 90 OR ABOVE:   0    0.10 INCH OR MORE:   3
MIN 32 OR BELOW:   3    0.50 INCH OR MORE:   1
MIN  0 OR BELOW:   0    1.00 INCH OR MORE:   0

[HDD (BASE 65) ]
TOTAL THIS MO.   163    CLEAR  (SCALE 0-3)  14
DPTR FM NORMAL   -46    PTCLDY (SCALE 4-7)   8
TOTAL FM JUL 1  5843    CLOUDY (SCALE 8-10)  0
DPTR FM NORMAL  -760

[CDD (BASE 65) ]
TOTAL THIS MO.    21
DPTR FM NORMAL     4    [PRESSURE DATA]
TOTAL FM JAN 1    34    HIGHEST SLP M ON M
DPTR FM NORMAL    14    LOWEST  SLP 29.19 ON  9

[REMARKS]
