000
CXUS54 KMEG 010900
CF6MEG
PRELIMINARY LOCAL CLIMATOLOGICAL DATA (WS FORM: F-6)
STATION: MEMPHIS/GERMANTOWN WFO
MONTH: JULY
YEAR: 2023
LATITUDE: 35 7 N
LONGITUDE: 89 48 W
TEMPERATURE IN F: :PCPN: SNOW: WIND :SUNSHINE: SKY :PK WND
================================================================================
1 2 3 4 5 6A 6B 7 8 9 10 11 12 13 14 15 16 17 18
12Z AVG MX 2MIN
DY MAX MIN AVG DEP HDD CDD WTR SNW DPTH SPD SPD DIR MIN PSBL S-S WX SPD DR
================================================================================
1 97 81 89 9 0 24 0.00 0.0 0 M M M M M M M M
2 94 70 82 1 0 17 0.80 0.0 0 M M M M M M 13 M M
3 93 70 82 1 0 17 0.00 0.0 0 M M M M M M M M
4 93 71 82 1 0 17 0.13 0.0 0 M M M M M M 3 M M
5 93 70 82 1 0 17 0.03 0.0 0 M M M M M M 3 M M
6 90 72 81 0 0 16 0.07 0.0 0 M M M M M M 13 M M
7 90 71 81 0 0 16 0.10 0.0 0 M M M M M M 1 M M
8 88 69 79 -2 0 14 1.17 0.0 0 M M M M M M 13 M M
9 79 68 74 -7 0 9 0.63 0.0 0 M M M M M M 1 M M
10 86 67 77 -4 0 12 T 0.0 0 M M M M M M M M
11 89 65 77 -4 0 12 0.00 0.0 0 M M M M M M M M
12 90 73 82 1 0 17 0.00 0.0 0 M M M M M M M M
13 93 75 84 3 0 19 0.00 0.0 0 M M M M M M M M
14 89 75 82 1 0 17 0.01 0.0 0 M M M M M M 13 M M
15 90 71 81 0 0 16 0.09 0.0 0 M M M M M M 1 M M
16 91 74 83 2 0 18 0.00 0.0 0 M M M M M M M M
17 94 71 83 2 0 18 0.00 0.0 0 M M M M M M M M
18 98 71 85 4 0 20 0.93 0.0 0 M M M M M M 13 M M
19 91 76 84 3 0 19 T 0.0 0 M M M M M M M M
20 95 81 88 7 0 23 0.00 0.0 0 M M M M M M M M
21 85 70 78 -3 0 13 3.51 0.0 0 M M M M M M 13 M M
22 85 68 77 -4 0 12 0.00 0.0 0 M M M M M M M M
23 90 66 78 -3 0 13 0.00 0.0 0 M M M M M M M M
24 93 70 82 1 0 17 0.00 0.0 0 M M M M M M M M
25 94 72 83 2 0 18 0.00 0.0 0 M M M M M M M M
26 90 77 84 3 0 19 0.02 0.0 0 M M M M M M M M
27 97 77 87 6 0 22 T 0.0 0 M M M M M M M M
28 98 74 86 5 0 21 0.00 0.0 0 M M M M M M M M
29 96 75 86 5 0 21 0.00 0.0 0 M M M M M M M M
30 93 75 84 3 0 19 0.01 0.0 0 M M M M M M M M
31 93 73 83 2 0 18 0.00 0.0 0 M M M M M M M M
================================================================================
SM 2837 2238 0 531 7.50 0.0 M M M
================================================================================
AV 91.5 72.2 M FASTST M M M MAX(MPH)
MISC ----> M M M M
================================================================================
NOTES:
# LAST OF SEVERAL OCCURRENCES
COLUMN 17 PEAK WIND IN M.P.H.
PRELIMINARY LOCAL CLIMATOLOGICAL DATA (WS FORM: F-6) , PAGE 2
STATION: MEMPHIS/GERMANTOWN WFO
MONTH: JULY
YEAR: 2023
LATITUDE: 35 7 N
LONGITUDE: 89 48 W
[TEMPERATURE DATA] [PRECIPITATION DATA] SYMBOLS USED IN COLUMN 16
AVERAGE MONTHLY: 81.9 TOTAL FOR MONTH: 7.50 1 = FOG OR MIST
DPTR FM NORMAL: 0.8 DPTR FM NORMAL: 2.97 2 = FOG REDUCING VISIBILITY
HIGHEST: 98 ON 28,18 GRTST 24HR 3.51 ON 21-21 TO 1/4 MILE OR LESS
LOWEST: 65 ON 11 3 = THUNDER
SNOW, ICE PELLETS, HAIL 4 = ICE PELLETS
TOTAL MONTH: 0.0 INCH 5 = HAIL
GRTST 24HR 0.0 6 = FREEZING RAIN OR DRIZZLE
GRTST DEPTH: 0 7 = DUSTSTORM OR SANDSTORM:
VSBY 1/2 MILE OR LESS
8 = SMOKE OR HAZE
[NO. OF DAYS WITH] [WEATHER - DAYS WITH] 9 = BLOWING SNOW
X = TORNADO
MAX 32 OR BELOW: 0 0.01 INCH OR MORE: 13
MAX 90 OR ABOVE: 24 0.10 INCH OR MORE: 7
MIN 32 OR BELOW: 0 0.50 INCH OR MORE: 5
MIN 0 OR BELOW: 0 1.00 INCH OR MORE: 2
[HDD (BASE 65) ]
TOTAL THIS MO. 0 CLEAR (SCALE 0-3) 0
DPTR FM NORMAL 0 PTCLDY (SCALE 4-7) 0
TOTAL FM JUL 1 0 CLOUDY (SCALE 8-10) 31
DPTR FM NORMAL 0
[CDD (BASE 65) ]
TOTAL THIS MO. 531
DPTR FM NORMAL 30 [PRESSURE DATA]
TOTAL FM JAN 1 1226 HIGHEST SLP M ON M
DPTR FM NORMAL 69 LOWEST SLP M ON M
[REMARKS]
#FINAL-07-23#