000
CXUS51 KBGM 012035 CCA
CF6AVP
PRELIMINARY LOCAL CLIMATOLOGICAL DATA (WS FORM: F-6)
STATION: AVOCA PA
MONTH: FEBRUARY
YEAR: 2024
LATITUDE: 41 19 N
LONGITUDE: 75 44 W
TEMPERATURE IN F: :PCPN: SNOW: WIND :SUNSHINE: SKY :PK WND
================================================================================
1 2 3 4 5 6A 6B 7 8 9 10 11 12 13 14 15 16 17 18
12Z AVG MX 2MIN
DY MAX MIN AVG DEP HDD CDD WTR SNW DPTH SPD SPD DIR MIN PSBL S-S WX SPD DR
================================================================================
1 41 30 36 8 29 0 T 0.0 M 4.5 12 230 M M 10 18 17 240
2 41 35 38 10 27 0 0.01 0.0 M 7.6 16 350 M M 10 1 26 340
3 41 28 35 7 30 0 0.00 0.0 M 8.7 17 10 M M 6 23 10
4 46 23 35 7 30 0 0.00 0.0 M 1.6 10 280 M M 0 1 13 320
5 45 25 35 7 30 0 0.00 0.0 M 4.9 14 340 M M 2 22 330
6 43 23 33 4 32 0 0.00 0.0 M 3.9 12 330 M M 0 16 340
7 48 22 35 6 30 0 0.00 0.0 M 3.4 8 100 M M 0 11 220
8 56 30 43 14 22 0 0.00 0.0 M 3.6 9 250 M M 0 15 200
9 57 40 49 20 16 0 0.00 0.0 M 4.2 10 250 M M 3 15 220
10 58 36 47 18 18 0 0.05 0.0 M 2.3 16 350 M M 4 128 25 360
11 46 28 37 7 28 0 0.00 0.0 M 4.5 14 350 M M 2 18 350
12 42 26 34 4 31 0 0.00 0.0 M 3.0 8 20 M M 4 18 11 20
13 39 30 35 5 30 0 0.43 3.2 M 9.6 22 310 M M 9 128 32 310
14 33 24 29 -1 36 0 T T M 12.5 25 330 M M 3 39 320
15 36 17 27 -3 38 0 0.01 0.1 M 5.4 15 210 M M 4 18 23 200
16 38 29 34 4 31 0 T 0.1 M 10.7 29 310 M M 5 18 44 320
17 31 18 25 -6 40 0 0.19 3.0 M 7.6 24 320 M M 7 1 33 320
18 36 17 27 -4 38 0 T T M 12.8 23 240 M M 2 36 230
19 35 21 28 -3 37 0 0.00 0.0 M 9.0 18 340 M M 4 25 340
20 41 14 28 -3 37 0 0.00 0.0 M 3.9 10 240 M M 0 15 240
21 44 21 33 1 32 0 0.00 0.0 M 3.4 12 220 M M 0 20 240
22 43 27 35 3 30 0 0.17 T M 3.7 14 210 M M 7 1 22 220
23 46 33 40 8 25 0 0.06 0.0 M 2.2 8 330 M M 8 12 12 360
24 39 19 29 -3 36 0 0.00 0.0 M 12.4 23 340 M M 4 1 32 330
25 44 13 29 -4 36 0 0.00 0.0 M 5.1 14 220 M M 0 21 220
26 58 34 46 13 19 0 T T M 4.0 15 240 M M 4 21 230
27 66 39 53 20 12 0 0.20 0.0 M 5.1 15 150 M M 3 31 150
28 60 31 46 13 19 0 0.70 T M 11.0 31 300 M M 10 13 50 270
29 37 25 31 -3 34 0 T T M 12.8 28 320 M M 5 43 310
================================================================================
SM 1290 758 853 0 1.82 6.4 183.4 M 116
================================================================================
AV 44.5 26.1 6.3 FASTST M M 4 MAX(MPH)
MISC ----> 31 300 50 270
================================================================================
NOTES:
# LAST OF SEVERAL OCCURRENCES
COLUMN 17 PEAK WIND IN M.P.H.
PRELIMINARY LOCAL CLIMATOLOGICAL DATA (WS FORM: F-6) , PAGE 2
STATION: AVOCA PA
MONTH: FEBRUARY
YEAR: 2024
LATITUDE: 41 19 N
LONGITUDE: 75 44 W
[TEMPERATURE DATA] [PRECIPITATION DATA] SYMBOLS USED IN COLUMN 16
AVERAGE MONTHLY: 35.3 TOTAL FOR MONTH: 1.82 1 = FOG OR MIST
DPTR FM NORMAL: 5.0 DPTR FM NORMAL: -0.25 2 = FOG REDUCING VISIBILITY
HIGHEST: 66 ON 27 GRTST 24HR 0.80 ON 27-28 TO 1/4 MILE OR LESS
LOWEST: 13 ON 25 3 = THUNDER
SNOW, ICE PELLETS, HAIL 4 = ICE PELLETS
TOTAL MONTH: 6.4 INCHES 5 = HAIL
GRTST 24HR 3.2 ON 13-13 6 = FREEZING RAIN OR DRIZZLE
GRTST DEPTH: M ON M 7 = DUSTSTORM OR SANDSTORM:
VSBY 1/2 MILE OR LESS
8 = SMOKE OR HAZE
[NO. OF DAYS WITH] [WEATHER - DAYS WITH] 9 = BLOWING SNOW
X = TORNADO
MAX 32 OR BELOW: 1 0.01 INCH OR MORE: 9
MAX 90 OR ABOVE: 0 0.10 INCH OR MORE: 5
MIN 32 OR BELOW: 23 0.50 INCH OR MORE: 1
MIN 0 OR BELOW: 0 1.00 INCH OR MORE: 0
[HDD (BASE 65) ]
TOTAL THIS MO. 853 CLEAR (SCALE 0-3) 11
DPTR FM NORMAL -117 PTCLDY (SCALE 4-7) 14
TOTAL FM JUL 1 3760 CLOUDY (SCALE 8-10) 4
DPTR FM NORMAL -553
[CDD (BASE 65) ]
TOTAL THIS MO. 0
DPTR FM NORMAL 0 [PRESSURE DATA]
TOTAL FM JAN 1 0 HIGHEST SLP 30.48 ON 20
DPTR FM NORMAL 0 LOWEST SLP 29.40 ON 28
[REMARKS]
#FINAL-02-24#
CORRECTED GREATEST 24 HOUR PRECIPITATION
CORRECTED PRECIPITATION AND SNOWFALL AMOUNTS ON DAY 18
CORRECTED SNOWFALL AMOUNT ON DAY 28
TAC