000
CXUS52 KILM 011000
CF6CRE
PRELIMINARY LOCAL CLIMATOLOGICAL DATA (WS FORM: F-6)
STATION: N.MYRTLE BEACH SOUTH CAROLINA
MONTH: AUGUST
YEAR: 2023
LATITUDE: 33 49 N
LONGITUDE: 78 43 W
TEMPERATURE IN F: :PCPN: SNOW: WIND :SUNSHINE: SKY :PK WND
================================================================================
1 2 3 4 5 6A 6B 7 8 9 10 11 12 13 14 15 16 17 18
12Z AVG MX 2MIN
DY MAX MIN AVG DEP HDD CDD WTR SNW DPTH SPD SPD DIR MIN PSBL S-S WX SPD DR
================================================================================
1 87 68 78 -2 0 13 0.09 M M 6.3 21 80 M M 3 13 29 90
2 86 69 78 -2 0 13 0.00 M M 8.6 15 40 M M 1 18 40
3 84 67 76 -4 0 11 0.01 M M 6.0 17 190 M M 2 23 200
4 82 74 78 -2 0 13 1.10 M M 9.7 26 220 M M 8 13 32 230
5 86 73 80 0 0 15 0.00 M M 4.3 10 180 M M 4 1 13 190
6 85 72 79 -1 0 14 0.00 M M 5.8 13 120 M M 1 1 18 170
7 93 73 83 3 0 18 0.43 M M 9.3 24 200 M M 1 13 35 300
8 92 75 84 4 0 19 0.02 M M 7.3 18 270 M M 2 3 25 280
9 87 75 81 1 0 16 0.01 M M 5.1 13 190 M M 2 17 200
10 94 76 85 5 0 20 0.00 M M 9.4 23 240 M M 1 3 30 230
11 88 71 80 0 0 15 0.53 M M 4.7 23 250 M M 1 13 39 240
12 88 73 81 1 0 16 0.00 M M 6.3 15 210 M M 2 3 18 210
13 92 81 87 7 0 22 0.00 M M 10.1 20 210 M M 1 25 210
14 91 82 87 7 0 22 T M M 13.1 22 200 M M 2 13 27 190
15 89 80 85 5 0 20 0.03 M M 14.3 26 210 M M 1 3 33 210
16 86 76 81 1 0 16 T M M 8.4 21 220 M M 2 26 210
17 86 75 81 1 0 16 0.54 M M 9.2 21 220 M M 3 13 26 210
18 90 75 83 3 0 18 0.00 M M 8.2 17 210 M M 2 23 190
19 88 74 81 2 0 16 0.00 M M 4.3 12 160 M M 1 14 180
20 87 74 81 2 0 16 0.00 M M 5.8 13 160 M M 1 1 17 160
21 89 75 82 3 0 17 0.00 M M 6.9 17 210 M M 1 1 20 210
22 94 77 86 7 0 21 0.00 M M 4.8 12 60 M M 1 16 60
23 86 70 78 -1 0 13 T M M 8.2 17 50 M M 5 24 70
24 85 68 77 -2 0 12 0.00 M M 6.7 12 180 M M 0 17 160
25 87 74 81 2 0 16 0.00 M M 8.7 17 200 M M 4 21 200
26 88 76 82 3 0 17 T M M 8.6 18 200 M M 2 3 23 210
27 92 74 83 4 0 18 T M M 6.4 20 190 M M 2 3 25 190
28 88 74 81 2 0 16 T M M 5.1 13 150 M M 2 1 19 140
29 88 75 82 3 0 17 T M M 4.2 13 190 M M 1 3 19 210
30 82 75 79 1 0 14 4.81 M M 7.1 25 90 M M 5 13 40 120
31 81 68 75 -3 0 10 0.43 M M 10.6 29 10 M M 6 1 48 360
================================================================================
SM 2721 2289 0 500 8.00 M 233.5 M 70
================================================================================
AV 87.8 73.8 7.5 FASTST M M 2 MAX(MPH)
MISC ----> 29 10 48 360
================================================================================
NOTES:
# LAST OF SEVERAL OCCURRENCES
COLUMN 17 PEAK WIND IN M.P.H.
PRELIMINARY LOCAL CLIMATOLOGICAL DATA (WS FORM: F-6) , PAGE 2
STATION: N.MYRTLE BEACH SOUTH CAROLINA
MONTH: AUGUST
YEAR: 2023
LATITUDE: 33 49 N
LONGITUDE: 78 43 W
[TEMPERATURE DATA] [PRECIPITATION DATA] SYMBOLS USED IN COLUMN 16
AVERAGE MONTHLY: 80.8 TOTAL FOR MONTH: 8.00 1 = FOG OR MIST
DPTR FM NORMAL: 1.3 DPTR FM NORMAL: 1.75 2 = FOG REDUCING VISIBILITY
HIGHEST: 94 ON 22,10 GRTST 24HR 5.24 ON 30-31 TO 1/4 MILE OR LESS
LOWEST: 67 ON 3 3 = THUNDER
SNOW, ICE PELLETS, HAIL 4 = ICE PELLETS
TOTAL MONTH: M 5 = HAIL
GRTST 24HR M ON M 6 = FREEZING RAIN OR DRIZZLE
GRTST DEPTH: M ON M 7 = DUSTSTORM OR SANDSTORM:
VSBY 1/2 MILE OR LESS
8 = SMOKE OR HAZE
[NO. OF DAYS WITH] [WEATHER - DAYS WITH] 9 = BLOWING SNOW
X = TORNADO
MAX 32 OR BELOW: 0 0.01 INCH OR MORE: 11
MAX 90 OR ABOVE: 8 0.10 INCH OR MORE: 6
MIN 32 OR BELOW: 0 0.50 INCH OR MORE: 4
MIN 0 OR BELOW: 0 1.00 INCH OR MORE: 2
[HDD (BASE 65) ]
TOTAL THIS MO. 0 CLEAR (SCALE 0-3) 25
DPTR FM NORMAL 0 PTCLDY (SCALE 4-7) 6
TOTAL FM JUL 1 0 CLOUDY (SCALE 8-10) 0
DPTR FM NORMAL 0
[CDD (BASE 65) ]
TOTAL THIS MO. 500
DPTR FM NORMAL 50 [PRESSURE DATA]
TOTAL FM JAN 1 1569 HIGHEST SLP 30.20 ON 2
DPTR FM NORMAL 9 LOWEST SLP 29.29 ON 31
[REMARKS]
#FINAL-08-23#