000
CXUS51 KBTV 160700
CF61V4
PRELIMINARY LOCAL CLIMATOLOGICAL DATA (WS FORM: F-6)

                                          STATION:   SAINT JOHNSBURY VT ASOS
                                          MONTH:     JUNE
                                          YEAR:      2019
                                          LATITUDE:   44 25 N
                                          LONGITUDE:  72  1 W

  TEMPERATURE IN F:       :PCPN:    SNOW:  WIND      :SUNSHINE: SKY     :PK WND
================================================================================
1   2   3   4   5  6A  6B    7    8   9   10  11  12  13   14  15   16   17  18
                                     12Z  AVG MX 2MIN
DY MAX MIN AVG DEP HDD CDD  WTR  SNW DPTH SPD SPD DIR MIN PSBL S-S WX    SPD DR
================================================================================

 1  70  40  55  -7  10   0 0.00  0.0    0   M   M   M   M    M   0         M  M
 2  66  53  60  -2   5   0 0.42  0.0    0   M   M   M   M    M   0         M  M
 3  61  43  52 -10  13   0 0.00  0.0    0   M   M   M   M    M   0         M  M
 4  65  40  53  -9  12   0 0.00  0.0    0   M   M   M   M    M   0         M  M
 5  65  48  57  -6   8   0 0.69    M    0   M   M   M   M    M   0         M  M
 6  76  49  63   0   2   0 0.19    M    0   M   M   M   M    M   0         M  M
 7  79  43  61  -2   4   0 0.00    M    0   M   M   M   M    M   0         M  M
 8  75  45  60  -4   5   0 0.00  0.0    0   M   M   M   M    M   0         M  M
 9  82  42  62  -2   3   0 0.00  0.0    0   M   M   M   M    M   0         M  M
10  84  50  67   3   0   2 0.01  0.0    0   M   M   M   M    M   0         M  M
11  65  48  57  -7   8   0 0.84    M    0   M   M   M   M    M   0         M  M
12  74  44  59  -6   6   0 0.00  0.0    0   M   M   M   M    M   0         M  M
13  61  50  56  -9   9   0 0.04  0.0    0   M   M   M   M    M   0         M  M
14  66  50  58  -7   7   0 0.01  0.0    0   M   M   M   M    M   0         M  M
15  78  49  64  -2   1   0 0.01    M    0   M   M   M   M    M   0         M  M
================================================================================
SM 1067  694        93   2  2.21     0.0     M          M        0
================================================================================
AV 71.1 46.3                                 M FASTST   M    M   0    MAX(MPH)
                                 MISC ---->     M   M                  M    M
================================================================================
NOTES:
# LAST OF SEVERAL OCCURRENCES

COLUMN 17 PEAK WIND IN M.P.H.

PRELIMINARY LOCAL CLIMATOLOGICAL DATA (WS FORM: F-6) , PAGE 2

                                          STATION:  SAINT JOHNSBURY VT ASOS
                                          MONTH:    JUNE
                                          YEAR:     2019
                                          LATITUDE:   44 25 N
                                          LONGITUDE:  72  1 W

[TEMPERATURE DATA]      [PRECIPITATION DATA]       SYMBOLS USED IN COLUMN 16

AVERAGE MONTHLY: 58.7   TOTAL FOR MONTH:   2.21    1 = FOG OR MIST
DPTR FM NORMAL:  -4.9   DPTR FM NORMAL:    0.23    2 = FOG REDUCING VISIBILITY
HIGHEST:    84 ON 10    GRTST 24HR  0.84 ON 11-11      TO 1/4 MILE OR LESS
LOWEST:     40 ON  4, 1                            3 = THUNDER
                        SNOW, ICE PELLETS, HAIL    4 = ICE PELLETS
                        TOTAL MONTH:   0.0 INCH    5 = HAIL
                        GRTST 24HR     0.0         6 = FREEZING RAIN OR DRIZZLE
                        GRTST DEPTH:   0           7 = DUSTSTORM OR SANDSTORM:
                                                       VSBY 1/2 MILE OR LESS
                                                   8 = SMOKE OR HAZE
[NO. OF DAYS WITH]      [WEATHER - DAYS WITH]      9 = BLOWING SNOW
                                                   X = TORNADO
MAX 32 OR BELOW:   0    0.01 INCH OR MORE:   8
MAX 90 OR ABOVE:   0    0.10 INCH OR MORE:   4
MIN 32 OR BELOW:   0    0.50 INCH OR MORE:   2
MIN  0 OR BELOW:   0    1.00 INCH OR MORE:   0

[HDD (BASE 65) ]
TOTAL THIS MO.    93    CLEAR  (SCALE 0-3)  15
DPTR FM NORMAL    42    PTCLDY (SCALE 4-7)   0
TOTAL FM JUL 1  8395    CLOUDY (SCALE 8-10)  0
DPTR FM NORMAL   640

[CDD (BASE 65) ]
TOTAL THIS MO.     2
DPTR FM NORMAL   -29    [PRESSURE DATA]
TOTAL FM JAN 1     8    HIGHEST SLP M ON M
DPTR FM NORMAL   -41    LOWEST  SLP M ON M

[REMARKS]
