000
CXUS56 KLOX 011655
CF6OXR
PRELIMINARY LOCAL CLIMATOLOGICAL DATA (WS FORM: F-6)
STATION: OXNARD AIRPORT CA
MONTH: OCTOBER
YEAR: 2020
LATITUDE: 34 12 N
LONGITUDE: 119 12 W
TEMPERATURE IN F: :PCPN: SNOW: WIND :SUNSHINE: SKY :PK WND
================================================================================
1 2 3 4 5 6A 6B 7 8 9 10 11 12 13 14 15 16 17 18
12Z AVG MX 2MIN
DY MAX MIN AVG DEP HDD CDD WTR SNW DPTH SPD SPD DIR MIN PSBL S-S WX SPD DR
================================================================================
1 89 61 75 11 0 10 0.00 0.0 0 4.2 10 200 M M 0 8 13 240
2 85 60 73 9 0 8 0.00 0.0 0 2.7 10 240 M M 0 18 M M
3 81 60 71 7 0 6 0.00 0.0 0 3.9 9 220 M M 2 128 20 220
4 78 58 68 4 0 3 0.00 0.0 0 4.4 13 290 M M 5 128 21 300
5 75 58 67 3 0 2 0.00 0.0 0 5.5 M M M M 1 18 M M
6 77 58 68 4 0 3 0.00 0.0 0 4.6 14 260 M M 2 128 M M
7 71 54 63 -1 2 0 0.00 0.0 0 4.7 13 270 M M 1 18 25 320
8 72 60 66 3 0 1 0.00 0.0 0 6.9 23 320 M M 7 18 42 330
9 72 61 67 4 0 2 0.00 0.0 0 5.1 17 270 M M 6 18 29 30
10 73 59 66 3 0 1 0.00 0.0 0 5.5 14 270 M M 5 8 20 60
11 73 58 66 3 0 1 0.00 0.0 0 4.7 14 280 M M 1 24 320
12 77 59 68 5 0 3 0.00 0.0 0 4.7 13 270 M M 0 18 300
13 86 61 74 11 0 9 0.00 0.0 0 5.8 13 280 M M 0 20 280
14 86 58 72 9 0 7 0.00 0.0 0 4.0 10 290 M M 0 14 310
15 84 59 72 9 0 7 0.00 0.0 0 4.9 12 260 M M 0 22 260
16 96 59 78 16 0 13 0.00 0.0 0 4.3 14 290 M M 0 8 23 290
17 74 60 67 5 0 2 0.00 0.0 0 3.6 12 190 M M 1 18 15 200
18 72 59 66 4 0 1 0.00 0.0 0 5.9 16 270 M M 7 12 M M
19 69 61 65 3 0 0 0.00 0.0 0 4.9 14 280 M M 10 18 18 280
20 69 59 64 2 1 0 0.00 0.0 0 5.2 14 270 M M 10 18 26 270
21 70 60 65 3 0 0 0.00 0.0 0 5.3 12 280 M M 10 18 37 160
22 70 62 66 4 0 1 0.00 0.0 0 4.2 13 270 M M 9 18 M M
23 69 61 65 3 0 0 0.00 0.0 0 4.8 10 240 M M 9 M M
24 68 60 64 2 1 0 0.00 0.0 0 5.8 14 260 M M 9 M M
25 68 56 62 1 3 0 0.00 0.0 0 9.9 21 280 M M 9 M M
26 75 50 63 2 2 0 0.00 0.0 0 15.8 33 80 M M 1 8 42 70
27 77 49 63 2 2 0 0.00 0.0 0 8.5 M M M M 0 M M
28 70 48 59 -2 6 0 0.00 0.0 0 6.0 15 270 M M 0 M M
29 72 50 61 0 4 0 0.00 0.0 0 5.0 15 280 M M 0 1 21 300
30 70 48 59 -2 6 0 0.00 0.0 0 3.8 12 290 M M 0 1 M M
31 71 48 60 -1 5 0 0.00 0.0 0 4.1 10 280 M M 0 1 15 300
================================================================================
SM 2339 1774 32 80 0.00 0.0 168.7 M 105
================================================================================
AV 75.5 57.2 5.4 FASTST M M 3 MAX(MPH)
MISC ----> # 33 80 # 42 330
================================================================================
NOTES:
# LAST OF SEVERAL OCCURRENCES
COLUMN 17 PEAK WIND IN M.P.H.
PRELIMINARY LOCAL CLIMATOLOGICAL DATA (WS FORM: F-6) , PAGE 2
STATION: OXNARD AIRPORT CA
MONTH: OCTOBER
YEAR: 2020
LATITUDE: 34 12 N
LONGITUDE: 119 12 W
[TEMPERATURE DATA] [PRECIPITATION DATA] SYMBOLS USED IN COLUMN 16
AVERAGE MONTHLY: 66.3 TOTAL FOR MONTH: 0.00 1 = FOG OR MIST
DPTR FM NORMAL: 3.8 DPTR FM NORMAL: -0.78 2 = FOG REDUCING VISIBILITY
HIGHEST: 96 ON 16 GRTST 24HR 0.00 ON 31-31 TO 1/4 MILE OR LESS
LOWEST: 48 ON 31,30 3 = THUNDER
SNOW, ICE PELLETS, HAIL 4 = ICE PELLETS
TOTAL MONTH: 0.0 INCH 5 = HAIL
GRTST 24HR 0.0 6 = FREEZING RAIN OR DRIZZLE
GRTST DEPTH: 0 7 = DUSTSTORM OR SANDSTORM:
VSBY 1/2 MILE OR LESS
8 = SMOKE OR HAZE
[NO. OF DAYS WITH] [WEATHER - DAYS WITH] 9 = BLOWING SNOW
X = TORNADO
MAX 32 OR BELOW: 0 0.01 INCH OR MORE: 0
MAX 90 OR ABOVE: 1 0.10 INCH OR MORE: 0
MIN 32 OR BELOW: 0 0.50 INCH OR MORE: 0
MIN 0 OR BELOW: 0 1.00 INCH OR MORE: 0
[HDD (BASE 65) ]
TOTAL THIS MO. 32 CLEAR (SCALE 0-3) 19
DPTR FM NORMAL -68 PTCLDY (SCALE 4-7) 5
TOTAL FM JUL 1 118 CLOUDY (SCALE 8-10) 7
DPTR FM NORMAL -58
[CDD (BASE 65) ]
TOTAL THIS MO. 80
DPTR FM NORMAL 59 [PRESSURE DATA]
TOTAL FM JAN 1 290 HIGHEST SLP 30.10 ON 28
DPTR FM NORMAL 116 LOWEST SLP 29.78 ON 2
[REMARKS]
#FINAL-10-20#