000
CXUS54 KEPZ 301130
CF6ELP
PRELIMINARY LOCAL CLIMATOLOGICAL DATA (WS FORM: F-6)

                                          STATION:   EL PASO
                                          MONTH:     NOVEMBER
                                          YEAR:      2020
                                          LATITUDE:   31 47 N
                                          LONGITUDE: 106 24 W

  TEMPERATURE IN F:       :PCPN:    SNOW:  WIND      :SUNSHINE: SKY     :PK WND
================================================================================
1   2   3   4   5  6A  6B    7    8   9   10  11  12  13   14  15   16   17  18
                                     12Z  AVG MX 2MIN
DY MAX MIN AVG DEP HDD CDD  WTR  SNW DPTH SPD SPD DIR MIN PSBL S-S WX    SPD DR
================================================================================

 1  73  55  64   5   1   0 0.00  0.0    0  8.6 18 100   M    M   5        24  90
 2  76  46  61   2   4   0 0.00  0.0    0  4.8  9  90   M    M   3        12 110
 3  78  47  63   5   2   0 0.00  0.0    0  4.3  9 360   M    M   2        11 360
 4  83  46  65   7   0   0 0.00  0.0    0  5.5 13  10   M    M   2        14 360
 5  85  56  71  14   0   6 0.00  0.0    0  9.1 17 100   M    M   1        26  80
 6  83  50  67  10   0   2 0.00  0.0    0  6.4 18 150   M    M   3        24 160
 7  85  55  70  13   0   5 0.00  0.0    0  8.2 22 270   M    M   2        29 190
 8  79  65  72  16   0   7    T  0.0    0 13.5 32 250   M    M   4 78     44 240
 9  73  52  63   7   2   0 0.00  0.0    0 14.9 25 270   M    M   1        37 270
10  62  42  52  -3  13   0 0.00  0.0    0  7.1 21 350   M    M   1        27 340
11  67  36  52  -3  13   0 0.00  0.0    0  4.3 13 260   M    M   0        16 260
12  74  38  56   2   9   0 0.00  0.0    0  5.2 16 260   M    M   4        20 260
13  74  48  61   7   4   0 0.00  0.0    0  6.4 15 360   M    M   3        19  10
14  74  52  63   9   2   0 0.00  0.0    0 13.4 31 260   M    M   0        45 260
15  70  45  58   5   7   0 0.00  0.0    0  6.8 16  10   M    M   0        21 350
16  77  45  61   8   4   0 0.00  0.0    0  6.9 14 360   M    M   0        18  10
17  80  45  63  11   2   0 0.00  0.0    0  6.1 12  10   M    M   3        15 120
18  80  44  62  10   3   0 0.00  0.0    0  2.8  9 180   M    M   1        14 200
19  85  53  69  17   0   4 0.00  0.0    0  3.9 10 190   M    M   1        14 200
20  82  50  66  15   0   1 0.00  0.0    0  2.8 10  80   M    M   2        13  60
21  80  48  64  13   1   0 0.00  0.0    0  3.5  9  50   M    M   5        13  50
22  76  51  64  14   1   0 0.00  0.0    0 10.4 23  90   M    M   6        31  80
23  77  54  66  16   0   1 0.00  0.0    0  8.7 22 240   M    M   7 8      30 230
24  67  45  56   6   9   0 0.00  0.0    0 15.7 31 280   M    M   1        47 280
25  66  35  51   2  14   0 0.00  0.0    0  6.4 18 280   M    M   0        24 240
26  71  38  55   6  10   0 0.00  0.0    0  5.4 21 250   M    M   3        29 240
27  65  37  51   2  14   0 0.00  0.0    0  4.9 17 110   M    M   3        24 110
28  57  34  46  -2  19   0 0.00  0.0    0  5.7 18 350   M    M   0        23 360
29  63  31  47  -1  18   0 0.00  0.0    0  7.3 18  70   M    M   1        28  80
================================================================================
SM 2162 1343       152  26     T  0.0    209.0          M       64
================================================================================
AV 74.6 46.3                               7.2 FASTST   M    M   2    MAX(MPH)
                                 MISC ---->    32 250                 47 280
================================================================================
NOTES:
# LAST OF SEVERAL OCCURRENCES

COLUMN 17 PEAK WIND IN M.P.H.

PRELIMINARY LOCAL CLIMATOLOGICAL DATA (WS FORM: F-6) , PAGE 2

                                          STATION:   EL PASO
                                          MONTH:     NOVEMBER
                                          YEAR:      2020
                                          LATITUDE:   31 47 N
                                          LONGITUDE: 106 24 W

[TEMPERATURE DATA]      [PRECIPITATION DATA]       SYMBOLS USED IN COLUMN 16

AVERAGE MONTHLY: 60.4   TOTAL FOR MONTH:      T    1 = FOG OR MIST
DPTR FM NORMAL:   7.1   DPTR FM NORMAL:   -0.47    2 = FOG REDUCING VISIBILITY
HIGHEST:    85 ON 19, 7  GRTST 24HR     T ON  8- 8      TO 1/4 MILE OR LESS
LOWEST:     31 ON 29                               3 = THUNDER
                        SNOW, ICE PELLETS, HAIL    4 = ICE PELLETS
                        TOTAL MONTH:   0.0 INCH    5 = HAIL
                        GRTST 24HR  0.0            6 = FREEZING RAIN OR DRIZZLE
                        GRTST DEPTH:  0            7 = DUSTSTORM OR SANDSTORM:
                                                       VSBY 1/2 MILE OR LESS
                                                   8 = SMOKE OR HAZE
[NO. OF DAYS WITH]      [WEATHER - DAYS WITH]      9 = BLOWING SNOW
                                                   X = TORNADO
MAX 32 OR BELOW:   0    0.01 INCH OR MORE:   0
MAX 90 OR ABOVE:   0    0.10 INCH OR MORE:   0
MIN 32 OR BELOW:   1    0.50 INCH OR MORE:   0
MIN  0 OR BELOW:   0    1.00 INCH OR MORE:   0

[HDD (BASE 65) ]
TOTAL THIS MO.   152    CLEAR  (SCALE 0-3)  21
DPTR FM NORMAL  -189    PTCLDY (SCALE 4-7)   8
TOTAL FM JUL 1   253    CLOUDY (SCALE 8-10)  0
DPTR FM NORMAL  -171

[CDD (BASE 65) ]
TOTAL THIS MO.    26
DPTR FM NORMAL    26    [PRESSURE DATA]
TOTAL FM JAN 1  3311    HIGHEST SLP M ON M
DPTR FM NORMAL   983    LOWEST  SLP 29.54 ON  8

[REMARKS]
