000
CXUS56 KPQR 301200
CF6EUG
PRELIMINARY LOCAL CLIMATOLOGICAL DATA (WS FORM: F-6)

                                          STATION:   EUGENE OR
                                          MONTH:     NOVEMBER
                                          YEAR:      2020
                                          LATITUDE:   44  7 N
                                          LONGITUDE: 123 13 W

  TEMPERATURE IN F:       :PCPN:    SNOW:  WIND      :SUNSHINE: SKY     :PK WND
================================================================================
1   2   3   4   5  6A  6B    7    8   9   10  11  12  13   14  15   16   17  18
                                     12Z  AVG MX 2MIN
DY MAX MIN AVG DEP HDD CDD  WTR  SNW DPTH SPD SPD DIR MIN PSBL S-S WX    SPD DR
================================================================================

 1  63  32  48   0  17   0 0.00  0.0    0  2.0  7 360   M    M   4 12     10 340
 2  67  32  50   2  15   0 0.00  0.0    0  2.4  9 200   M    M   6 128    10 210
 3  67  41  54   6  11   0 0.02  0.0    0  7.2 16 210   M    M   7 1      19 210
 4  73  54  64  16   1   0 0.00  0.0    0  8.9 22 200   M    M   7        30 200
 5  61  50  56   9   9   0 0.13  0.0    0  7.4 21 120   M    M  10 1      24 250
 6  56  41  49   2  16   0 0.06  0.0    0  5.6 16 360   M    M   7        18 360
 7  52  32  42  -5  23   0 0.07  0.0    0  6.2 21 360   M    M   6 12     25 340
 8  48  28  38  -9  27   0 0.00  0.0    0  5.0 14  10   M    M   3        18  10
 9  46  24  35 -11  30   0    T  0.0    0  7.0 16 170   M    M   7 1      21 170
10  53  41  47   1  18   0 0.19  0.0    0  9.3 22 250   M    M   9 1      29 270
11  54  31  43  -3  22   0 0.00  0.0    0  4.4 10 230   M    M   4 12     11 200
12  50  27  39  -7  26   0 0.01  0.0    0  7.5 21 180   M    M   7 1      24 170
13  57  40  49   3  16   0 0.93  0.0    0 12.2 24 190   M    M   7 1      31 190
14  51  40  46   1  19   0 1.20  0.0    0 11.0 24 190   M    M  10 1      31 180
15  58  49  54   9  11   0 0.10  0.0    0  5.6 14 190   M    M   9        16 190
16  64  48  56  11   9   0 0.50  0.0    0  4.5 12 170   M    M  10 1      14 170
17  60  41  51   6  14   0 0.17  0.0    0 11.3 28 170   M    M   8 1      38 170
18  55  44  50   6  15   0 1.27  0.0    0 12.3 25 210   M    M   8 158    36 210
19  53  34  44   0  21   0 0.19  0.0    0  7.8 15 190   M    M   7 1      24 220
20  49  29  39  -5  26   0 0.00  0.0    0  5.2  8 350   M    M   3 12     10 200
21  38  34  36  -8  29   0    T  0.0    0  5.3 12  20   M    M  10 1      15  10
22  49  32  41  -2  24   0 0.14  0.0    0  5.9 12 160   M    M   9 12     16 120
23  51  37  44   1  21   0 0.02  0.0    0  6.5 14 190   M    M   9 12     16 180
24  54  37  46   3  19   0 0.21  0.0    0  8.8 17 250   M    M   8 12     23 260
25  51  38  45   2  20   0 0.06  0.0    0  8.7 18 220   M    M   8        21 220
26  53  31  42   0  23   0 0.01  0.0    0  2.6  7 190   M    M   8 12     11 310
27  41  30  36  -6  29   0    T  0.0    0  1.7  8 260   M    M  10 12      9  50
28  51  31  41  -1  24   0 0.00  0.0    0  5.8 12  20   M    M   7 12     14 290
29  48  33  41  -1  24   0 0.00  0.0    0  2.9  9 210   M    M   7 18     13 210
================================================================================
SM 1573 1061       559   0  5.28     0.0 191.0          M      215
================================================================================
AV 54.2 36.6                               6.6 FASTST   M    M   7    MAX(MPH)
                                 MISC ---->  # 28 170               # 38  170
================================================================================
NOTES:
# LAST OF SEVERAL OCCURRENCES

COLUMN 17 PEAK WIND IN M.P.H.

PRELIMINARY LOCAL CLIMATOLOGICAL DATA (WS FORM: F-6) , PAGE 2

                                          STATION:  EUGENE OR
                                          MONTH:    NOVEMBER
                                          YEAR:     2020
                                          LATITUDE:   44  7 N
                                          LONGITUDE: 123 13 W

[TEMPERATURE DATA]      [PRECIPITATION DATA]       SYMBOLS USED IN COLUMN 16

AVERAGE MONTHLY: 45.4   TOTAL FOR MONTH:   5.28    1 = FOG OR MIST
DPTR FM NORMAL:   0.4   DPTR FM NORMAL:   -2.13    2 = FOG REDUCING VISIBILITY
HIGHEST:    73 ON  4    GRTST 24HR  1.27 ON 18-18      TO 1/4 MILE OR LESS
LOWEST:     24 ON  9                               3 = THUNDER
                        SNOW, ICE PELLETS, HAIL    4 = ICE PELLETS
                        TOTAL MONTH:   0.0 INCH    5 = HAIL
                        GRTST 24HR     0.0         6 = FREEZING RAIN OR DRIZZLE
                        GRTST DEPTH:   0           7 = DUSTSTORM OR SANDSTORM:
                                                       VSBY 1/2 MILE OR LESS
                                                   8 = SMOKE OR HAZE
[NO. OF DAYS WITH]      [WEATHER - DAYS WITH]      9 = BLOWING SNOW
                                                   X = TORNADO
MAX 32 OR BELOW:   0    0.01 INCH OR MORE:  18
MAX 90 OR ABOVE:   0    0.10 INCH OR MORE:  11
MIN 32 OR BELOW:  12    0.50 INCH OR MORE:   4
MIN  0 OR BELOW:   0    1.00 INCH OR MORE:   2

[HDD (BASE 65) ]
TOTAL THIS MO.   559    CLEAR  (SCALE 0-3)   0
DPTR FM NORMAL   -20    PTCLDY (SCALE 4-7)  18
TOTAL FM JUL 1   963    CLOUDY (SCALE 8-10) 11
DPTR FM NORMAL  -186

[CDD (BASE 65) ]
TOTAL THIS MO.     0
DPTR FM NORMAL     0    [PRESSURE DATA]
TOTAL FM JAN 1   404    HIGHEST SLP M ON M
DPTR FM NORMAL   165    LOWEST  SLP 29.32 ON 13

[REMARKS]
