000
CXUS52 KJAX 011523
CLMCRG

CLIMATE REPORT
NATIONAL WEATHER SERVICE JACKSONVILLE FL
1023 AM EST TUE DEC 01 2020

...................................

...THE CRAIG EXEC ARPT CLIMATE SUMMARY FOR THE MONTH OF NOVEMBER 2020...

CLIMATE NORMAL PERIOD: 1981 TO 2010
CLIMATE RECORD PERIOD: 1974 TO 2020

WEATHER         OBSERVED          NORMAL  DEPART   LAST YEAR`S
                VALUE   DATE(S)   VALUE   FROM     VALUE DATE(S)
                                          NORMAL
................................................................
TEMPERATURE (F)
RECORD
 HIGH             90   11/03/2015
 LOW              27   11/09/1976
HIGHEST           84   11/08         84       0       83  11/12
                       11/15
                                                          11/07
LOWEST            48   11/30         37      11       42  11/26
AVG. MAXIMUM    77.6               73.3     4.3     71.4
AVG. MINIMUM    62.2               53.2     9.0     52.1
MEAN            69.9               63.3     6.6     61.7
DAYS MAX >= 90     0                0.0     0.0        0
DAYS MIN <= 32     0                0.0     0.0        0

PRECIPITATION (INCHES)
RECORD
 MAXIMUM        5.20   2015
 MINIMUM        0.13   2016
TOTALS          3.46               2.53    0.93     2.64
DAILY AVG.      0.12               0.08    0.04     0.09
DAYS >= .01       18                8.0    10.0        8
DAYS >= .10        9                4.0     5.0        3
DAYS >= .50        2                1.0     1.0        1
DAYS >= 1.00       0                1.0    -1.0        1
GREATEST
 24 HR. TOTAL   0.68   11/15 TO 11/15
                       11/09 TO 11/10

SNOWFALL (INCHES)
RECORDS
 TOTAL            MM   MM
TOTALS           0.0                 MM      MM      0.0

DEGREE DAYS
HEATING TOTAL     28                114     -86      131
 SINCE 7/1        28                135    -107      131
COOLING TOTAL    182                 62     120       41
 SINCE 1/1      3398               2600     798     3214
................................................................

WIND (MPH)
AVERAGE WIND SPEED              7.9
HIGHEST WIND SPEED/DIRECTION    31/160    DATE  11/12
HIGHEST GUST SPEED/DIRECTION    46/150    DATE  11/12

SKY COVER
AVERAGE SKY COVER           0.49

AVERAGE RH (PERCENT)     76

WEATHER CONDITIONS. NUMBER OF DAYS WITH
THUNDERSTORM              1     MIXED PRECIP               0
HEAVY RAIN                8     RAIN                      15
LIGHT RAIN               20     FREEZING RAIN              0
LT FREEZING RAIN          0     HAIL                       0
HEAVY SNOW                0     SNOW                       0
LIGHT SNOW                0     SLEET                      0
FOG                      22     FOG W/VIS <= 1/4 MILE      5
HAZE                      0

-  INDICATES NEGATIVE NUMBERS.
R  INDICATES RECORD WAS SET OR TIED.
MM INDICATES DATA IS MISSING.
T  INDICATES TRACE AMOUNT.

$$
