000
CDUS41 KBOX 140543
CLIBDL


CLIMATE REPORT
NATIONAL WEATHER SERVICE BOSTON/NORTON MA
143 AM EDT SAT APR 14 2018


...................................

...THE HARTFORD CT CLIMATE SUMMARY FOR APRIL 13 2018...

CLIMATE NORMAL PERIOD 1981 TO 2010
CLIMATE RECORD PERIOD 1904 TO 2018


WEATHER ITEM   OBSERVED TIME   RECORD YEAR NORMAL DEPARTURE LAST
                VALUE   (LST)  VALUE       VALUE  FROM      YEAR
                                                  NORMAL
..................................................................
TEMPERATURE (F)
 YESTERDAY
  MAXIMUM         73    416 PM  86    1977  60     13       62
  MINIMUM         46    458 AM  24    1990  38      8       41
  AVERAGE         60                        49     11       52

PRECIPITATION (IN)
  YESTERDAY        T             2.25 2004   0.13  -0.13     0.00
  MONTH TO DATE    1.28                      1.65  -0.37     2.27
  SINCE MAR 1      3.93                      5.27  -1.34     6.20
  SINCE JAN 1     12.92                     11.39   1.53    12.18

SNOWFALL (IN)
  YESTERDAY        0.0           1.8  1918   0.1   -0.1      0.0
  MONTH TO DATE    6.5                       1.0    5.5      0.5
  SINCE MAR 1     23.1                       7.4   15.7     19.6
  SINCE JUL 1     54.9                      40.1   14.8     62.3
  SNOW DEPTH       0

DEGREE DAYS
 HEATING
  YESTERDAY        5                        17    -12       13
  MONTH TO DATE  330                       247     83      207
  SINCE MAR 1   1182                      1090     92     1184
  SINCE JUL 1   5378                      5528   -150     5077

 COOLING
  YESTERDAY        0                         0      0        0
  MONTH TO DATE    0                         0      0        4
  SINCE MAR 1      0                         0      0        4
  SINCE JAN 1      0                         0      0        4
..................................................................


WIND (MPH)
  RESULTANT WIND SPEED   6   RESULTANT WIND DIRECTION   S (180)
  HIGHEST WIND SPEED    16   HIGHEST WIND DIRECTION     S (190)
  HIGHEST GUST SPEED    19   HIGHEST GUST DIRECTION    SW (210)
  AVERAGE WIND SPEED     6.4


SKY COVER
  POSSIBLE SUNSHINE  MM
  AVERAGE SKY COVER 0.7


WEATHER CONDITIONS
 THE FOLLOWING WEATHER WAS RECORDED YESTERDAY.
  LIGHT RAIN


RELATIVE HUMIDITY (PERCENT)
 HIGHEST    82           500 AM
 LOWEST     41           500 PM
 AVERAGE    62

..........................................................


THE HARTFORD CT CLIMATE NORMALS FOR TODAY
                         NORMAL    RECORD    YEAR
 MAXIMUM TEMPERATURE (F)   60        82      1941
 MINIMUM TEMPERATURE (F)   38        24      1959


SUNRISE AND SUNSET
APRIL 14 2018.........SUNRISE   612 AM EDT   SUNSET   731 PM EDT
APRIL 15 2018.........SUNRISE   610 AM EDT   SUNSET   732 PM EDT


-  INDICATES NEGATIVE NUMBERS.
R  INDICATES RECORD WAS SET OR TIED.
MM INDICATES DATA IS MISSING.
T  INDICATES TRACE AMOUNT.




$$
