000
CXUS55 KDVN 011100
CF6CID
PRELIMINARY LOCAL CLIMATOLOGICAL DATA (WS FORM: F-6)
STATION: CEDAR RAPIDS IA
MONTH: MAY
YEAR: 2020
LATITUDE: 41 52 N
LONGITUDE: 91 42 W
TEMPERATURE IN F: :PCPN: SNOW: WIND :SUNSHINE: SKY :PK WND
================================================================================
1 2 3 4 5 6A 6B 7 8 9 10 11 12 13 14 15 16 17 18
12Z AVG MX 2MIN
DY MAX MIN AVG DEP HDD CDD WTR SNW DPTH SPD SPD DIR MIN PSBL S-S WX SPD DR
================================================================================
1 74 39 57 2 8 0 0.00 M M 11.5 23 140 M M 0 33 170
2 74 50 62 7 3 0 T M M 11.2 21 320 M M 2 25 330
3 75 44 60 4 5 0 0.00 M M 6.6 20 280 M M 0 31 340
4 58 42 50 -6 15 0 0.05 M M 14.1 22 120 M M 4 1 28 90
5 47 38 43 -13 22 0 0.44 M M 10.1 17 80 M M 10 1 23 80
6 63 38 51 -6 14 0 T M M 10.9 22 300 M M 2 1 31 270
7 64 39 52 -5 13 0 T M M 11.6 22 310 M M 4 8 27 310
8 53 38 46 -12 19 0 0.00 M M 14.5 28 350 M M 0 36 330
9 65 26 46 -12 19 0 T M M 10.0 25 290 M M 2 34 290
10 51 40 46 -12 19 0 0.01 M M 17.6 30 330 M M 10 1 42 340
11 53 36 45 -13 20 0 0.00 M M 8.7 18 320 M M 7 23 310
12 61 33 47 -12 18 0 0.00 M M 4.2 14 250 M M 0 19 270
13 59 36 48 -11 17 0 0.17 M M 12.9 26 150 M M 6 1 36 140
14 65 51 58 -2 7 0 0.37 M M 7.9 28 110 M M 9 123 36 110
15 70 53 62 2 3 0 0.00 M M 7.6 21 340 M M 2 12 26 350
16 73 48 61 1 4 0 0.03 M M 12.0 22 90 M M 4 1 29 100
17 65 52 59 -1 6 0 0.57 M M 11.5 21 100 M M 10 1 28 120
18 58 50 54 -7 11 0 0.06 M M 13.8 21 30 M M 10 1 29 30
19 59 50 55 -6 10 0 0.00 M M 13.1 20 40 M M 10 1 25 40
20 62 55 59 -3 6 0 0.00 M M 10.2 18 100 M M 10 1 24 100
21 61 54 58 -4 7 0 0.00 M M 9.2 17 100 M M 10 1 23 120
22 71 55 63 1 2 0 T M M 8.0 14 140 M M 10 1 20 110
23 72 57 65 3 0 0 0.21 M M 12.0 21 120 M M 6 13 28 90
24 81 54 68 5 0 3 0.00 M M 8.1 25 230 M M 2 1 31 220
25 85 63 74 11 0 9 0.11 M M 9.0 25 230 M M 3 13 33 240
26 86 64 75 11 0 10 0.01 M M 12.8 26 140 M M 2 3 36 140
27 79 65 72 8 0 7 0.07 M M 6.6 16 130 M M 6 13 24 150
28 71 56 64 0 1 0 0.39 M M 6.9 22 360 M M 7 123 29 360
29 67 50 59 -5 6 0 0.00 M M 11.1 22 320 M M 2 29 360
30 71 48 60 -5 5 0 0.00 M M 7.7 17 10 M M 1 25 340
31 73 48 61 -4 4 0 0.00 M M 5.9 14 110 M M 3 18 100
================================================================================
SM 2066 1472 264 29 2.49 M 317.3 M 154
================================================================================
AV 66.7 47.5 10.2 FASTST M M 5 MAX(MPH)
MISC ----> # 30 330 # 42 340
================================================================================
NOTES:
# LAST OF SEVERAL OCCURRENCES
COLUMN 17 PEAK WIND IN M.P.H.
PRELIMINARY LOCAL CLIMATOLOGICAL DATA (WS FORM: F-6) , PAGE 2
STATION: CEDAR RAPIDS IA
MONTH: MAY
YEAR: 2020
LATITUDE: 41 52 N
LONGITUDE: 91 42 W
[TEMPERATURE DATA] [PRECIPITATION DATA] SYMBOLS USED IN COLUMN 16
AVERAGE MONTHLY: 57.1 TOTAL FOR MONTH: 2.49 1 = FOG OR MIST
DPTR FM NORMAL: -3.0 DPTR FM NORMAL: -1.66 2 = FOG REDUCING VISIBILITY
HIGHEST: 86 ON 26 GRTST 24HR 0.57 ON 17-17 TO 1/4 MILE OR LESS
LOWEST: 26 ON 9 3 = THUNDER
SNOW, ICE PELLETS, HAIL 4 = ICE PELLETS
TOTAL MONTH: M 5 = HAIL
GRTST 24HR M ON M 6 = FREEZING RAIN OR DRIZZLE
GRTST DEPTH: M ON M 7 = DUSTSTORM OR SANDSTORM:
VSBY 1/2 MILE OR LESS
8 = SMOKE OR HAZE
[NO. OF DAYS WITH] [WEATHER - DAYS WITH] 9 = BLOWING SNOW
X = TORNADO
MAX 32 OR BELOW: 0 0.01 INCH OR MORE: 13
MAX 90 OR ABOVE: 0 0.10 INCH OR MORE: 7
MIN 32 OR BELOW: 1 0.50 INCH OR MORE: 1
MIN 0 OR BELOW: 0 1.00 INCH OR MORE: 0
[HDD (BASE 65) ]
TOTAL THIS MO. 264 CLEAR (SCALE 0-3) 14
DPTR FM NORMAL 72 PTCLDY (SCALE 4-7) 8
TOTAL FM JUL 1 6682 CLOUDY (SCALE 8-10) 9
DPTR FM NORMAL -155
[CDD (BASE 65) ]
TOTAL THIS MO. 29
DPTR FM NORMAL -13 [PRESSURE DATA]
TOTAL FM JAN 1 29 HIGHEST SLP 30.34 ON 31
DPTR FM NORMAL -20 LOWEST SLP 29.67 ON 17
[REMARKS]
#FINAL-05-20#