000
CXUS52 KILM 011930
CF6CRE
PRELIMINARY LOCAL CLIMATOLOGICAL DATA (WS FORM: F-6)
STATION: N.MYRTLE BEACH SOUTH CAROLINA
MONTH: SEPTEMBER
YEAR: 2022
LATITUDE: 33 49 N
LONGITUDE: 78 43 W
TEMPERATURE IN F: :PCPN: SNOW: WIND :SUNSHINE: SKY :PK WND
================================================================================
1 2 3 4 5 6A 6B 7 8 9 10 11 12 13 14 15 16 17 18
12Z AVG MX 2MIN
DY MAX MIN AVG DEP HDD CDD WTR SNW DPTH SPD SPD DIR MIN PSBL S-S WX SPD DR
================================================================================
1 88 70 79 1 0 14 0.00 M M 3.8 12 110 M M 2 12 14 110
2 86 69 78 0 0 13 0.00 M M 5.5 14 110 M M 0 1 17 140
3 85 71 78 0 0 13 0.00 M M 5.7 14 90 M M 0 20 100
4 85 72 79 1 0 14 T M M 6.7 14 110 M M 1 18 110
5 85 79 82 4 0 17 T M M 7.9 14 180 M M 2 17 140
6 91 77 84 6 0 19 0.00 M M 7.4 18 200 M M 4 23 200
7 87 71 79 2 0 14 0.64 M M 5.1 15 50 M M 3 13 22 10
8 85 70 78 1 0 13 0.31 M M 8.1 15 50 M M 5 1 19 60
9 80 67 74 -3 0 9 T M M 9.8 20 70 M M 4 25 70
10 84 71 78 1 0 13 1.12 M M 6.2 14 50 M M 5 13 18 50
11 85 74 80 3 0 15 0.24 M M 6.6 15 220 M M 3 13 19 220
12 84 74 79 3 0 14 0.08 M M 7.7 18 220 M M 2 13 22 220
13 85 73 79 3 0 14 0.00 M M 6.1 16 200 M M 1 20 220
14 83 66 75 -1 0 10 0.00 M M 6.0 15 40 M M 1 19 40
15 82 62 72 -4 0 7 0.00 M M 6.8 17 60 M M 0 23 60
16 83 62 73 -3 0 8 0.00 M M 5.9 18 40 M M 0 22 50
17 81 63 72 -3 0 7 0.00 M M 6.4 14 30 M M 3 18 40
18 84 67 76 1 0 11 0.00 M M 8.1 18 110 M M 1 24 70
19 84 69 77 2 0 12 0.00 M M 5.1 14 100 M M 1 26 60
20 88 68 78 3 0 13 0.00 M M 3.9 12 190 M M 0 14 180
21 86 67 77 3 0 12 0.00 M M 3.8 12 160 M M 0 1 14 130
22 87 70 79 5 0 14 0.03 M M 8.1 20 210 M M 4 12 27 10
23 76 56 66 -8 0 1 0.00 M M 7.3 18 40 M M 0 8 24 20
24 75 49 62 -12 3 0 0.00 M M 4.7 12 210 M M 0 18 160
25 81 59 70 -3 0 5 0.00 M M 11.0 23 220 M M 0 28 220
26 82 71 77 4 0 12 0.00 M M 9.8 18 200 M M 4 22 210
27 77 60 69 -4 0 4 0.00 M M 4.7 14 20 M M 1 19 30
28 72 59 66 -6 0 1 0.00 M M 10.8 20 40 M M 3 26 50
29 66 60 63 -9 2 0 0.12 M M 19.8 33 40 M M 10 48 30
30 76 59 68 -4 0 3 3.41 M M 25.1 43 40 M M 10 138 58 160
================================================================================
SM 2473 2005 5 302 5.95 M 233.9 M 70
================================================================================
AV 82.4 66.8 7.8 FASTST M M 2 MAX(MPH)
MISC ----> 43 40 58 160
================================================================================
NOTES:
# LAST OF SEVERAL OCCURRENCES
COLUMN 17 PEAK WIND IN M.P.H.
PRELIMINARY LOCAL CLIMATOLOGICAL DATA (WS FORM: F-6) , PAGE 2
STATION: N.MYRTLE BEACH SOUTH CAROLINA
MONTH: SEPTEMBER
YEAR: 2022
LATITUDE: 33 49 N
LONGITUDE: 78 43 W
[TEMPERATURE DATA] [PRECIPITATION DATA] SYMBOLS USED IN COLUMN 16
AVERAGE MONTHLY: 74.6 TOTAL FOR MONTH: 5.95 1 = FOG OR MIST
DPTR FM NORMAL: -0.9 DPTR FM NORMAL: -0.70 2 = FOG REDUCING VISIBILITY
HIGHEST: 91 ON 6 GRTST 24HR 3.53 ON 29-30 TO 1/4 MILE OR LESS
LOWEST: 49 ON 24 3 = THUNDER
SNOW, ICE PELLETS, HAIL 4 = ICE PELLETS
TOTAL MONTH: M 5 = HAIL
GRTST 24HR M ON M 6 = FREEZING RAIN OR DRIZZLE
GRTST DEPTH: M ON M 7 = DUSTSTORM OR SANDSTORM:
VSBY 1/2 MILE OR LESS
8 = SMOKE OR HAZE
[NO. OF DAYS WITH] [WEATHER - DAYS WITH] 9 = BLOWING SNOW
X = TORNADO
MAX 32 OR BELOW: 0 0.01 INCH OR MORE: 8
MAX 90 OR ABOVE: 1 0.10 INCH OR MORE: 6
MIN 32 OR BELOW: 0 0.50 INCH OR MORE: 3
MIN 0 OR BELOW: 0 1.00 INCH OR MORE: 2
[HDD (BASE 65) ]
TOTAL THIS MO. 5 CLEAR (SCALE 0-3) 20
DPTR FM NORMAL 2 PTCLDY (SCALE 4-7) 8
TOTAL FM JUL 1 5 CLOUDY (SCALE 8-10) 2
DPTR FM NORMAL 5
[CDD (BASE 65) ]
TOTAL THIS MO. 302
DPTR FM NORMAL -15 [PRESSURE DATA]
TOTAL FM JAN 1 1951 HIGHEST SLP 30.21 ON 17
DPTR FM NORMAL 74 LOWEST SLP 29.08 ON 30
[REMARKS]
#FINAL-09-22#