000
CXUS53 KDLH 032044
CF6HIB
PRELIMINARY LOCAL CLIMATOLOGICAL DATA (WS FORM: F-6)
STATION: HIBBING
MONTH: MAY
YEAR: 2022
LATITUDE: 47 22 N
LONGITUDE: 92 50 W
TEMPERATURE IN F: :PCPN: SNOW: WIND :SUNSHINE: SKY :PK WND
================================================================================
1 2 3 4 5 6A 6B 7 8 9 10 11 12 13 14 15 16 17 18
12Z AVG MX 2MIN
DY MAX MIN AVG DEP HDD CDD WTR SNW DPTH SPD SPD DIR MIN PSBL S-S WX SPD DR
================================================================================
1 42 36 39 -5 26 0 0.31 M M 9.3 18 310 M M 10 1 25 330
2 46 34 40 -4 25 0 T M M 10.7 21 330 M M 10 1 29 300
3 53 28 41 -4 24 0 0.00 M M 6.9 17 20 M M 4 22 60
4 60 24 42 -3 23 0 0.00 M M 3.7 13 140 M M 0 17 140
5 66 26 46 1 19 0 0.00 M M 3.8 15 120 M M 0 21 130
6 67 27 47 1 18 0 0.00 M M 7.5 21 130 M M 0 30 130
7 70 30 50 4 15 0 0.00 M M 10.2 24 140 M M 0 37 170
8 54 46 50 3 15 0 0.24 M M 8.9 18 150 M M 8 1 31 150
9 73 49 61 14 4 0 0.06 M M 14.0 35 90 M M 8 13 52 80
10 73 41 57 10 8 0 T M M 6.3 16 300 M M 2 27 290
11 72 34 53 5 12 0 0.80 M M 9.0 21 130 M M 3 13 30 60
12 62 50 56 8 9 0 1.15 M M 8.3 29 120 M M 7 1 46 190
13 72 46 59 10 6 0 0.11 M M 9.7 21 210 M M 4 1 38 200
14 69 37 53 4 12 0 T M M 5.9 22 290 M M 3 1 36 290
15 67 38 53 4 12 0 0.00 M M 9.3 26 280 M M 4 43 300
16 59 33 46 -4 19 0 0.00 M M 11.9 23 330 M M 5 31 310
17 63 29 46 -4 19 0 0.00 M M 3.6 12 130 M M 1 1 16 140
18 67 37 52 2 13 0 0.05 M M 7.2 28 290 M M 7 46 310
19 58 46 52 1 13 0 0.04 M M 5.4 17 100 M M 9 18 23 100
20 61 36 49 -2 16 0 0.06 M M 10.0 25 310 M M 8 1 39 240
21 45 31 38 -14 27 0 0.01 M M 5.6 21 330 M M 10 18 27 330
22 55 30 43 -9 22 0 T M M 5.4 16 300 M M 9 21 300
23 63 30 47 -5 18 0 0.00 M M 3.5 14 170 M M 5 22 230
24 69 32 51 -2 14 0 0.00 M M 2.0 10 210 M M 3 18 170
25 53 43 48 -5 17 0 0.06 M M 7.2 20 100 M M 7 1 31 80
26 60 36 48 -5 17 0 0.00 M M 4.5 12 30 M M 7 1 16 30
27 76 31 54 0 11 0 0.00 M M 3.9 12 200 M M 2 1 18 200
28 60 50 55 1 10 0 0.22 M M 6.3 16 130 M M 8 1 22 140
29 68 52 60 6 5 0 0.09 M M 7.3 18 140 M M 9 1 25 160
30 75 57 66 12 0 1 3.29 M M 9.9 23 140 M M 5 12 34 130
31 60 47 54 -1 11 0 0.08 M M 10.9 22 230 M M 8 18 39 270
================================================================================
SM 1938 1166 460 1 6.57 M 228.1 M 166
================================================================================
AV 62.5 37.6 7.4 FASTST M M 5 MAX(MPH)
MISC ----> 35 90 52 80
================================================================================
NOTES:
# LAST OF SEVERAL OCCURRENCES
COLUMN 17 PEAK WIND IN M.P.H.
PRELIMINARY LOCAL CLIMATOLOGICAL DATA (WS FORM: F-6) , PAGE 2
STATION: HIBBING
MONTH: MAY
YEAR: 2022
LATITUDE: 47 22 N
LONGITUDE: 92 50 W
[TEMPERATURE DATA] [PRECIPITATION DATA] SYMBOLS USED IN COLUMN 16
AVERAGE MONTHLY: 50.1 TOTAL FOR MONTH: 6.57 1 = FOG OR MIST
DPTR FM NORMAL: 0.6 DPTR FM NORMAL: 3.81 2 = FOG REDUCING VISIBILITY
HIGHEST: 76 ON 27 GRTST 24HR 3.29 ON 30-30 TO 1/4 MILE OR LESS
LOWEST: 24 ON 4 3 = THUNDER
SNOW, ICE PELLETS, HAIL 4 = ICE PELLETS
TOTAL MONTH: M 5 = HAIL
GRTST 24HR M ON M 6 = FREEZING RAIN OR DRIZZLE
GRTST DEPTH: M ON M 7 = DUSTSTORM OR SANDSTORM:
VSBY 1/2 MILE OR LESS
8 = SMOKE OR HAZE
[NO. OF DAYS WITH] [WEATHER - DAYS WITH] 9 = BLOWING SNOW
X = TORNADO
MAX 32 OR BELOW: 0 0.01 INCH OR MORE: 15
MAX 90 OR ABOVE: 0 0.10 INCH OR MORE: 7
MIN 32 OR BELOW: 11 0.50 INCH OR MORE: 3
MIN 0 OR BELOW: 0 1.00 INCH OR MORE: 2
[HDD (BASE 65) ]
TOTAL THIS MO. 460 CLEAR (SCALE 0-3) 9
DPTR FM NORMAL -23 PTCLDY (SCALE 4-7) 14
TOTAL FM JUL 1 10248 CLOUDY (SCALE 8-10) 8
DPTR FM NORMAL 116
[CDD (BASE 65) ]
TOTAL THIS MO. 1
DPTR FM NORMAL -3 [PRESSURE DATA]
TOTAL FM JAN 1 1 HIGHEST SLP 30.35 ON 23
DPTR FM NORMAL -3 LOWEST SLP 29.23 ON 20
[REMARKS]
#FINAL-05-22#