000
CXUS54 KMAF 011110
CF6PRS
PRELIMINARY LOCAL CLIMATOLOGICAL DATA (WS FORM: F-6)
STATION: PRESIDIO LELY
MONTH: APRIL
YEAR: 2021
LATITUDE: 29 38 N
LONGITUDE: 104 22 W
TEMPERATURE IN F: :PCPN: SNOW: WIND :SUNSHINE: SKY :PK WND
================================================================================
1 2 3 4 5 6A 6B 7 8 9 10 11 12 13 14 15 16 17 18
12Z AVG MX 2MIN
DY MAX MIN AVG DEP HDD CDD WTR SNW DPTH SPD SPD DIR MIN PSBL S-S WX SPD DR
================================================================================
1 76 52 64 M 1 0 M M M 13.6 22 50 M M 0 30 50
2 86 57 72 M 0 7 M M M 12.0 22 40 M M 0 36 30
3 91 61 76 M 0 11 M M M 9.5 24 60 M M 0 35 60
4 82 59 71 M 0 6 M M M 11.5 18 50 M M 1 24 60
5 92 57 75 M 0 10 M M M 4.5 16 30 M M 0 24 30
6 94 65 80 M 0 15 M M M 7.1 18 210 M M 0 24 260
7 90 65 78 M 0 13 M M M 9.7 15 260 M M 0 23 270
8 94 57 76 M 0 11 M M M 5.7 12 230 M M 0 20 230
9 91 61 76 M 0 11 M M M 9.5 24 280 M M 0 32 280
10 89 58 74 M 0 9 M M M 6.6 18 10 M M 0 29 10
11 92 59 76 M 0 11 M M M 5.6 14 230 M M 0 21 220
12 93 56 75 M 0 10 M M M 6.0 17 20 M M 0 30 30
13 84 64 74 M 0 9 M M M 11.7 21 60 M M 1 28 40
14 90 61 76 M 0 11 M M M 6.7 20 20 M M 0 25 50
15 89 66 78 M 0 13 M M M 6.6 16 20 M M 0 21 20
16 87 63 75 M 0 10 M M M 6.4 20 20 M M 0 26 20
17 69 52 61 M 4 0 M M M 16.6 23 20 M M 5 32 40
18 71 48 60 M 5 0 M M M 14.4 20 60 M M 2 26 30
19 69 50 60 M 5 0 0.31 M M 5.2 14 40 M M 6 18 40
20 83 49 66 M 0 1 M M M 8.3 22 40 M M 0 32 40
21 77 49 63 M 2 0 M M M 16.4 21 30 M M 0 29 40
22 80 50 65 M 0 0 M M M 5.4 17 50 M M 0 28 30
23 86 58 72 M 0 7 M M M 10.5 28 280 M M 0 37 250
24 86 54 70 M 0 5 M M M 4.4 12 210 M M 0 20 240
25 94 62 78 M 0 13 M M M 5.8 14 40 M M 0 21 40
26 91 66 79 M 0 14 M M M 5.6 16 160 M M 0 23 180
27 96 75 86 M 0 21 M M M 12.1 23 190 M M 0 30 190
28 86 59 73 M 0 8 M M M 8.6 28 290 M M 4 36 280
29 80 61 71 M 0 6 M M M 6.4 22 360 M M 3 29 360
30 69 55 62 M 3 0 0.31 M M 7.1 17 360 M M 8 23 360
================================================================================
SM 2557 1749 20 232 0.62 M 259.7 M 30
================================================================================
AV 85.2 58.3 8.7 FASTST M M 1 MAX(MPH)
MISC ----> # 28 280 37 250
================================================================================
NOTES:
# LAST OF SEVERAL OCCURRENCES
COLUMN 17 PEAK WIND IN M.P.H.
PRELIMINARY LOCAL CLIMATOLOGICAL DATA (WS FORM: F-6) , PAGE 2
STATION: PRESIDIO LELY
MONTH: APRIL
YEAR: 2021
LATITUDE: 29 38 N
LONGITUDE: 104 22 W
[TEMPERATURE DATA] [PRECIPITATION DATA] SYMBOLS USED IN COLUMN 16
AVERAGE MONTHLY: 71.8 TOTAL FOR MONTH: 0.62 1 = FOG OR MIST
DPTR FM NORMAL: 0.0 DPTR FM NORMAL: M 2 = FOG REDUCING VISIBILITY
HIGHEST: 96 ON 27 GRTST 24HR 0.31 ON 19-19 TO 1/4 MILE OR LESS
LOWEST: 48 ON 18 3 = THUNDER
SNOW, ICE PELLETS, HAIL 4 = ICE PELLETS
TOTAL MONTH: M 5 = HAIL
GRTST 24HR M ON M 6 = FREEZING RAIN OR DRIZZLE
GRTST DEPTH: M ON M 7 = DUSTSTORM OR SANDSTORM:
VSBY 1/2 MILE OR LESS
8 = SMOKE OR HAZE
[NO. OF DAYS WITH] [WEATHER - DAYS WITH] 9 = BLOWING SNOW
X = TORNADO
MAX 32 OR BELOW: 0 0.01 INCH OR MORE: 2
MAX 90 OR ABOVE: 12 0.10 INCH OR MORE: 2
MIN 32 OR BELOW: 0 0.50 INCH OR MORE: 0
MIN 0 OR BELOW: 0 1.00 INCH OR MORE: 0
[HDD (BASE 65) ]
TOTAL THIS MO. 20 CLEAR (SCALE 0-3) 26
DPTR FM NORMAL M PTCLDY (SCALE 4-7) 4
TOTAL FM JUL 1 1348 CLOUDY (SCALE 8-10) 0
DPTR FM NORMAL M
[CDD (BASE 65) ]
TOTAL THIS MO. 232
DPTR FM NORMAL M [PRESSURE DATA]
TOTAL FM JAN 1 326 HIGHEST SLP M ON M
DPTR FM NORMAL M LOWEST SLP M ON M
[REMARKS]
#FINAL-04-21#