000
CXUS54 KMAF 011110
CF6PRS
PRELIMINARY LOCAL CLIMATOLOGICAL DATA (WS FORM: F-6)
STATION: PRESIDIO LELY
MONTH: JULY
YEAR: 2020
LATITUDE: 29 38 N
LONGITUDE: 104 22 W
TEMPERATURE IN F: :PCPN: SNOW: WIND :SUNSHINE: SKY :PK WND
================================================================================
1 2 3 4 5 6A 6B 7 8 9 10 11 12 13 14 15 16 17 18
12Z AVG MX 2MIN
DY MAX MIN AVG DEP HDD CDD WTR SNW DPTH SPD SPD DIR MIN PSBL S-S WX SPD DR
================================================================================
1 103 83 93 M 0 28 M M M 5.8 13 50 M M 4 23 50
2 100 77 89 M 0 24 M M M 8.6 15 30 M M 3 26 120
3 101 79 90 M 0 25 M M M 6.0 16 330 M M 1 3 25 330
4 100 79 90 M 0 25 M M M 6.1 12 250 M M 1 3 24 10
5 101 79 90 M 0 25 0.03 M M 8.3 24 60 M M 1 3 32 60
6 103 74 89 M 0 24 M M M 5.7 28 360 M M 1 35 360
7 102 75 89 M 0 24 M M M 7.0 24 20 M M 1 46 60
8 105 80 93 M 0 28 M M M 7.2 17 10 M M 1 31 0
9 110 82 96 M 0 31 M M M 8.2 17 60 M M 0 28 60
10 108 82 95 M 0 30 M M M 6.9 18 60 M M 0 29 60
11 108 81 95 M 0 30 M M M 7.7 14 50 M M 0 21 120
12 108 81 95 M 0 30 M M M 6.6 16 130 M M 0 23 130
13 109 81 95 M 0 30 M M M 5.5 13 120 M M 0 18 120
14 111 86 99 M 0 34 M M M 6.8 14 130 M M 0 23 90
15 108 79 94 M 0 29 M M M 9.4 16 50 M M 0 30 100
16 105 82 94 M 0 29 M M M 9.8 20 50 M M 0 26 60
17 104 81 93 M 0 28 M M M 6.7 17 70 M M 0 31 340
18 101 81 91 M 0 26 M M M 7.7 21 50 M M 1 29 50
19 101 78 90 M 0 25 M M M 10.6 18 60 M M 0 26 50
20 101 79 90 M 0 25 M M M 8.3 16 80 M M 2 23 60
21 99 82 91 M 0 26 M M M 7.8 18 290 M M 3 31 290
22 101 79 90 M 0 25 M M M 7.9 13 100 M M 1 20 100
23 100 76 88 M 0 23 0.19 M M 5.9 14 150 M M 3 3 26 210
24 94 71 83 M 0 18 0.15 M M 5.1 17 190 M M 3 3 26 130
25 96 70 83 M 0 18 0.01 M M 5.3 17 340 M M 1 25 340
26 94 77 86 M 0 21 M M M 15.3 23 50 M M 1 29 50
27 95 74 85 M 0 20 M M M 8.9 14 60 M M 4 21 50
28 99 75 87 M 0 22 M M M 7.9 14 130 M M 1 22 60
29 103 78 91 M 0 26 M M M 7.2 14 50 M M 0 21 50
30 106 80 93 M 0 28 M M M 8.3 15 80 M M 1 3 29 280
31 102 79 91 M 0 26 M M M 11.2 20 40 M M 0 28 40
================================================================================
SM 3178 2440 0 803 0.38 M 239.5 M 34
================================================================================
AV102.5 78.7 7.7 FASTST M M 1 MAX(MPH)
MISC ----> 28 360 46 60
================================================================================
NOTES:
# LAST OF SEVERAL OCCURRENCES
COLUMN 17 PEAK WIND IN M.P.H.
PRELIMINARY LOCAL CLIMATOLOGICAL DATA (WS FORM: F-6) , PAGE 2
STATION: PRESIDIO LELY
MONTH: JULY
YEAR: 2020
LATITUDE: 29 38 N
LONGITUDE: 104 22 W
[TEMPERATURE DATA] [PRECIPITATION DATA] SYMBOLS USED IN COLUMN 16
AVERAGE MONTHLY: 90.6 TOTAL FOR MONTH: 0.38 1 = FOG OR MIST
DPTR FM NORMAL: 0.0 DPTR FM NORMAL: M 2 = FOG REDUCING VISIBILITY
HIGHEST: 111 ON 14 GRTST 24HR 0.19 ON 23-23 TO 1/4 MILE OR LESS
LOWEST: 70 ON 25 3 = THUNDER
SNOW, ICE PELLETS, HAIL 4 = ICE PELLETS
TOTAL MONTH: M 5 = HAIL
GRTST 24HR M ON M 6 = FREEZING RAIN OR DRIZZLE
GRTST DEPTH: M ON M 7 = DUSTSTORM OR SANDSTORM:
VSBY 1/2 MILE OR LESS
8 = SMOKE OR HAZE
[NO. OF DAYS WITH] [WEATHER - DAYS WITH] 9 = BLOWING SNOW
X = TORNADO
MAX 32 OR BELOW: 0 0.01 INCH OR MORE: 4
MAX 90 OR ABOVE: 31 0.10 INCH OR MORE: 2
MIN 32 OR BELOW: 0 0.50 INCH OR MORE: 0
MIN 0 OR BELOW: 0 1.00 INCH OR MORE: 0
[HDD (BASE 65) ]
TOTAL THIS MO. 0 CLEAR (SCALE 0-3) 27
DPTR FM NORMAL M PTCLDY (SCALE 4-7) 4
TOTAL FM JUL 1 0 CLOUDY (SCALE 8-10) 0
DPTR FM NORMAL M
[CDD (BASE 65) ]
TOTAL THIS MO. 803
DPTR FM NORMAL M [PRESSURE DATA]
TOTAL FM JAN 1 2586 HIGHEST SLP M ON M
DPTR FM NORMAL M LOWEST SLP M ON M
[REMARKS]
#FINAL-07-20#