000
CXUS53 KEAX 280736
CF6STJ
PRELIMINARY LOCAL CLIMATOLOGICAL DATA (WS FORM: F-6)
STATION: ST. JOSEPH MO
MONTH: MARCH
YEAR: 2024
LATITUDE: 39 46 N
LONGITUDE: 94 55 W
TEMPERATURE IN F: :PCPN: SNOW: WIND :SUNSHINE: SKY :PK WND
================================================================================
1 2 3 4 5 6A 6B 7 8 9 10 11 12 13 14 15 16 17 18
12Z AVG MX 2MIN
DY MAX MIN AVG DEP HDD CDD WTR SNW DPTH SPD SPD DIR MIN PSBL S-S WX SPD DR
================================================================================
1 57 39 48 11 17 0 0.00 M M 11.9 21 210 M M 4 28 230
2 73 27 50 12 15 0 0.00 M M 11.7 26 170 M M 0 18 38 170
3 82 39 61 23 4 0 0.00 M M 17.3 33 220 M M 0 44 220
4 72 41 57 19 8 0 0.00 M M 13.6 24 20 M M 7 31 20
5 62 36 49 10 16 0 0.00 M M 10.1 18 20 M M 3 23 10
6 64 24 44 5 21 0 0.00 M M 7.6 18 120 M M 1 128 26 140
7 51 44 48 8 17 0 0.70 M M 7.7 15 40 M M 8 13 21 130
8 49 35 42 2 23 0 0.04 M M 14.7 25 360 M M 9 1 34 360
9 52 27 40 0 25 0 0.00 M M 7.3 21 320 M M 0 28 360
10 65 22 44 3 21 0 0.00 M M 6.8 18 190 M M 0 18 28 200
11 73 40 57 16 8 0 0.00 M M 14.7 29 200 M M 0 37 190
12 72 49 61 19 4 0 0.00 M M 9.8 21 190 M M 1 25 220
13 75 37 56 14 9 0 1.53 M M 8.1 35 280 M M 2 138 45 160
14 63 51 57 14 8 0 0.62 M M 10.1 25 280 M M 9 138 32 280
15 62 42 52 9 13 0 0.00 M M 8.5 18 350 M M 3 23 340
16 64 39 52 9 13 0 0.00 M M 12.1 26 300 M M 1 35 310
17 44 27 36 -8 29 0 0.00 M M 12.5 29 330 M M 1 37 330
18 41 22 32 -12 33 0 0.00 M M 8.9 25 340 M M 2 33 350
19 70 28 49 4 16 0 0.00 M M 8.4 18 340 M M 0 25 350
20 54 34 44 -1 21 0 0.00 M M 11.0 22 20 M M 0 29 10
21 59 36 48 3 17 0 0.00 M M 10.3 20 110 M M 2 27 140
22 49 34 42 -4 23 0 0.00 M M 13.8 30 10 M M 7 8 36 10
23 45 25 35 -11 30 0 T M M 10.0 18 100 M M 6 26 110
24 56 43 50 3 15 0 0.12 M M 15.5 30 180 M M 9 40 170
25 68 41 55 8 10 0 0.04 M M 15.2 28 180 M M 7 13 37 160
26 41 26 34 -13 31 0 0.09 M M 14.5 25 300 M M 9 1 35 310
27 49 22 36 -12 29 0 0.00 M M 5.4 12 220 M M 2 18 300
================================================================================
SM 1612 930 476 0 3.14 M 297.5 M 93
================================================================================
AV 59.7 34.4 11.0 FASTST M M 3 MAX(MPH)
MISC ----> 35 280 45 160
================================================================================
NOTES:
# LAST OF SEVERAL OCCURRENCES
COLUMN 17 PEAK WIND IN M.P.H.
PRELIMINARY LOCAL CLIMATOLOGICAL DATA (WS FORM: F-6) , PAGE 2
STATION: ST. JOSEPH MO
MONTH: MARCH
YEAR: 2024
LATITUDE: 39 46 N
LONGITUDE: 94 55 W
[TEMPERATURE DATA] [PRECIPITATION DATA] SYMBOLS USED IN COLUMN 16
AVERAGE MONTHLY: 47.1 TOTAL FOR MONTH: 3.14 1 = FOG OR MIST
DPTR FM NORMAL: 4.6 DPTR FM NORMAL: 1.43 2 = FOG REDUCING VISIBILITY
HIGHEST: 82 ON 3 GRTST 24HR 2.15 ON 13-14 TO 1/4 MILE OR LESS
LOWEST: 22 ON 27,18 3 = THUNDER
SNOW, ICE PELLETS, HAIL 4 = ICE PELLETS
TOTAL MONTH: M 5 = HAIL
GRTST 24HR M ON M 6 = FREEZING RAIN OR DRIZZLE
GRTST DEPTH: M ON M 7 = DUSTSTORM OR SANDSTORM:
VSBY 1/2 MILE OR LESS
8 = SMOKE OR HAZE
[NO. OF DAYS WITH] [WEATHER - DAYS WITH] 9 = BLOWING SNOW
X = TORNADO
MAX 32 OR BELOW: 0 0.01 INCH OR MORE: 7
MAX 90 OR ABOVE: 0 0.10 INCH OR MORE: 4
MIN 32 OR BELOW: 10 0.50 INCH OR MORE: 3
MIN 0 OR BELOW: 0 1.00 INCH OR MORE: 1
[HDD (BASE 65) ]
TOTAL THIS MO. 476 CLEAR (SCALE 0-3) 16
DPTR FM NORMAL -133 PTCLDY (SCALE 4-7) 7
TOTAL FM JUL 1 4075 CLOUDY (SCALE 8-10) 4
DPTR FM NORMAL -771
[CDD (BASE 65) ]
TOTAL THIS MO. 0
DPTR FM NORMAL 0 [PRESSURE DATA]
TOTAL FM JAN 1 0 HIGHEST SLP M ON M
DPTR FM NORMAL 0 LOWEST SLP 29.28 ON 25
[REMARKS]